CRAN Package Check Results for Package bold

Last updated on 2019-02-20 13:46:19 CET.

Flavor Version Tinstall Tcheck Ttotal Status Flags
r-devel-linux-x86_64-debian-clang 0.8.6 3.24 36.89 40.13 OK
r-devel-linux-x86_64-debian-gcc 0.8.6 2.40 29.48 31.88 OK
r-devel-linux-x86_64-fedora-clang 0.8.6 48.23 OK
r-devel-linux-x86_64-fedora-gcc 0.8.6 46.28 OK
r-devel-windows-ix86+x86_64 0.8.6 8.00 75.00 83.00 OK
r-patched-linux-x86_64 0.8.6 OK
r-patched-solaris-x86 0.8.6 82.00 OK
r-release-linux-x86_64 0.8.6 OK
r-release-windows-ix86+x86_64 0.8.6 4.00 72.00 76.00 OK
r-release-osx-x86_64 0.8.6 NOTE
r-oldrel-windows-ix86+x86_64 0.8.6 6.00 52.00 58.00 OK
r-oldrel-osx-x86_64 0.8.6 NOTE

Check Details

Version: 0.8.6
Check: package dependencies
Result: NOTE
    Package suggested but not available for checking: ‘sangerseqR’
Flavors: r-release-osx-x86_64, r-oldrel-osx-x86_64