CRAN Package Check Results for Package bold

Last updated on 2018-02-22 12:48:51 CET.

Flavor Version Tinstall Tcheck Ttotal Status Flags
r-devel-linux-x86_64-debian-clang 0.5.0 2.08 28.82 30.90 OK
r-devel-linux-x86_64-debian-gcc 0.5.0 1.28 26.26 27.54 OK
r-devel-linux-x86_64-fedora-clang 0.5.0 37.66 NOTE
r-devel-linux-x86_64-fedora-gcc 0.5.0 36.03 NOTE
r-devel-windows-ix86+x86_64 0.5.0 6.00 46.00 52.00 OK
r-patched-linux-x86_64 0.5.0 1.72 32.16 33.88 OK
r-patched-solaris-x86 0.5.0 59.20 OK
r-release-linux-x86_64 0.5.0 1.49 31.78 33.27 OK
r-release-windows-ix86+x86_64 0.5.0 6.00 63.00 69.00 OK
r-release-osx-x86_64 0.5.0 NOTE
r-oldrel-windows-ix86+x86_64 0.5.0 3.00 41.00 44.00 OK
r-oldrel-osx-x86_64 0.5.0 OK

Check Details

Version: 0.5.0
Check: package dependencies
Result: NOTE
    Package suggested but not available for checking: ‘sangerseqR’
Flavors: r-devel-linux-x86_64-fedora-clang, r-devel-linux-x86_64-fedora-gcc, r-release-osx-x86_64