CRAN Package Check Results for Package bold

Last updated on 2018-08-21 21:50:56 CEST.

Flavor Version Tinstall Tcheck Ttotal Status Flags
r-devel-linux-x86_64-debian-clang 0.5.0 2.17 36.87 39.04 OK
r-devel-linux-x86_64-debian-gcc 0.5.0 1.89 29.62 31.51 OK
r-devel-linux-x86_64-fedora-clang 0.5.0 47.15 OK
r-devel-linux-x86_64-fedora-gcc 0.5.0 44.47 OK
r-devel-windows-ix86+x86_64 0.5.0 6.00 50.00 56.00 OK
r-patched-linux-x86_64 0.5.0 2.09 32.57 34.66 OK
r-patched-solaris-x86 0.5.0 73.00 OK
r-release-linux-x86_64 0.5.0 2.11 32.33 34.44 OK
r-release-windows-ix86+x86_64 0.5.0 6.00 48.00 54.00 OK
r-release-osx-x86_64 0.5.0 NOTE
r-oldrel-windows-ix86+x86_64 0.5.0 4.00 52.00 56.00 OK
r-oldrel-osx-x86_64 0.5.0 NOTE

Check Details

Version: 0.5.0
Check: package dependencies
Result: NOTE
    Package suggested but not available for checking: ‘sangerseqR’
Flavors: r-release-osx-x86_64, r-oldrel-osx-x86_64