CRAN Package Check Results for Package bold

Last updated on 2018-05-23 04:48:20 CEST.

Flavor Version Tinstall Tcheck Ttotal Status Flags
r-devel-linux-x86_64-debian-clang 0.5.0 1.97 35.64 37.61 OK
r-devel-linux-x86_64-debian-gcc 0.5.0 1.68 28.29 29.97 OK
r-devel-linux-x86_64-fedora-clang 0.5.0 46.08 OK
r-devel-linux-x86_64-fedora-gcc 0.5.0 43.37 OK
r-devel-windows-ix86+x86_64 0.5.0 3.00 72.00 75.00 OK
r-patched-linux-x86_64 0.5.0 2.13 32.58 34.71 OK
r-patched-solaris-x86 0.5.0 70.70 OK
r-release-linux-x86_64 0.5.0 1.85 32.43 34.28 OK
r-release-windows-ix86+x86_64 0.5.0 5.00 43.00 48.00 OK
r-release-osx-x86_64 0.5.0 NOTE
r-oldrel-windows-ix86+x86_64 0.5.0 7.00 62.00 69.00 OK
r-oldrel-osx-x86_64 0.5.0 NOTE

Check Details

Version: 0.5.0
Check: package dependencies
Result: NOTE
    Package suggested but not available for checking: ‘sangerseqR’
Flavors: r-release-osx-x86_64, r-oldrel-osx-x86_64