CRAN Package Check Results for Package bold

Last updated on 2018-11-20 19:47:36 CET.

Flavor Version Tinstall Tcheck Ttotal Status Flags
r-devel-linux-x86_64-debian-clang 0.8.0 2.21 35.45 37.66 OK
r-devel-linux-x86_64-debian-gcc 0.8.0 1.80 28.90 30.70 OK
r-devel-linux-x86_64-fedora-clang 0.8.0 44.98 OK
r-devel-linux-x86_64-fedora-gcc 0.8.0 42.73 OK
r-devel-windows-ix86+x86_64 0.8.0 8.00 46.00 54.00 OK
r-patched-linux-x86_64 0.8.0 1.78 33.26 35.04 OK
r-patched-solaris-x86 0.8.0 73.50 OK
r-release-linux-x86_64 0.8.0 2.00 33.78 35.78 OK
r-release-windows-ix86+x86_64 0.8.0 5.00 68.00 73.00 OK
r-release-osx-x86_64 0.8.0 NOTE
r-oldrel-windows-ix86+x86_64 0.8.0 8.00 57.00 65.00 OK
r-oldrel-osx-x86_64 0.8.0 NOTE

Check Details

Version: 0.8.0
Check: package dependencies
Result: NOTE
    Package suggested but not available for checking: ‘sangerseqR’
Flavors: r-release-osx-x86_64, r-oldrel-osx-x86_64