CRAN Package Check Results for Package bomrang

Last updated on 2018-05-27 06:46:35 CEST.

Flavor Version Tinstall Tcheck Ttotal Status Flags
r-devel-linux-x86_64-debian-clang 0.2.0 2.93 39.44 42.37 OK
r-devel-linux-x86_64-debian-gcc 0.2.0 2.18 30.71 32.89 OK
r-devel-linux-x86_64-fedora-clang 0.2.0 49.35 NOTE
r-devel-linux-x86_64-fedora-gcc 0.2.0 49.94 NOTE
r-devel-windows-ix86+x86_64 0.2.0 5.00 52.00 57.00 OK
r-patched-linux-x86_64 0.2.0 2.63 36.19 38.82 OK
r-patched-solaris-x86 0.2.0 65.50 NOTE
r-release-linux-x86_64 0.2.0 2.61 35.43 38.04 OK
r-release-windows-ix86+x86_64 0.2.0 8.00 72.00 80.00 OK
r-release-osx-x86_64 0.2.0 NOTE
r-oldrel-windows-ix86+x86_64 0.1.4 4.00 55.00 59.00 OK
r-oldrel-osx-x86_64 0.1.4 OK

Check Details

Version: 0.2.0
Check: dependencies in R code
Result: NOTE
    Namespace in Imports field not imported from: ‘rappdirs’
     All declared Imports should be used.
Flavors: r-devel-linux-x86_64-fedora-clang, r-devel-linux-x86_64-fedora-gcc, r-patched-solaris-x86, r-release-osx-x86_64