CRAN Package Check Results for Package bookdown

Last updated on 2021-09-19 11:49:43 CEST.

Flavor Version Tinstall Tcheck Ttotal Status Flags
r-devel-linux-x86_64-debian-clang 0.24 6.75 58.88 65.63 OK
r-devel-linux-x86_64-debian-gcc 0.24 4.91 44.71 49.62 OK
r-devel-linux-x86_64-fedora-clang 0.24 85.57 OK
r-devel-linux-x86_64-fedora-gcc 0.24 77.28 OK
r-devel-windows-x86_64 0.24 7.00 82.00 89.00 OK
r-devel-windows-x86_64-gcc10-UCRT 0.24 ERROR
r-patched-linux-x86_64 0.24 8.62 56.09 64.71 OK
r-patched-solaris-x86 0.24 83.00 OK
r-release-linux-x86_64 0.24 6.66 56.42 63.08 OK
r-release-macos-arm64 0.24 OK
r-release-macos-x86_64 0.24 OK
r-release-windows-ix86+x86_64 0.24 13.00 68.00 81.00 OK
r-oldrel-macos-x86_64 0.24 OK
r-oldrel-windows-ix86+x86_64 0.24 11.00 86.00 97.00 OK

Check Details

Version: 0.24
Check: whether package can be installed
Result: WARN
    Found the following significant warnings:
     WARNING: installation-time patches will not be applied, could not get the patches index
Flavor: r-devel-windows-x86_64-gcc10-UCRT

Version: 0.24
Check: PDF version of manual
Result: WARN
    LaTeX errors when creating PDF version.
    This typically indicates Rd problems.
Flavor: r-devel-windows-x86_64-gcc10-UCRT

Version: 0.24
Check: PDF version of manual without hyperrefs or index
Result: ERROR
    Re-running with no redirection of stdout/stderr.
Flavor: r-devel-windows-x86_64-gcc10-UCRT