Last updated on 2021-04-20 01:46:59 CEST.
Flavor | Version | Tinstall | Tcheck | Ttotal | Status | Flags |
---|---|---|---|---|---|---|
r-devel-linux-x86_64-debian-clang | 0.21 | 4.92 | 36.82 | 41.74 | NOTE | |
r-devel-linux-x86_64-debian-gcc | 0.21 | 4.50 | 28.97 | 33.47 | NOTE | |
r-devel-linux-x86_64-fedora-clang | 0.21 | 62.74 | NOTE | |||
r-devel-linux-x86_64-fedora-gcc | 0.21 | 51.15 | NOTE | |||
r-devel-windows-ix86+x86_64 | 0.21 | 10.00 | 43.00 | 53.00 | NOTE | |
r-devel-windows-x86_64-gcc10-UCRT | 0.21 | NOTE | ||||
r-patched-linux-x86_64 | 0.21 | 6.18 | 35.05 | 41.23 | OK | |
r-patched-solaris-x86 | 0.21 | 72.30 | OK | |||
r-release-linux-x86_64 | 0.21 | 5.58 | 34.77 | 40.35 | OK | |
r-release-macos-x86_64 | 0.21 | OK | ||||
r-release-windows-ix86+x86_64 | 0.21 | 11.00 | 43.00 | 54.00 | OK | |
r-oldrel-macos-x86_64 | 0.21 | OK | ||||
r-oldrel-windows-ix86+x86_64 | 0.21 | 6.00 | 38.00 | 44.00 | OK |
Version: 0.21
Check: LazyData
Result: NOTE
'LazyData' is specified without a 'data' directory
Flavors: r-devel-linux-x86_64-debian-clang, r-devel-linux-x86_64-debian-gcc, r-devel-linux-x86_64-fedora-clang, r-devel-linux-x86_64-fedora-gcc, r-devel-windows-ix86+x86_64, r-devel-windows-x86_64-gcc10-UCRT