CRAN Package Check Results for Package bookdownplus

Last updated on 2021-05-06 23:49:25 CEST.

Flavor Version Tinstall Tcheck Ttotal Status Flags
r-devel-linux-x86_64-debian-clang 1.5.8 3.18 31.75 34.93 OK
r-devel-linux-x86_64-debian-gcc 1.5.8 2.55 24.99 27.54 OK
r-devel-linux-x86_64-fedora-clang 1.5.8 56.77 OK
r-devel-linux-x86_64-fedora-gcc 1.5.8 41.78 OK
r-devel-windows-ix86+x86_64 1.5.8 6.00 53.00 59.00 OK
r-devel-windows-x86_64-gcc10-UCRT 1.5.8 ERROR
r-patched-linux-x86_64 1.5.8 3.24 30.70 33.94 OK
r-patched-solaris-x86 1.5.8 71.70 OK
r-release-linux-x86_64 1.5.8 3.30 30.30 33.60 OK
r-release-macos-x86_64 1.5.8 OK
r-release-windows-ix86+x86_64 1.5.8 7.00 41.00 48.00 OK
r-oldrel-macos-x86_64 1.5.8 OK
r-oldrel-windows-ix86+x86_64 1.5.8 7.00 0.00 7.00 ERROR

Check Details

Version: 1.5.8
Check: package dependencies
Result: ERROR
    Package required but not available: 'magick'
    
    See section 'The DESCRIPTION file' in the 'Writing R Extensions'
    manual.
Flavor: r-devel-windows-x86_64-gcc10-UCRT

Version: 1.5.8
Check: whether package can be installed
Result: ERROR
    Installation failed.
Flavor: r-oldrel-windows-ix86+x86_64