CRAN Package Check Results for Package bookdownplus

Last updated on 2018-08-19 11:47:44 CEST.

Flavor Version Tinstall Tcheck Ttotal Status Flags
r-devel-linux-x86_64-debian-clang 1.3.2 1.71 18.80 20.51 OK
r-devel-linux-x86_64-debian-gcc 1.3.2 1.32 15.18 16.50 OK
r-devel-linux-x86_64-fedora-clang 1.3.2 23.82 NOTE
r-devel-linux-x86_64-fedora-gcc 1.3.2 22.18 NOTE
r-devel-windows-ix86+x86_64 1.3.2 6.00 39.00 45.00 OK
r-patched-linux-x86_64 1.3.2 1.59 17.35 18.94 OK
r-patched-solaris-x86 1.3.2 35.60 NOTE
r-release-linux-x86_64 1.3.2 1.32 17.30 18.62 OK
r-release-windows-ix86+x86_64 1.3.2 6.00 37.00 43.00 OK
r-release-osx-x86_64 1.3.2 NOTE
r-oldrel-windows-ix86+x86_64 1.3.2 5.00 34.00 39.00 OK
r-oldrel-osx-x86_64 1.3.2 NOTE

Check Details

Version: 1.3.2
Check: dependencies in R code
Result: NOTE
    Namespaces in Imports field not imported from:
     ‘knitr’ ‘yaml’
     All declared Imports should be used.
Flavors: r-devel-linux-x86_64-fedora-clang, r-devel-linux-x86_64-fedora-gcc, r-patched-solaris-x86, r-release-osx-x86_64, r-oldrel-osx-x86_64