CRAN Package Check Results for Package bookdownplus

Last updated on 2018-05-24 18:47:01 CEST.

Flavor Version Tinstall Tcheck Ttotal Status Flags
r-devel-linux-x86_64-debian-clang 1.3.2 1.69 16.49 18.18 OK
r-devel-linux-x86_64-debian-gcc 1.3.2 1.24 14.46 15.70 OK
r-devel-linux-x86_64-fedora-clang 1.3.2 22.82 NOTE
r-devel-linux-x86_64-fedora-gcc 1.3.2 22.58 NOTE
r-devel-windows-ix86+x86_64 1.3.2 4.00 39.00 43.00 OK
r-patched-linux-x86_64 1.3.2 1.70 17.00 18.70 OK
r-patched-solaris-x86 1.3.2 35.30 NOTE
r-release-linux-x86_64 1.3.2 1.21 16.91 18.12 OK
r-release-windows-ix86+x86_64 1.3.2 6.00 39.00 45.00 OK
r-release-osx-x86_64 1.3.2 NOTE
r-oldrel-windows-ix86+x86_64 1.3.2 9.00 26.00 35.00 OK
r-oldrel-osx-x86_64 1.3.2 NOTE

Check Details

Version: 1.3.2
Check: dependencies in R code
Result: NOTE
    Namespaces in Imports field not imported from:
     ‘knitr’ ‘yaml’
     All declared Imports should be used.
Flavors: r-devel-linux-x86_64-fedora-clang, r-devel-linux-x86_64-fedora-gcc, r-patched-solaris-x86, r-release-osx-x86_64, r-oldrel-osx-x86_64