CRAN Package Check Results for Package boostr

Last updated on 2018-05-23 15:47:27 CEST.

Flavor Version Tinstall Tcheck Ttotal Status Flags
r-devel-linux-x86_64-debian-clang 1.0.0 2.14 27.71 29.85 NOTE
r-devel-linux-x86_64-debian-gcc 1.0.0 1.59 22.07 23.66 NOTE
r-devel-linux-x86_64-fedora-clang 1.0.0 36.11 NOTE
r-devel-linux-x86_64-fedora-gcc 1.0.0 34.27 NOTE
r-devel-windows-ix86+x86_64 1.0.0 7.00 55.00 62.00 NOTE
r-patched-linux-x86_64 1.0.0 1.83 26.53 28.36 NOTE
r-patched-solaris-x86 1.0.0 52.20 NOTE
r-release-linux-x86_64 1.0.0 1.36 26.35 27.71 NOTE
r-release-windows-ix86+x86_64 1.0.0 6.00 55.00 61.00 NOTE
r-release-osx-x86_64 1.0.0 NOTE
r-oldrel-windows-ix86+x86_64 1.0.0 5.00 55.00 60.00 NOTE
r-oldrel-osx-x86_64 1.0.0 NOTE

Check Details

Version: 1.0.0
Check: DESCRIPTION meta-information
Result: NOTE
    Malformed Title field: should not end in a period.
Flavors: r-devel-linux-x86_64-debian-clang, r-devel-linux-x86_64-debian-gcc, r-devel-linux-x86_64-fedora-clang, r-devel-linux-x86_64-fedora-gcc, r-devel-windows-ix86+x86_64, r-patched-linux-x86_64, r-patched-solaris-x86, r-release-linux-x86_64, r-release-windows-ix86+x86_64, r-release-osx-x86_64, r-oldrel-windows-ix86+x86_64, r-oldrel-osx-x86_64

Version: 1.0.0
Check: R code for possible problems
Result: NOTE
    boostBackend: no visible global function definition for ‘model.frame’
    findFormulaIn: no visible global function definition for ‘as.formula’
    kFoldCV: no visible binding for global variable ‘par’
    predictResponseFromWeightedAverage: no visible global function
     definition for ‘weighted.mean’
    print.boostr: no visible global function definition for ‘str’
    Undefined global functions or variables:
     as.formula model.frame par str weighted.mean
    Consider adding
     importFrom("graphics", "par")
     importFrom("stats", "as.formula", "model.frame", "weighted.mean")
     importFrom("utils", "str")
    to your NAMESPACE file.
Flavors: r-devel-linux-x86_64-debian-clang, r-devel-linux-x86_64-debian-gcc, r-devel-linux-x86_64-fedora-clang, r-devel-linux-x86_64-fedora-gcc, r-devel-windows-ix86+x86_64, r-patched-linux-x86_64, r-patched-solaris-x86, r-release-linux-x86_64, r-release-windows-ix86+x86_64, r-release-osx-x86_64, r-oldrel-windows-ix86+x86_64, r-oldrel-osx-x86_64