CRAN Package Check Results for Package boot

Last updated on 2018-12-17 15:48:57 CET.

Flavor Version Tinstall Tcheck Ttotal Status Flags
r-devel-linux-x86_64-debian-clang 1.3-20 6.07 49.46 55.53 ERROR
r-devel-linux-x86_64-debian-gcc 1.3-20 5.57 31.23 36.80 ERROR
r-devel-linux-x86_64-fedora-clang 1.3-20 105.15 OK
r-devel-linux-x86_64-fedora-gcc 1.3-20 101.44 OK
r-devel-windows-ix86+x86_64 1.3-20 19.00 118.00 137.00 OK
r-patched-linux-x86_64 1.3-20 5.64 27.73 33.37 ERROR
r-patched-solaris-x86 1.3-20 OK
r-release-linux-x86_64 1.3-20 4.63 82.77 87.40 OK
r-release-windows-ix86+x86_64 1.3-20 12.00 88.00 100.00 OK
r-release-osx-x86_64 1.3-20 OK
r-oldrel-windows-ix86+x86_64 1.3-20 13.00 121.00 134.00 OK
r-oldrel-osx-x86_64 1.3-20 OK

Check Details

Version: 1.3-20
Check: examples
Result: ERROR
    Running examples in ‘boot-Ex.R’ failed
    The error most likely occurred in:
    
    > base::assign(".ptime", proc.time(), pos = "CheckExEnv")
    > ### Name: censboot
    > ### Title: Bootstrap for Censored Data
    > ### Aliases: censboot cens.return
    > ### Keywords: survival
    >
    > ### ** Examples
    >
    > library(survival)
    Error: package or namespace load failed for ‘survival’ in dyn.load(file, DLLpath = DLLpath, ...):
     unable to load shared object '/home/hornik/tmp/R.check/r-devel-clang/Work/build/Packages/lattice/libs/lattice.so':
     /home/hornik/tmp/R.check/r-devel-clang/Work/build/Packages/lattice/libs/lattice.so: failed to map segment from shared object
    Execution halted
Flavor: r-devel-linux-x86_64-debian-clang

Version: 1.3-20
Check: examples
Result: ERROR
    Running examples in ‘boot-Ex.R’ failed
    The error most likely occurred in:
    
    > base::assign(".ptime", proc.time(), pos = "CheckExEnv")
    > ### Name: censboot
    > ### Title: Bootstrap for Censored Data
    > ### Aliases: censboot cens.return
    > ### Keywords: survival
    >
    > ### ** Examples
    >
    > library(survival)
    Error: package or namespace load failed for ‘survival’ in dyn.load(file, DLLpath = DLLpath, ...):
     unable to load shared object '/home/hornik/tmp/R.check/r-devel-gcc/Work/build/Packages/lattice/libs/lattice.so':
     /home/hornik/tmp/R.check/r-devel-gcc/Work/build/Packages/lattice/libs/lattice.so: failed to map segment from shared object
    Execution halted
Flavor: r-devel-linux-x86_64-debian-gcc

Version: 1.3-20
Check: examples
Result: ERROR
    Running examples in ‘boot-Ex.R’ failed
    The error most likely occurred in:
    
    > base::assign(".ptime", proc.time(), pos = "CheckExEnv")
    > ### Name: censboot
    > ### Title: Bootstrap for Censored Data
    > ### Aliases: censboot cens.return
    > ### Keywords: survival
    >
    > ### ** Examples
    >
    > library(survival)
    Error: package or namespace load failed for ‘survival’ in dyn.load(file, DLLpath = DLLpath, ...):
     unable to load shared object '/home/hornik/tmp/R.check/r-patched-gcc/Work/build/Packages/lattice/libs/lattice.so':
     /home/hornik/tmp/R.check/r-patched-gcc/Work/build/Packages/lattice/libs/lattice.so: failed to map segment from shared object
    Execution halted
Flavor: r-patched-linux-x86_64