Last updated on 2023-09-25 14:00:55 CEST.
Flavor | Version | Tinstall | Tcheck | Ttotal | Status | Flags |
---|---|---|---|---|---|---|
r-devel-linux-x86_64-debian-clang | 0.1.0 | 15.76 | 42.23 | 57.99 | OK | |
r-devel-linux-x86_64-debian-gcc | 0.1.0 | 9.69 | 32.92 | 42.61 | OK | |
r-devel-linux-x86_64-fedora-clang | 0.1.0 | 70.55 | NOTE | |||
r-devel-linux-x86_64-fedora-gcc | 0.1.0 | 84.43 | NOTE | |||
r-devel-windows-x86_64 | 0.1.0 | 9.00 | 58.00 | 67.00 | OK | |
r-patched-linux-x86_64 | 0.1.0 | 11.19 | 41.95 | 53.14 | OK | |
r-release-linux-x86_64 | 0.1.0 | 11.73 | 42.48 | 54.21 | OK | |
r-release-macos-arm64 | 0.1.0 | 34.00 | OK | |||
r-release-macos-x86_64 | 0.1.0 | 52.00 | OK | |||
r-release-windows-x86_64 | 0.1.0 | 11.00 | 60.00 | 71.00 | OK | |
r-oldrel-macos-arm64 | 0.1.0 | 27.00 | OK | |||
r-oldrel-macos-x86_64 | 0.1.0 | 34.00 | NOTE | |||
r-oldrel-windows-x86_64 | 0.1.0 | 16.00 | 62.00 | 78.00 | OK |
Version: 0.1.0
Check: dependencies in R code
Result: NOTE
Namespace in Imports field not imported from: ‘R6’
All declared Imports should be used.
Flavors: r-devel-linux-x86_64-fedora-clang, r-devel-linux-x86_64-fedora-gcc, r-oldrel-macos-x86_64