CRAN Package Check Results for Package bootSVD

Last updated on 2024-04-20 21:55:57 CEST.

Flavor Version Tinstall Tcheck Ttotal Status Flags
r-devel-linux-x86_64-debian-clang 1.1 3.27 36.54 39.81 NOTE
r-devel-linux-x86_64-debian-gcc 1.1 2.45 29.33 31.78 NOTE
r-devel-linux-x86_64-fedora-clang 1.1 50.46 NOTE
r-devel-linux-x86_64-fedora-gcc 1.1 49.54 NOTE
r-prerel-macos-arm64 1.1 20.00 NOTE
r-prerel-windows-x86_64 1.1 4.00 52.00 56.00 NOTE
r-patched-linux-x86_64 1.1 4.30 37.13 41.43 NOTE
r-release-linux-x86_64 1.1 3.26 35.95 39.21 OK
r-release-macos-arm64 1.1 28.00 OK
r-release-macos-x86_64 1.1 76.00 OK
r-release-windows-x86_64 1.1 4.00 58.00 62.00 OK
r-oldrel-macos-arm64 1.1 47.00 OK
r-oldrel-windows-x86_64 1.1 4.00 58.00 62.00 OK

Check Details

Version: 1.1
Check: Rd files
Result: NOTE checkRd: (-1) bootSVD.Rd:13: Lost braces; missing escapes or markup? 13 | \item{Y}{initial data sample, which can be either a matrix or a \code{\link{ff}} matrix. \code{Y} can be either tall (\eqn{p} by \eqn{n}) or wide (\eqn{n} by \eqn{p}). If \code{Y} is entered and \code{V}, \code{d} and \code{U} (see definitions below) are not entered, then \code{bootSVD} will also compute the SVD of \code{Y}. In this case where the SVD is computed, \code{bootSVD} will assume that the larger dimension of \code{Y} is \eqn{p}, and the smaller dimension of code {Y} is \eqn{n} (i.e. \code{bootSVD} assumes that (\eqn{p>n}). This assumption can be overriden by manually entering \code{V}, \code{U} and \code{d}.\cr | ^ Flavors: r-devel-linux-x86_64-debian-clang, r-devel-linux-x86_64-debian-gcc, r-devel-linux-x86_64-fedora-clang, r-devel-linux-x86_64-fedora-gcc, r-prerel-macos-arm64, r-prerel-windows-x86_64, r-patched-linux-x86_64