CRAN Package Check Results for Package bootStepAIC

Last updated on 2020-02-27 17:50:50 CET.

Flavor Version Tinstall Tcheck Ttotal Status Flags
r-devel-linux-x86_64-debian-clang 1.2-0 2.21 32.57 34.78 NOTE
r-devel-linux-x86_64-debian-gcc 1.2-0 1.76 25.42 27.18 NOTE
r-devel-linux-x86_64-fedora-clang 1.2-0 41.90 NOTE
r-devel-linux-x86_64-fedora-gcc 1.2-0 40.72 NOTE
r-devel-windows-ix86+x86_64 1.2-0 5.00 42.00 47.00 NOTE
r-devel-windows-ix86+x86_64-gcc8 1.2-0 5.00 42.00 47.00 NOTE
r-patched-linux-x86_64 1.2-0 1.73 30.18 31.91 NOTE
r-patched-solaris-x86 1.2-0 61.30 NOTE
r-release-linux-x86_64 1.2-0 1.75 30.25 32.00 NOTE
r-release-windows-ix86+x86_64 1.2-0 5.00 42.00 47.00 NOTE
r-release-osx-x86_64 1.2-0 NOTE
r-oldrel-windows-ix86+x86_64 1.2-0 3.00 56.00 59.00 NOTE
r-oldrel-osx-x86_64 1.2-0 NOTE

Check Details

Version: 1.2-0
Check: R code for possible problems
Result: NOTE
    boot.stepAIC: no visible global function definition for 'update'
    boot.stepAIC: no visible binding for global variable 'coef'
    boot.stepAIC : <anonymous>: no visible global function definition for
     'anova'
    boot.stepAIC: no visible global function definition for 'pnorm'
    Undefined global functions or variables:
     anova coef pnorm update
    Consider adding
     importFrom("stats", "anova", "coef", "pnorm", "update")
    to your NAMESPACE file.
Flavors: r-devel-linux-x86_64-debian-clang, r-devel-linux-x86_64-debian-gcc, r-devel-linux-x86_64-fedora-clang, r-devel-linux-x86_64-fedora-gcc, r-devel-windows-ix86+x86_64, r-devel-windows-ix86+x86_64-gcc8, r-patched-linux-x86_64, r-patched-solaris-x86, r-release-linux-x86_64, r-release-windows-ix86+x86_64, r-release-osx-x86_64, r-oldrel-windows-ix86+x86_64, r-oldrel-osx-x86_64