CRAN Package Check Results for Package bootUR

Last updated on 2024-02-21 16:51:17 CET.

Flavor Version Tinstall Tcheck Ttotal Status Flags
r-devel-linux-x86_64-debian-clang 1.0.3 NOTE
r-devel-linux-x86_64-debian-gcc 1.0.3 45.46 77.88 123.34 NOTE
r-devel-linux-x86_64-fedora-clang 1.0.3 225.72 NOTE
r-devel-linux-x86_64-fedora-gcc 1.0.3 240.83 NOTE
r-devel-windows-x86_64 1.0.3 45.00 152.00 197.00 NOTE
r-patched-linux-x86_64 1.0.3 57.31 101.19 158.50 NOTE
r-release-linux-x86_64 1.0.3 49.38 103.79 153.17 NOTE
r-release-macos-arm64 1.0.3 67.00 NOTE
r-release-macos-x86_64 1.0.3 162.00 NOTE
r-release-windows-x86_64 1.0.3 56.00 172.00 228.00 NOTE
r-oldrel-macos-arm64 1.0.3 78.00 NOTE
r-oldrel-windows-x86_64 1.0.3 53.00 170.00 223.00 NOTE

Check Details

Version: 1.0.3
Check: for GNU extensions in Makefiles
Result: NOTE GNU make is a SystemRequirements. Flavors: r-devel-linux-x86_64-debian-clang, r-devel-linux-x86_64-debian-gcc, r-devel-linux-x86_64-fedora-clang, r-devel-linux-x86_64-fedora-gcc, r-devel-windows-x86_64, r-patched-linux-x86_64, r-release-linux-x86_64, r-release-macos-arm64, r-release-macos-x86_64, r-release-windows-x86_64, r-oldrel-macos-arm64, r-oldrel-windows-x86_64

Version: 1.0.3
Check: installed package size
Result: NOTE installed size is 5.1Mb sub-directories of 1Mb or more: libs 4.7Mb Flavors: r-release-macos-arm64, r-release-macos-x86_64, r-oldrel-macos-arm64