CRAN Package Check Results for Package bootnet

Last updated on 2018-08-21 20:46:20 CEST.

Flavor Version Tinstall Tcheck Ttotal Status Flags
r-devel-linux-x86_64-debian-clang 1.1.0 14.85 145.95 160.80 OK
r-devel-linux-x86_64-debian-gcc 1.1.0 12.27 114.51 126.78 OK
r-devel-linux-x86_64-fedora-clang 1.1.0 190.52 NOTE
r-devel-linux-x86_64-fedora-gcc 1.1.0 185.21 NOTE
r-devel-windows-ix86+x86_64 1.1.0 37.00 148.00 185.00 OK
r-patched-linux-x86_64 1.1.0 11.11 125.25 136.36 OK
r-patched-solaris-x86 1.1.0 245.70 NOTE
r-release-linux-x86_64 1.1.0 12.21 126.33 138.54 OK
r-release-windows-ix86+x86_64 1.1.0 39.00 196.00 235.00 OK
r-release-osx-x86_64 1.1.0 WARN
r-oldrel-windows-ix86+x86_64 1.1.0 20.00 162.00 182.00 OK
r-oldrel-osx-x86_64 1.1.0 NOTE

Check Details

Version: 1.1.0
Check: dependencies in R code
Result: NOTE
    Namespace in Imports field not imported from: ‘psych’
     All declared Imports should be used.
Flavors: r-devel-linux-x86_64-fedora-clang, r-devel-linux-x86_64-fedora-gcc, r-patched-solaris-x86, r-release-osx-x86_64, r-oldrel-osx-x86_64

Version: 1.1.0
Check: whether package can be installed
Result: WARN
    Found the following significant warnings:
     Warning: package ‘dplyr’ was built under R version 3.5.1
Flavor: r-release-osx-x86_64