CRAN Package Check Results for Package bootnet

Last updated on 2018-11-20 19:47:36 CET.

Flavor Version Tinstall Tcheck Ttotal Status Flags
r-devel-linux-x86_64-debian-clang 1.1.0 13.64 132.41 146.05 OK
r-devel-linux-x86_64-debian-gcc 1.1.0 10.63 103.52 114.15 OK
r-devel-linux-x86_64-fedora-clang 1.1.0 161.19 NOTE
r-devel-linux-x86_64-fedora-gcc 1.1.0 161.05 NOTE
r-devel-windows-ix86+x86_64 1.1.0 31.00 223.00 254.00 OK
r-patched-linux-x86_64 1.1.0 11.09 125.14 136.23 OK
r-patched-solaris-x86 1.1.0 253.00 NOTE
r-release-linux-x86_64 1.1.0 10.09 127.16 137.25 OK
r-release-windows-ix86+x86_64 1.1.0 23.00 207.00 230.00 OK
r-release-osx-x86_64 1.1.0 WARN
r-oldrel-windows-ix86+x86_64 1.1.0 20.00 140.00 160.00 OK
r-oldrel-osx-x86_64 1.1.0 NOTE

Check Details

Version: 1.1.0
Check: dependencies in R code
Result: NOTE
    Namespace in Imports field not imported from: ‘psych’
     All declared Imports should be used.
Flavors: r-devel-linux-x86_64-fedora-clang, r-devel-linux-x86_64-fedora-gcc, r-patched-solaris-x86, r-release-osx-x86_64, r-oldrel-osx-x86_64

Version: 1.1.0
Check: whether package can be installed
Result: WARN
    Found the following significant warnings:
     Warning: package ‘dplyr’ was built under R version 3.5.1
Flavor: r-release-osx-x86_64