CRAN Package Check Results for Package bootnet

Last updated on 2019-02-16 19:47:17 CET.

Flavor Version Tinstall Tcheck Ttotal Status Flags
r-devel-linux-x86_64-debian-clang 1.2 9.68 143.70 153.38 OK
r-devel-linux-x86_64-debian-gcc 1.2 8.21 110.22 118.43 OK
r-devel-linux-x86_64-fedora-clang 1.2 197.02 NOTE
r-devel-linux-x86_64-fedora-gcc 1.2 180.29 NOTE
r-devel-windows-ix86+x86_64 1.2 30.00 223.00 253.00 OK
r-patched-linux-x86_64 1.2 9.26 134.78 144.04 OK
r-patched-solaris-x86 1.2 270.70 NOTE
r-release-linux-x86_64 1.2 OK
r-release-windows-ix86+x86_64 1.2 22.00 144.00 166.00 OK
r-release-osx-x86_64 1.2 NOTE
r-oldrel-windows-ix86+x86_64 1.2 31.00 254.00 285.00 OK
r-oldrel-osx-x86_64 1.2 NOTE

Check Details

Version: 1.2
Check: dependencies in R code
Result: NOTE
    Namespace in Imports field not imported from: ‘psych’
     All declared Imports should be used.
Flavors: r-devel-linux-x86_64-fedora-clang, r-devel-linux-x86_64-fedora-gcc, r-patched-solaris-x86, r-release-osx-x86_64, r-oldrel-osx-x86_64