CRAN Package Check Results for Package boral

Last updated on 2019-09-18 14:47:43 CEST.

Flavor Version Tinstall Tcheck Ttotal Status Flags
r-devel-linux-x86_64-debian-clang 1.7 10.16 49.65 59.81 NOTE
r-devel-linux-x86_64-debian-gcc 1.7 7.40 38.89 46.29 NOTE
r-devel-linux-x86_64-fedora-clang 1.7 69.94 NOTE
r-devel-linux-x86_64-fedora-gcc 1.7 68.67 NOTE
r-devel-windows-ix86+x86_64 1.7 19.00 65.00 84.00 OK
r-patched-linux-x86_64 1.7 7.26 50.38 57.64 OK
r-patched-solaris-x86 1.7 108.10 OK
r-release-linux-x86_64 1.7 7.78 50.15 57.93 OK
r-release-windows-ix86+x86_64 1.7 12.00 63.00 75.00 OK
r-release-osx-x86_64 1.7 OK
r-oldrel-windows-ix86+x86_64 1.7 10.00 59.00 69.00 OK
r-oldrel-osx-x86_64 1.7 OK

Check Details

Version: 1.7
Check: for non-standard things in the check directory
Result: NOTE
    Found the following files/directories:
     'jagsboralmodel.txt' 'myawesomeordmodel.txt'
     'myawesomeordnullmodel.txt'
Flavors: r-devel-linux-x86_64-debian-clang, r-devel-linux-x86_64-debian-gcc, r-devel-linux-x86_64-fedora-clang, r-devel-linux-x86_64-fedora-gcc