CRAN Package Check Results for Package boral

Last updated on 2020-02-20 21:47:22 CET.

Flavor Version Tinstall Tcheck Ttotal Status Flags
r-devel-linux-x86_64-debian-clang 1.8 10.43 63.40 73.83 OK
r-devel-linux-x86_64-debian-gcc 1.8 8.31 49.64 57.95 OK
r-devel-linux-x86_64-fedora-clang 1.8 91.51 OK
r-devel-linux-x86_64-fedora-gcc 1.8 86.87 OK
r-devel-windows-ix86+x86_64 1.8 17.00 74.00 91.00 OK
r-devel-windows-ix86+x86_64-gcc8 1.8 5.00 9.00 14.00 ERROR
r-patched-linux-x86_64 1.8 8.44 56.63 65.07 OK
r-patched-solaris-x86 1.8 131.10 OK
r-release-linux-x86_64 1.8 7.77 56.10 63.87 OK
r-release-windows-ix86+x86_64 1.8 12.00 75.00 87.00 OK
r-release-osx-x86_64 1.8 OK
r-oldrel-windows-ix86+x86_64 1.8 10.00 69.00 79.00 OK
r-oldrel-osx-x86_64 1.8 OK

Check Details

Version: 1.8
Check: whether package can be installed
Result: ERROR
    Installation failed.
Flavor: r-devel-windows-ix86+x86_64-gcc8