CRAN Package Check Results for Package bossMaps

Last updated on 2018-10-19 11:48:01 CEST.

Flavor Version Tinstall Tcheck Ttotal Status Flags
r-devel-linux-x86_64-debian-clang 0.1.0 8.14 238.86 247.00 OK
r-devel-linux-x86_64-debian-gcc 0.1.0 6.52 179.30 185.82 OK
r-devel-linux-x86_64-fedora-clang 0.1.0 261.96 NOTE
r-devel-linux-x86_64-fedora-gcc 0.1.0 304.55 NOTE
r-devel-windows-ix86+x86_64 0.1.0 18.00 347.00 365.00 OK
r-patched-linux-x86_64 0.1.0 5.73 230.65 236.38 OK
r-patched-solaris-x86 0.1.0 445.30 NOTE
r-release-linux-x86_64 0.1.0 5.45 231.62 237.07 OK
r-release-windows-ix86+x86_64 0.1.0 14.00 331.00 345.00 OK
r-release-osx-x86_64 0.1.0 NOTE
r-oldrel-windows-ix86+x86_64 0.1.0 12.00 339.00 351.00 OK
r-oldrel-osx-x86_64 0.1.0 NOTE

Check Details

Version: 0.1.0
Check: dependencies in R code
Result: NOTE
    Namespaces in Imports field not imported from:
     ‘rgdal’ ‘tidyr’
     All declared Imports should be used.
Flavors: r-devel-linux-x86_64-fedora-clang, r-devel-linux-x86_64-fedora-gcc, r-patched-solaris-x86, r-release-osx-x86_64, r-oldrel-osx-x86_64