CRAN Package Check Results for Package bossMaps

Last updated on 2018-08-15 18:47:48 CEST.

Flavor Version Tinstall Tcheck Ttotal Status Flags
r-devel-linux-x86_64-debian-clang 0.1.0 6.80 224.70 231.50 OK
r-devel-linux-x86_64-debian-gcc 0.1.0 5.79 170.06 175.85 OK
r-devel-linux-x86_64-fedora-clang 0.1.0 276.26 NOTE
r-devel-linux-x86_64-fedora-gcc 0.1.0 286.25 NOTE
r-devel-windows-ix86+x86_64 0.1.0 13.00 269.00 282.00 OK
r-patched-linux-x86_64 0.1.0 4.38 220.03 224.41 OK
r-patched-solaris-x86 0.1.0 431.10 NOTE
r-release-linux-x86_64 0.1.0 5.25 221.72 226.97 OK
r-release-windows-ix86+x86_64 0.1.0 12.00 271.00 283.00 OK
r-release-osx-x86_64 0.1.0 NOTE
r-oldrel-windows-ix86+x86_64 0.1.0 12.00 336.00 348.00 OK
r-oldrel-osx-x86_64 0.1.0 NOTE

Check Details

Version: 0.1.0
Check: dependencies in R code
Result: NOTE
    Namespaces in Imports field not imported from:
     ‘rgdal’ ‘tidyr’
     All declared Imports should be used.
Flavors: r-devel-linux-x86_64-fedora-clang, r-devel-linux-x86_64-fedora-gcc, r-patched-solaris-x86, r-release-osx-x86_64, r-oldrel-osx-x86_64