CRAN Package Check Results for Package bossMaps

Last updated on 2018-05-25 20:46:30 CEST.

Flavor Version Tinstall Tcheck Ttotal Status Flags
r-devel-linux-x86_64-debian-clang 0.1.0 6.66 213.18 219.84 OK
r-devel-linux-x86_64-debian-gcc 0.1.0 5.12 152.69 157.81 OK
r-devel-linux-x86_64-fedora-clang 0.1.0 265.90 NOTE
r-devel-linux-x86_64-fedora-gcc 0.1.0 309.75 NOTE
r-devel-windows-ix86+x86_64 0.1.0 10.00 248.00 258.00 OK
r-patched-linux-x86_64 0.1.0 5.62 208.03 213.65 OK
r-patched-solaris-x86 0.1.0 414.60 NOTE
r-release-linux-x86_64 0.1.0 4.83 207.63 212.46 OK
r-release-windows-ix86+x86_64 0.1.0 15.00 307.00 322.00 OK
r-release-osx-x86_64 0.1.0 NOTE
r-oldrel-windows-ix86+x86_64 0.1.0 18.00 249.00 267.00 OK
r-oldrel-osx-x86_64 0.1.0 NOTE

Check Details

Version: 0.1.0
Check: dependencies in R code
Result: NOTE
    Namespaces in Imports field not imported from:
     ‘rgdal’ ‘tidyr’
     All declared Imports should be used.
Flavors: r-devel-linux-x86_64-fedora-clang, r-devel-linux-x86_64-fedora-gcc, r-patched-solaris-x86, r-release-osx-x86_64, r-oldrel-osx-x86_64