CRAN Package Check Results for Package boxcoxmix

Last updated on 2021-05-06 21:49:23 CEST.

Flavor Version Tinstall Tcheck Ttotal Status Flags
r-devel-linux-x86_64-debian-clang 0.28 6.75 107.11 113.86 NOTE
r-devel-linux-x86_64-debian-gcc 0.28 5.55 77.06 82.61 NOTE
r-devel-linux-x86_64-fedora-clang 0.28 142.31 NOTE
r-devel-linux-x86_64-fedora-gcc 0.28 132.44 NOTE
r-devel-windows-ix86+x86_64 0.28 20.00 133.00 153.00 NOTE
r-devel-windows-x86_64-gcc10-UCRT 0.28 NOTE
r-patched-linux-x86_64 0.28 13.40 100.45 113.85 NOTE
r-patched-solaris-x86 0.28 172.20 OK
r-release-linux-x86_64 0.28 5.00 99.67 104.67 OK
r-release-macos-x86_64 0.28 OK
r-release-windows-ix86+x86_64 0.28 14.00 103.00 117.00 OK
r-oldrel-macos-x86_64 0.28 OK
r-oldrel-windows-ix86+x86_64 0.28 13.00 123.00 136.00 OK

Check Details

Version: 0.28
Check: LazyData
Result: NOTE
     'LazyData' is specified without a 'data' directory
Flavors: r-devel-linux-x86_64-debian-clang, r-devel-linux-x86_64-debian-gcc, r-devel-linux-x86_64-fedora-clang, r-devel-linux-x86_64-fedora-gcc, r-devel-windows-ix86+x86_64, r-devel-windows-x86_64-gcc10-UCRT, r-patched-linux-x86_64