CRAN Package Check Results for Package boxoffice

Last updated on 2018-11-18 21:47:15 CET.

Flavor Version Tinstall Tcheck Ttotal Status Flags
r-devel-linux-x86_64-debian-clang 1.1.0 1.00 31.23 32.23 OK
r-devel-linux-x86_64-debian-gcc 1.1.0 0.67 24.56 25.23 OK
r-devel-linux-x86_64-fedora-clang 1.1.0 36.78 OK
r-devel-linux-x86_64-fedora-gcc 1.1.0 35.60 OK
r-devel-windows-ix86+x86_64 1.1.0 3.00 63.00 66.00 OK
r-patched-linux-x86_64 1.1.0 0.88 28.92 29.80 ERROR
r-patched-solaris-x86 1.1.0 52.10 OK
r-release-linux-x86_64 1.1.0 0.95 29.04 29.99 OK
r-release-windows-ix86+x86_64 1.1.0 5.00 81.00 86.00 OK
r-release-osx-x86_64 1.1.0 OK
r-oldrel-windows-ix86+x86_64 1.1.0 3.00 67.00 70.00 OK
r-oldrel-osx-x86_64 1.1.0 OK

Check Details

Version: 1.1.0
Check: tests
Result: ERROR
     Running ‘testthat.R’ [8s/29s]
    Running the tests in ‘tests/testthat.R’ failed.
    Complete output:
     > library(testthat)
     > library(boxoffice)
     >
     > test_check("boxoffice")
     ── 1. Error: returns warning (@test-errors-silent.R#21) ───────────────────────
     is.response(x) is not TRUE
     1: expect_message(boxoffice(dates = christmas, site = "mojo", top_n = 10)) at testthat/test-errors-silent.R:21
     2: quasi_capture(enquo(object), capture_messages, label = label)
     3: capture(act$val <- eval_bare(get_expr(quo), get_env(quo)))
     4: withCallingHandlers(code, message = function(condition) {
     out$push(condition)
     invokeRestart("muffleMessage")
     })
     5: eval_bare(get_expr(quo), get_env(quo))
     6: boxoffice(dates = christmas, site = "mojo", top_n = 10)
     7: httr::content(page, "parsed", encoding = "UTF-8")
     8: stopifnot(is.response(x))
    
     ══ testthat results ═══════════════════════════════════════════════════════════
     OK: 83 SKIPPED: 0 FAILED: 1
     1. Error: returns warning (@test-errors-silent.R#21)
    
     Error: testthat unit tests failed
     Execution halted
Flavor: r-patched-linux-x86_64