Last updated on 2022-06-25 00:50:41 CEST.
Flavor | Version | Tinstall | Tcheck | Ttotal | Status | Flags |
---|---|---|---|---|---|---|
r-devel-linux-x86_64-debian-clang | 2.1.0 | 13.98 | 132.28 | 146.26 | NOTE | |
r-devel-linux-x86_64-debian-gcc | 2.1.0 | 11.36 | 94.38 | 105.74 | NOTE | |
r-devel-linux-x86_64-fedora-clang | 2.1.0 | 175.27 | NOTE | |||
r-devel-linux-x86_64-fedora-gcc | 2.1.0 | 178.48 | NOTE | |||
r-devel-windows-x86_64 | 2.1.0 | 32.00 | 155.00 | 187.00 | NOTE | |
r-patched-linux-x86_64 | 2.1.0 | 17.21 | 124.03 | 141.24 | OK | |
r-release-linux-x86_64 | 2.1.0 | 11.06 | 121.05 | 132.11 | OK | |
r-release-macos-arm64 | 2.1.0 | 50.00 | OK | |||
r-release-macos-x86_64 | 2.1.0 | 77.00 | OK | |||
r-release-windows-x86_64 | 2.1.0 | 32.00 | 156.00 | 188.00 | OK | |
r-oldrel-macos-arm64 | 2.1.0 | 47.00 | OK | |||
r-oldrel-macos-x86_64 | 2.1.0 | 71.00 | OK | |||
r-oldrel-windows-ix86+x86_64 | 2.1.0 | 26.00 | 149.00 | 175.00 | OK |
Version: 2.1.0
Check: Rd files
Result: NOTE
checkRd: (-1) bp_rats.Rd:41: Escaped LaTeX specials: \&
Flavors: r-devel-linux-x86_64-debian-clang, r-devel-linux-x86_64-debian-gcc, r-devel-linux-x86_64-fedora-clang, r-devel-linux-x86_64-fedora-gcc, r-devel-windows-x86_64