CRAN Package Check Results for Package bpnreg

Last updated on 2019-04-20 13:52:06 CEST.

Flavor Version Tinstall Tcheck Ttotal Status Flags
r-devel-linux-x86_64-debian-clang 1.0.0 41.71 76.35 118.06 NOTE
r-devel-linux-x86_64-debian-gcc 1.0.0 35.74 60.65 96.39 NOTE
r-devel-linux-x86_64-fedora-clang 1.0.0 149.28 NOTE
r-devel-linux-x86_64-fedora-gcc 1.0.0 142.59 NOTE
r-devel-windows-ix86+x86_64 1.0.0 106.00 150.00 256.00 OK
r-patched-linux-x86_64 1.0.0 39.03 77.21 116.24 NOTE
r-patched-solaris-x86 1.0.0 156.30 OK
r-release-linux-x86_64 1.0.0 38.80 75.11 113.91 OK
r-release-windows-ix86+x86_64 1.0.0 71.00 178.00 249.00 OK
r-release-osx-x86_64 1.0.0 OK
r-oldrel-windows-ix86+x86_64 1.0.0 97.00 177.00 274.00 OK
r-oldrel-osx-x86_64 1.0.0 OK

Check Details

Version: 1.0.0
Check: use of SHLIB_OPENMP_*FLAGS in Makefiles
Result: NOTE
     src/Makevars: SHLIB_OPENMP_CXXFLAGS is included in PKG_CXXFLAGS but not in PKG_LIBS
     src/Makevars: SHLIB_OPENMP_CFLAGS is included in PKG_LIBS but linking is by C++
     src/Makevars.win: SHLIB_OPENMP_CXXFLAGS is included in PKG_CXXFLAGS but not in PKG_LIBS
     src/Makevars.win: SHLIB_OPENMP_CFLAGS is included in PKG_LIBS but linking is by C++
    Use of these macros is discussed in sect 1.2.1.1 of 'Writing R
    Extensions'. The macros for different languages may differ so the
    matching macro must be used in PKG_CXXFLAGS (etc) and match that used
    in PKG_LIBS (except for Fortran: see the manual).
Flavors: r-devel-linux-x86_64-debian-clang, r-devel-linux-x86_64-debian-gcc, r-devel-linux-x86_64-fedora-clang, r-devel-linux-x86_64-fedora-gcc, r-patched-linux-x86_64