CRAN Package Check Results for Package brainGraph

Last updated on 2018-05-26 16:47:32 CEST.

Flavor Version Tinstall Tcheck Ttotal Status Flags
r-devel-linux-x86_64-debian-clang 2.0.2 18.98 155.95 174.93 OK
r-devel-linux-x86_64-debian-gcc 2.0.2 14.86 120.92 135.78 OK
r-devel-linux-x86_64-fedora-clang 2.0.2 214.96 OK
r-devel-linux-x86_64-fedora-gcc 2.0.2 217.67 OK
r-devel-windows-ix86+x86_64 2.0.2 30.00 152.00 182.00 OK
r-patched-linux-x86_64 2.0.2 17.27 131.64 148.91 OK
r-patched-solaris-x86 2.0.2 266.20 OK
r-release-linux-x86_64 2.0.2 17.10 133.45 150.55 OK
r-release-windows-ix86+x86_64 2.0.2 42.00 195.00 237.00 OK
r-release-osx-x86_64 2.0.2 ERROR
r-oldrel-windows-ix86+x86_64 2.0.2 35.00 138.00 173.00 OK
r-oldrel-osx-x86_64 2.0.2 ERROR

Check Details

Version: 2.0.2
Check: package dependencies
Result: ERROR
    Packages required but not available: ‘RGtk2’ ‘cairoDevice’
    
    See section ‘The DESCRIPTION file’ in the ‘Writing R Extensions’
    manual.
Flavors: r-release-osx-x86_64, r-oldrel-osx-x86_64