CRAN Package Check Results for Package brainGraph

Last updated on 2019-02-16 12:02:15 CET.

Flavor Version Tinstall Tcheck Ttotal Status Flags
r-devel-linux-x86_64-debian-clang 2.2.0 15.88 141.06 156.94 OK
r-devel-linux-x86_64-debian-gcc 2.2.0 14.57 106.27 120.84 OK
r-devel-linux-x86_64-fedora-clang 2.2.0 192.05 OK
r-devel-linux-x86_64-fedora-gcc 2.2.0 173.31 OK
r-devel-windows-ix86+x86_64 2.2.0 37.00 198.00 235.00 OK
r-patched-linux-x86_64 2.2.0 16.15 131.57 147.72 OK
r-patched-solaris-x86 2.2.0 243.20 OK
r-release-linux-x86_64 2.2.0 17.34 130.54 147.88 OK
r-release-windows-ix86+x86_64 2.2.0 26.00 157.00 183.00 OK
r-release-osx-x86_64 2.2.0 NOTE
r-oldrel-windows-ix86+x86_64 2.2.0 38.00 220.00 258.00 OK
r-oldrel-osx-x86_64 2.2.0 NOTE

Check Details

Version: 2.2.0
Check: package dependencies
Result: NOTE
    Packages suggested but not available for checking: ‘RGtk2’ ‘cairoDevice’
Flavors: r-release-osx-x86_64, r-oldrel-osx-x86_64