Last updated on 2022-06-26 11:17:11 CEST.
Flavor | Version | Tinstall | Tcheck | Ttotal | Status | Flags |
---|---|---|---|---|---|---|
r-devel-linux-x86_64-debian-clang | 3.0.0 | 29.72 | 146.04 | 175.76 | NOTE | |
r-devel-linux-x86_64-debian-gcc | 3.0.0 | 23.97 | 106.78 | 130.75 | NOTE | |
r-devel-linux-x86_64-fedora-clang | 3.0.0 | 218.06 | NOTE | |||
r-devel-linux-x86_64-fedora-gcc | 3.0.0 | 219.52 | NOTE | |||
r-devel-windows-x86_64 | 3.0.0 | 102.00 | 176.00 | 278.00 | OK | |
r-patched-linux-x86_64 | 3.0.0 | 30.52 | 134.97 | 165.49 | NOTE | |
r-release-linux-x86_64 | 3.0.0 | 21.58 | 137.14 | 158.72 | NOTE | |
r-release-macos-arm64 | 3.0.0 | 59.00 | NOTE | |||
r-release-macos-x86_64 | 3.0.0 | 78.00 | NOTE | |||
r-release-windows-x86_64 | 3.0.0 | 148.00 | 176.00 | 324.00 | OK | |
r-oldrel-macos-arm64 | 3.0.0 | 66.00 | NOTE | |||
r-oldrel-macos-x86_64 | 3.0.0 | 100.00 | OK | |||
r-oldrel-windows-ix86+x86_64 | 3.0.0 | 50.00 | 159.00 | 209.00 | OK |
Version: 3.0.0
Check: package dependencies
Result: NOTE
Packages suggested but not available for checking: 'RGtk2', 'cairoDevice'
Flavors: r-devel-linux-x86_64-debian-clang, r-devel-linux-x86_64-debian-gcc, r-devel-linux-x86_64-fedora-clang, r-devel-linux-x86_64-fedora-gcc, r-patched-linux-x86_64, r-release-linux-x86_64, r-release-macos-arm64, r-release-macos-x86_64, r-oldrel-macos-arm64