CRAN Package Check Results for Package brainGraph

Last updated on 2018-02-17 19:46:16 CET.

Flavor Version Tinstall Tcheck Ttotal Status Flags
r-devel-linux-x86_64-debian-clang 2.0.0 18.92 135.83 154.75 OK
r-devel-linux-x86_64-debian-gcc 2.0.0 15.55 104.02 119.57 OK
r-devel-linux-x86_64-fedora-clang 2.0.0 183.27 OK
r-devel-linux-x86_64-fedora-gcc 2.0.0 179.21 OK
r-devel-windows-ix86+x86_64 2.0.0 25.00 135.00 160.00 OK
r-patched-linux-x86_64 2.0.0 10.18 140.87 151.05 OK
r-patched-solaris-x86 2.0.0 253.90 OK
r-release-linux-x86_64 2.0.0 11.16 140.02 151.18 OK
r-release-windows-ix86+x86_64 2.0.0 35.00 188.00 223.00 OK
r-release-osx-x86_64 2.0.0 ERROR
r-oldrel-windows-ix86+x86_64 2.0.0 21.00 189.00 210.00 OK
r-oldrel-osx-x86_64 1.0.0 OK

Check Details

Version: 2.0.0
Check: package dependencies
Result: ERROR
    Packages required but not available: ‘RGtk2’ ‘cairoDevice’
    
    See section ‘The DESCRIPTION file’ in the ‘Writing R Extensions’
    manual.
Flavor: r-release-osx-x86_64