CRAN Package Check Results for Package brainR

Last updated on 2019-09-17 23:47:09 CEST.

Flavor Version Tinstall Tcheck Ttotal Status Flags
r-devel-linux-x86_64-debian-clang 1.5.1 6.45 42.96 49.41 NOTE
r-devel-linux-x86_64-debian-gcc 1.5.1 5.11 34.19 39.30 NOTE
r-devel-linux-x86_64-fedora-clang 1.5.1 59.01 NOTE
r-devel-linux-x86_64-fedora-gcc 1.5.1 58.02 NOTE
r-devel-windows-ix86+x86_64 1.5.1 23.00 58.00 81.00 OK
r-patched-linux-x86_64 1.5.1 5.74 43.29 49.03 OK
r-patched-solaris-x86 1.5.1 89.80 OK
r-release-linux-x86_64 1.5.1 5.32 42.73 48.05 OK
r-release-windows-ix86+x86_64 1.5.1 11.00 58.00 69.00 OK
r-release-osx-x86_64 1.5.1 WARN
r-oldrel-windows-ix86+x86_64 1.5.1 14.00 55.00 69.00 OK
r-oldrel-osx-x86_64 1.5.1 OK

Check Details

Version: 1.5.1
Check: for non-standard things in the check directory
Result: NOTE
    Found the following files/directories:
     'MNI152_T1_8mm_brain.stl' 'Visit_1_8mm.stl' 'Visit_1_8mm_1.stl'
     'Visit_2_8mm.stl' 'Visit_2_8mm_1.stl' 'Visit_3_8mm.stl'
     'Visit_3_8mm_1.stl' 'Visit_4_8mm.stl' 'Visit_4_8mm_1.stl'
     'Visit_5_8mm.stl' 'Visit_5_8mm_1.stl' 'brain.stl' 'index_4D_stl.html'
     'xtk_edge.js' 'xtk_xdat.gui.js'
Flavors: r-devel-linux-x86_64-debian-clang, r-devel-linux-x86_64-debian-gcc, r-devel-linux-x86_64-fedora-clang, r-devel-linux-x86_64-fedora-gcc

Version: 1.5.1
Check: whether package can be installed
Result: WARN
    Found the following significant warnings:
     Warning: 'rgl_init' failed, running with rgl.useNULL = TRUE
Flavor: r-release-osx-x86_64