CRAN Package Check Results for Package brazilmaps

Last updated on 2019-01-24 06:47:01 CET.

Flavor Version Tinstall Tcheck Ttotal Status Flags
r-devel-linux-x86_64-debian-clang 0.1.0 1.26 28.59 29.85 OK
r-devel-linux-x86_64-debian-gcc 0.1.0 0.85 22.98 23.83 OK
r-devel-linux-x86_64-fedora-clang 0.1.0 35.12 NOTE
r-devel-linux-x86_64-fedora-gcc 0.1.0 32.75 NOTE
r-devel-windows-ix86+x86_64 0.1.0 6.00 62.00 68.00 OK
r-patched-linux-x86_64 0.1.0 1.40 26.34 27.74 OK
r-patched-solaris-x86 0.1.0 51.30 NOTE
r-release-linux-x86_64 0.1.0 1.31 26.56 27.87 OK
r-release-windows-ix86+x86_64 0.1.0 3.00 56.00 59.00 OK
r-release-osx-x86_64 0.1.0 NOTE
r-oldrel-windows-ix86+x86_64 0.1.0 5.00 43.00 48.00 OK
r-oldrel-osx-x86_64 0.1.0 NOTE

Check Details

Version: 0.1.0
Check: dependencies in R code
Result: NOTE
    Namespace in Imports field not imported from: ‘sp’
     All declared Imports should be used.
Flavors: r-devel-linux-x86_64-fedora-clang, r-devel-linux-x86_64-fedora-gcc, r-patched-solaris-x86, r-release-osx-x86_64, r-oldrel-osx-x86_64