CRAN Package Check Results for Package brazilmaps

Last updated on 2018-08-18 12:49:57 CEST.

Flavor Version Tinstall Tcheck Ttotal Status Flags
r-devel-linux-x86_64-debian-clang 0.1.0 1.39 28.61 30.00 OK
r-devel-linux-x86_64-debian-gcc 0.1.0 1.09 23.26 24.35 OK
r-devel-linux-x86_64-fedora-clang 0.1.0 35.62 NOTE
r-devel-linux-x86_64-fedora-gcc 0.1.0 33.23 NOTE
r-devel-windows-ix86+x86_64 0.1.0 5.00 43.00 48.00 OK
r-patched-linux-x86_64 0.1.0 1.31 26.74 28.05 OK
r-patched-solaris-x86 0.1.0 50.10 NOTE
r-release-linux-x86_64 0.1.0 1.42 26.30 27.72 OK
r-release-windows-ix86+x86_64 0.1.0 5.00 56.00 61.00 OK
r-release-osx-x86_64 0.1.0 NOTE
r-oldrel-windows-ix86+x86_64 0.1.0 3.00 41.00 44.00 OK
r-oldrel-osx-x86_64 0.1.0 NOTE

Check Details

Version: 0.1.0
Check: dependencies in R code
Result: NOTE
    Namespace in Imports field not imported from: ‘sp’
     All declared Imports should be used.
Flavors: r-devel-linux-x86_64-fedora-clang, r-devel-linux-x86_64-fedora-gcc, r-patched-solaris-x86, r-release-osx-x86_64, r-oldrel-osx-x86_64