CRAN Package Check Results for Package brazilmaps

Last updated on 2018-10-19 08:48:47 CEST.

Flavor Version Tinstall Tcheck Ttotal Status Flags
r-devel-linux-x86_64-debian-clang 0.1.0 1.14 28.50 29.64 OK
r-devel-linux-x86_64-debian-gcc 0.1.0 0.97 23.33 24.30 OK
r-devel-linux-x86_64-fedora-clang 0.1.0 35.32 NOTE
r-devel-linux-x86_64-fedora-gcc 0.1.0 33.34 NOTE
r-devel-windows-ix86+x86_64 0.1.0 4.00 58.00 62.00 OK
r-patched-linux-x86_64 0.1.0 1.29 26.31 27.60 OK
r-patched-solaris-x86 0.1.0 48.90 NOTE
r-release-linux-x86_64 0.1.0 1.30 26.30 27.60 OK
r-release-windows-ix86+x86_64 0.1.0 4.00 54.00 58.00 OK
r-release-osx-x86_64 0.1.0 NOTE
r-oldrel-windows-ix86+x86_64 0.1.0 3.00 52.00 55.00 OK
r-oldrel-osx-x86_64 0.1.0 NOTE

Check Details

Version: 0.1.0
Check: dependencies in R code
Result: NOTE
    Namespace in Imports field not imported from: ‘sp’
     All declared Imports should be used.
Flavors: r-devel-linux-x86_64-fedora-clang, r-devel-linux-x86_64-fedora-gcc, r-patched-solaris-x86, r-release-osx-x86_64, r-oldrel-osx-x86_64