CRAN Package Check Results for Package brazilmaps

Last updated on 2018-02-23 04:48:08 CET.

Flavor Version Tinstall Tcheck Ttotal Status Flags
r-devel-linux-x86_64-debian-clang 0.1.0 1.26 23.83 25.09 OK
r-devel-linux-x86_64-debian-gcc 0.1.0 0.73 21.10 21.83 OK
r-devel-linux-x86_64-fedora-clang 0.1.0 32.25 NOTE
r-devel-linux-x86_64-fedora-gcc 0.1.0 30.29 NOTE
r-devel-windows-ix86+x86_64 0.1.0 5.00 36.00 41.00 OK
r-patched-linux-x86_64 0.1.0 1.25 28.97 30.22 OK
r-patched-solaris-x86 0.1.0 46.00 NOTE
r-release-linux-x86_64 0.1.0 1.12 28.74 29.86 OK
r-release-windows-ix86+x86_64 0.1.0 6.00 51.00 57.00 OK
r-release-osx-x86_64 0.1.0 NOTE
r-oldrel-windows-ix86+x86_64 0.1.0 3.00 34.00 37.00 OK
r-oldrel-osx-x86_64 0.1.0 NOTE

Check Details

Version: 0.1.0
Check: dependencies in R code
Result: NOTE
    Namespace in Imports field not imported from: ‘sp’
     All declared Imports should be used.
Flavors: r-devel-linux-x86_64-fedora-clang, r-devel-linux-x86_64-fedora-gcc, r-patched-solaris-x86, r-release-osx-x86_64, r-oldrel-osx-x86_64