CRAN Package Check Results for Package brazilmaps

Last updated on 2018-05-27 07:50:35 CEST.

Flavor Version Tinstall Tcheck Ttotal Status Flags
r-devel-linux-x86_64-debian-clang 0.1.0 1.30 27.52 28.82 OK
r-devel-linux-x86_64-debian-gcc 0.1.0 0.96 22.40 23.36 OK
r-devel-linux-x86_64-fedora-clang 0.1.0 34.42 NOTE
r-devel-linux-x86_64-fedora-gcc 0.1.0 35.43 NOTE
r-devel-windows-ix86+x86_64 0.1.0 3.00 43.00 46.00 OK
r-patched-linux-x86_64 0.1.0 1.08 26.27 27.35 OK
r-patched-solaris-x86 0.1.0 48.20 NOTE
r-release-linux-x86_64 0.1.0 1.36 25.69 27.05 OK
r-release-windows-ix86+x86_64 0.1.0 4.00 55.00 59.00 OK
r-release-osx-x86_64 0.1.0 NOTE
r-oldrel-windows-ix86+x86_64 0.1.0 6.00 38.00 44.00 OK
r-oldrel-osx-x86_64 0.1.0 NOTE

Check Details

Version: 0.1.0
Check: dependencies in R code
Result: NOTE
    Namespace in Imports field not imported from: ‘sp’
     All declared Imports should be used.
Flavors: r-devel-linux-x86_64-fedora-clang, r-devel-linux-x86_64-fedora-gcc, r-patched-solaris-x86, r-release-osx-x86_64, r-oldrel-osx-x86_64