CRAN Package Check Results for Package breakDown

Last updated on 2019-01-23 08:48:57 CET.

Flavor Version Tinstall Tcheck Ttotal Status Flags
r-devel-linux-x86_64-debian-clang 0.1.6 2.85 538.17 541.02 OK
r-devel-linux-x86_64-debian-gcc 0.1.6 2.34 434.44 436.78 OK
r-devel-linux-x86_64-fedora-clang 0.1.6 648.23 OK
r-devel-linux-x86_64-fedora-gcc 0.1.6 627.12 OK
r-devel-windows-ix86+x86_64 0.1.6 8.00 589.00 597.00 OK
r-patched-linux-x86_64 0.1.6 2.84 533.86 536.70 OK
r-patched-solaris-x86 0.1.6 2060.90 WARN
r-release-linux-x86_64 0.1.6 2.70 536.07 538.77 OK
r-release-windows-ix86+x86_64 0.1.6 6.00 487.00 493.00 OK
r-release-osx-x86_64 0.1.6 OK
r-oldrel-windows-ix86+x86_64 0.1.6 8.00 589.00 597.00 OK
r-oldrel-osx-x86_64 0.1.6 OK

Check Details

Version: 0.1.6
Check: re-building of vignette outputs
Result: WARN
    Error in re-building vignettes:
     ...
    Warning in engine$weave(file, quiet = quiet, encoding = enc) :
     Pandoc (>= 1.12.3) and/or pandoc-citeproc not available. Falling back to R Markdown v1.
    Loading required package: lattice
    Loading required package: ggplot2
    Warning in engine$weave(file, quiet = quiet, encoding = enc) :
     Pandoc (>= 1.12.3) and/or pandoc-citeproc not available. Falling back to R Markdown v1.
    Warning in engine$weave(file, quiet = quiet, encoding = enc) :
     Pandoc (>= 1.12.3) and/or pandoc-citeproc not available. Falling back to R Markdown v1.
    Warning in engine$weave(file, quiet = quiet, encoding = enc) :
     Pandoc (>= 1.12.3) and/or pandoc-citeproc not available. Falling back to R Markdown v1.
    Warning in engine$weave(file, quiet = quiet, encoding = enc) :
     Pandoc (>= 1.12.3) and/or pandoc-citeproc not available. Falling back to R Markdown v1.
Flavor: r-patched-solaris-x86