CRAN Package Check Results for Package breakDown

Last updated on 2018-05-26 06:47:49 CEST.

Flavor Version Tinstall Tcheck Ttotal Status Flags
r-devel-linux-x86_64-debian-clang 0.1.5 2.19 496.19 498.38 OK
r-devel-linux-x86_64-debian-gcc 0.1.5 2.01 401.41 403.42 OK
r-devel-linux-x86_64-fedora-clang 0.1.5 607.29 OK
r-devel-linux-x86_64-fedora-gcc 0.1.5 633.74 OK
r-devel-windows-ix86+x86_64 0.1.5 6.00 425.00 431.00 OK
r-patched-linux-x86_64 0.1.5 2.36 487.98 490.34 OK
r-patched-solaris-x86 0.1.5 1970.40 WARN
r-release-linux-x86_64 0.1.5 2.20 491.62 493.82 OK
r-release-windows-ix86+x86_64 0.1.5 7.00 503.00 510.00 OK
r-release-osx-x86_64 0.1.5 OK
r-oldrel-windows-ix86+x86_64 0.1.5 10.00 422.00 432.00 OK
r-oldrel-osx-x86_64 0.1.5 OK

Check Details

Version: 0.1.5
Check: package dependencies
Result: NOTE
    Package suggested but not available for checking: ‘xgboost’
Flavor: r-patched-solaris-x86

Version: 0.1.5
Check: re-building of vignette outputs
Result: WARN
    Error in re-building vignettes:
     ...
    Warning in engine$weave(file, quiet = quiet, encoding = enc) :
     Pandoc (>= 1.12.3) and/or pandoc-citeproc not available. Falling back to R Markdown v1.
    Loading required package: lattice
    Loading required package: ggplot2
    Warning in engine$weave(file, quiet = quiet, encoding = enc) :
     Pandoc (>= 1.12.3) and/or pandoc-citeproc not available. Falling back to R Markdown v1.
    Warning in engine$weave(file, quiet = quiet, encoding = enc) :
     Pandoc (>= 1.12.3) and/or pandoc-citeproc not available. Falling back to R Markdown v1.
    Warning in engine$weave(file, quiet = quiet, encoding = enc) :
     Pandoc (>= 1.12.3) and/or pandoc-citeproc not available. Falling back to R Markdown v1.
    Warning in engine$weave(file, quiet = quiet, encoding = enc) :
     Pandoc (>= 1.12.3) and/or pandoc-citeproc not available. Falling back to R Markdown v1.
Flavor: r-patched-solaris-x86