CRAN Package Check Results for Package breakDown

Last updated on 2018-08-15 18:47:48 CEST.

Flavor Version Tinstall Tcheck Ttotal Status Flags
r-devel-linux-x86_64-debian-clang 0.1.6 3.11 562.45 565.56 OK
r-devel-linux-x86_64-debian-gcc 0.1.6 2.21 459.41 461.62 OK
r-devel-linux-x86_64-fedora-clang 0.1.6 672.01 OK
r-devel-linux-x86_64-fedora-gcc 0.1.6 663.56 OK
r-devel-windows-ix86+x86_64 0.1.6 7.00 450.00 457.00 OK
r-patched-linux-x86_64 0.1.6 2.18 559.06 561.24 OK
r-patched-solaris-x86 0.1.6 2143.20 WARN
r-release-linux-x86_64 0.1.6 2.68 556.29 558.97 OK
r-release-windows-ix86+x86_64 0.1.6 6.00 495.00 501.00 OK
r-release-osx-x86_64 0.1.6 OK
r-oldrel-windows-ix86+x86_64 0.1.6 13.00 570.00 583.00 OK
r-oldrel-osx-x86_64 0.1.6 OK

Check Details

Version: 0.1.6
Check: re-building of vignette outputs
Result: WARN
    Error in re-building vignettes:
     ...
    Warning in engine$weave(file, quiet = quiet, encoding = enc) :
     Pandoc (>= 1.12.3) and/or pandoc-citeproc not available. Falling back to R Markdown v1.
    Loading required package: lattice
    Loading required package: ggplot2
    Warning in engine$weave(file, quiet = quiet, encoding = enc) :
     Pandoc (>= 1.12.3) and/or pandoc-citeproc not available. Falling back to R Markdown v1.
    Warning in engine$weave(file, quiet = quiet, encoding = enc) :
     Pandoc (>= 1.12.3) and/or pandoc-citeproc not available. Falling back to R Markdown v1.
    Warning in engine$weave(file, quiet = quiet, encoding = enc) :
     Pandoc (>= 1.12.3) and/or pandoc-citeproc not available. Falling back to R Markdown v1.
    Warning in engine$weave(file, quiet = quiet, encoding = enc) :
     Pandoc (>= 1.12.3) and/or pandoc-citeproc not available. Falling back to R Markdown v1.
Flavor: r-patched-solaris-x86