CRAN Package Check Results for Package breathtestcore

Last updated on 2018-10-19 22:49:31 CEST.

Flavor Version Tinstall Tcheck Ttotal Status Flags
r-devel-linux-x86_64-debian-clang 0.4.5 8.71 157.72 166.43 OK
r-devel-linux-x86_64-debian-gcc 0.4.5 6.69 122.44 129.13 OK
r-devel-linux-x86_64-fedora-clang 0.4.5 154.84 OK
r-devel-linux-x86_64-fedora-gcc 0.4.5 102.32 OK
r-devel-windows-ix86+x86_64 0.4.5 16.00 235.00 251.00 OK
r-patched-linux-x86_64 0.4.5 7.12 136.17 143.29 OK
r-patched-solaris-x86 0.4.5 246.00 NOTE
r-release-linux-x86_64 0.4.5 6.08 137.31 143.39 OK
r-release-windows-ix86+x86_64 0.4.5 17.00 141.00 158.00 OK
r-release-osx-x86_64 0.4.5 OK
r-oldrel-windows-ix86+x86_64 0.4.1 14.00 250.00 264.00 OK
r-oldrel-osx-x86_64 0.4.5 OK

Check Details

Version: 0.4.5
Check: Rd cross-references
Result: NOTE
    Package unavailable to check Rd xrefs: ‘breathteststan’
Flavor: r-patched-solaris-x86