CRAN Package Check Results for Package breathtestcore

Last updated on 2024-02-25 19:49:52 CET.

Flavor Version Tinstall Tcheck Ttotal Status Flags
r-devel-linux-x86_64-debian-clang 0.8.7 13.75 211.46 225.21 OK
r-devel-linux-x86_64-debian-gcc 0.8.7 11.85 163.83 175.68 OK
r-devel-linux-x86_64-fedora-clang 0.8.7 292.85 NOTE
r-devel-linux-x86_64-fedora-gcc 0.8.7 293.08 OK
r-devel-windows-x86_64 0.8.7 13.00 173.00 186.00 OK
r-patched-linux-x86_64 0.8.7 9.59 208.14 217.73 OK
r-release-linux-x86_64 0.8.7 9.00 211.45 220.45 OK
r-release-macos-arm64 0.8.7 90.00 OK
r-release-macos-x86_64 0.8.7 207.00 OK
r-release-windows-x86_64 0.8.7 17.00 219.00 236.00 OK
r-oldrel-macos-arm64 0.8.7 82.00 OK
r-oldrel-windows-x86_64 0.8.7 18.00 230.00 248.00 OK

Check Details

Version: 0.8.7
Check: Rd cross-references
Result: NOTE Undeclared package ‘generics’ in Rd xrefs Flavor: r-devel-linux-x86_64-fedora-clang