CRAN Package Check Results for Package breathtestcore

Last updated on 2018-05-26 07:49:50 CEST.

Flavor Version Tinstall Tcheck Ttotal Status Flags
r-devel-linux-x86_64-debian-clang 0.4.1 8.15 154.67 162.82 OK
r-devel-linux-x86_64-debian-gcc 0.4.1 7.13 120.25 127.38 OK
r-devel-linux-x86_64-fedora-clang 0.4.1 196.93 OK
r-devel-linux-x86_64-fedora-gcc 0.4.1 196.35 OK
r-devel-windows-ix86+x86_64 0.4.1 16.00 156.00 172.00 OK
r-patched-linux-x86_64 0.4.1 6.99 138.08 145.07 OK
r-patched-solaris-x86 0.4.1 242.60 OK
r-release-linux-x86_64 0.4.1 6.19 136.63 142.82 OK
r-release-windows-ix86+x86_64 0.4.1 21.00 208.00 229.00 OK
r-release-osx-x86_64 0.4.1 OK
r-oldrel-windows-ix86+x86_64 0.4.1 19.00 168.00 187.00 OK
r-oldrel-osx-x86_64 0.4.0 NOTE

Check Details

Version: 0.4.0
Check: Rd cross-references
Result: NOTE
    Package unavailable to check Rd xrefs: ‘breathteststan’
Flavor: r-oldrel-osx-x86_64