CRAN Package Check Results for Package breathtestcore

Last updated on 2018-02-19 06:46:27 CET.

Flavor Version Tinstall Tcheck Ttotal Status Flags
r-devel-linux-x86_64-debian-clang 0.4.0 5.48 141.29 146.77 OK
r-devel-linux-x86_64-debian-gcc 0.4.0 6.04 121.78 127.82 OK
r-devel-linux-x86_64-fedora-clang 0.4.0 192.73 OK
r-devel-linux-x86_64-fedora-gcc 0.4.0 191.73 OK
r-devel-windows-ix86+x86_64 0.4.0 13.00 151.00 164.00 ERROR
r-patched-linux-x86_64 0.4.0 5.62 185.41 191.03 OK
r-patched-solaris-x86 0.4.0 283.50 OK
r-release-linux-x86_64 0.4.0 5.44 184.67 190.11 OK
r-release-windows-ix86+x86_64 0.4.0 23.00 255.00 278.00 ERROR
r-release-osx-x86_64 0.4.0 NOTE
r-oldrel-osx-x86_64 0.4.0 ERROR

Additional issues

OpenBLAS

Check Details

Version: 0.4.0
Check: tests
Result: ERROR
     Running 'test-all.R' [46s]
    Running the tests in 'tests/test-all.R' failed.
    Last 13 lines of output:
     > #test_check("breathtestcore", filter = "plot_breathtestfit")
     > test_check("breathtestcore")
     Loading required package: breathtestcore
     -- 1. Failure: read_iris_csv returns with funny identification cleans up (@test_
     iconv(f$study) not equal to "GE-flüssig".
     1/1 mismatches
     x[1]: "GE-flüssig"
     y[1]: "GE-flüssig"
    
     == testthat results ===========================================================
     OK: 351 SKIPPED: 4 FAILED: 1
     1. Failure: read_iris_csv returns with funny identification cleans up (@test_read_iris_csv.R#51)
    
     Error: testthat unit tests failed
     Execution halted
Flavor: r-devel-windows-ix86+x86_64

Version: 0.4.0
Check: tests
Result: ERROR
     Running 'test-all.R' [54s]
    Running the tests in 'tests/test-all.R' failed.
    Last 13 lines of output:
     > #test_check("breathtestcore", filter = "plot_breathtestfit")
     > test_check("breathtestcore")
     Loading required package: breathtestcore
     -- 1. Failure: read_iris_csv returns with funny identification cleans up (@test_
     iconv(f$study) not equal to "GE-flüssig".
     1/1 mismatches
     x[1]: "GE-flüssig"
     y[1]: "GE-flüssig"
    
     == testthat results ===========================================================
     OK: 351 SKIPPED: 4 FAILED: 1
     1. Failure: read_iris_csv returns with funny identification cleans up (@test_read_iris_csv.R#51)
    
     Error: testthat unit tests failed
     Execution halted
Flavor: r-release-windows-ix86+x86_64

Version: 0.4.0
Check: Rd cross-references
Result: NOTE
    Package unavailable to check Rd xrefs: ‘breathteststan’
Flavor: r-release-osx-x86_64

Version: 0.4.0
Check: whether package can be installed
Result: ERROR
    Installation failed.
Flavor: r-oldrel-osx-x86_64