CRAN Package Check Results for Package breathtestcore

Last updated on 2018-08-17 13:46:17 CEST.

Flavor Version Tinstall Tcheck Ttotal Status Flags
r-devel-linux-x86_64-debian-clang 0.4.1 7.50 154.62 162.12 OK
r-devel-linux-x86_64-debian-gcc 0.4.1 6.66 121.16 127.82 OK
r-devel-linux-x86_64-fedora-clang 0.4.1 196.28 OK
r-devel-linux-x86_64-fedora-gcc 0.4.1 192.99 OK
r-devel-windows-ix86+x86_64 0.4.1 26.00 193.00 219.00 ERROR
r-patched-linux-x86_64 0.4.1 6.47 136.49 142.96 OK
r-patched-solaris-x86 0.4.1 246.30 OK
r-release-linux-x86_64 0.4.1 6.07 136.57 142.64 OK
r-release-windows-ix86+x86_64 0.4.1 23.00 228.00 251.00 OK
r-release-osx-x86_64 0.4.1 OK
r-oldrel-windows-ix86+x86_64 0.4.1 21.00 243.00 264.00 OK
r-oldrel-osx-x86_64 0.4.1 OK

Check Details

Version: 0.4.1
Check: examples
Result: ERROR
    Running examples in 'breathtestcore-Ex.R' failed
    The error most likely occurred in:
    
    > ### Name: btcore_file
    > ### Title: Path to example breath test data file
    > ### Aliases: btcore_file
    >
    > ### ** Examples
    >
    > head(btcore_file())
    [1] "350_20023_0_GERWithNan.txt" "350_20043_0_GER.txt"
    [3] "350_20043_0_GERBadHeader.txt" "350_20043_0_GERDuplicateTime.txt"
    [5] "350_20043_0_GERNoData.txt" "350_20043_0_GERNoT50.txt"
    > filename = btcore_file("IrisMulti.TXT")
    > data = read_iris(filename)
    >
    >
    >
    > cleanEx()
    Error: connections left open:
     text[-(1:data_row)] (textConnection)
    Execution halted
Flavor: r-devel-windows-ix86+x86_64