CRAN Package Check Results for Package breathteststan

Last updated on 2018-05-24 18:47:02 CEST.

Flavor Version Tinstall Tcheck Ttotal Status Flags
r-devel-linux-x86_64-debian-clang 0.4.1 126.64 83.43 210.07 OK
r-devel-linux-x86_64-debian-gcc 0.4.1 101.21 71.58 172.79 OK
r-devel-linux-x86_64-fedora-clang 0.4.1 279.62 NOTE
r-devel-linux-x86_64-fedora-gcc 0.4.1 275.56 NOTE
r-devel-windows-ix86+x86_64 0.4.1 207.00 166.00 373.00 OK
r-patched-linux-x86_64 0.4.1 115.21 83.62 198.83 OK
r-patched-solaris-x86 0.4.1 278.30 OK
r-release-linux-x86_64 0.4.1 117.37 82.21 199.58 OK
r-release-windows-ix86+x86_64 0.4.1 260.00 210.00 470.00 OK
r-release-osx-x86_64 0.4.1 ERROR
r-oldrel-windows-ix86+x86_64 0.4.1 266.00 240.00 506.00 OK
r-oldrel-osx-x86_64 0.4.0 NOTE

Check Details

Version: 0.4.1
Check: installed package size
Result: NOTE
     installed size is 29.9Mb
     sub-directories of 1Mb or more:
     libs 29.7Mb
Flavors: r-devel-linux-x86_64-fedora-clang, r-devel-linux-x86_64-fedora-gcc, r-release-osx-x86_64

Version: 0.4.1
Check: tests
Result: ERROR
     Running ‘testthat.R’ [18s/18s]
    Running the tests in ‘tests/testthat.R’ failed.
    Last 13 lines of output:
     2/3 mismatches
     x[2]: "c"
     y[2]: "b"
    
     x[3]: "b"
     y[3]: "c"
    
     [1] "liquid_normal" "solid_normal" "solid_patient"
     [1] "liquid_normal" "solid_normal" "solid_patient"
     ══ testthat results ═══════════════════════════════════════════════════════════
     OK: 27 SKIPPED: 7 FAILED: 1
     1. Failure: Result with default parameters is tbl_df with required columns (@test_coef_by_group.R#26)
    
     Error: testthat unit tests failed
     Execution halted
Flavor: r-release-osx-x86_64

Version: 0.4.0
Check: installed package size
Result: NOTE
     installed size is 29.8Mb
     sub-directories of 1Mb or more:
     libs 29.7Mb
Flavor: r-oldrel-osx-x86_64