CRAN Package Check Results for Package breathteststan

Last updated on 2018-08-20 15:51:31 CEST.

Flavor Version Tinstall Tcheck Ttotal Status Flags
r-devel-linux-x86_64-debian-clang 0.4.3 170.68 97.90 268.58 NOTE
r-devel-linux-x86_64-debian-gcc 0.4.3 177.18 80.01 257.19 NOTE
r-devel-linux-x86_64-fedora-clang 0.4.3 360.55 NOTE
r-devel-linux-x86_64-fedora-gcc 0.4.3 375.40 NOTE
r-devel-windows-ix86+x86_64 0.4.3 420.00 173.00 593.00 NOTE
r-patched-linux-x86_64 0.4.3 200.44 90.22 290.66 NOTE
r-patched-solaris-x86 0.4.3 355.00 NOTE
r-release-linux-x86_64 0.4.3 204.44 88.55 292.99 NOTE
r-release-windows-ix86+x86_64 0.4.3 448.00 224.00 672.00 NOTE
r-release-osx-x86_64 0.4.3 ERROR
r-oldrel-windows-ix86+x86_64 0.4.3 321.00 211.00 532.00 NOTE
r-oldrel-osx-x86_64 0.4.3 ERROR

Check Details

Version: 0.4.3
Check: for GNU extensions in Makefiles
Result: NOTE
    GNU make is a SystemRequirements.
Flavors: r-devel-linux-x86_64-debian-clang, r-devel-linux-x86_64-debian-gcc, r-devel-linux-x86_64-fedora-clang, r-devel-linux-x86_64-fedora-gcc, r-devel-windows-ix86+x86_64, r-patched-linux-x86_64, r-patched-solaris-x86, r-release-linux-x86_64, r-release-windows-ix86+x86_64, r-release-osx-x86_64, r-oldrel-windows-ix86+x86_64, r-oldrel-osx-x86_64

Version: 0.4.3
Check: installed package size
Result: NOTE
     installed size is 37.6Mb
     sub-directories of 1Mb or more:
     libs 37.4Mb
Flavors: r-devel-linux-x86_64-fedora-clang, r-release-osx-x86_64, r-oldrel-osx-x86_64

Version: 0.4.3
Check: tests
Result: ERROR
     Running ‘testthat.R’ [17s/17s]
    Running the tests in ‘tests/testthat.R’ failed.
    Last 13 lines of output:
     ── 1. Failure: Result with default parameters is tbl_df with required columns (@
     unique(cf$diff_group) not identical to c("a", "b", "c").
     2/3 mismatches
     x[2]: "c"
     y[2]: "b"
    
     x[3]: "b"
     y[3]: "c"
    
     ══ testthat results ═══════════════════════════════════════════════════════════
     OK: 28 SKIPPED: 7 FAILED: 1
     1. Failure: Result with default parameters is tbl_df with required columns (@test_coef_by_group.R#26)
    
     Error: testthat unit tests failed
     Execution halted
Flavor: r-release-osx-x86_64

Version: 0.4.3
Check: tests
Result: ERROR
     Running ‘testthat.R’ [20s/20s]
    Running the tests in ‘tests/testthat.R’ failed.
    Last 13 lines of output:
     ── 1. Failure: Result with default parameters is tbl_df with required columns (@
     unique(cf$diff_group) not identical to c("a", "b", "c").
     2/3 mismatches
     x[2]: "c"
     y[2]: "b"
    
     x[3]: "b"
     y[3]: "c"
    
     ══ testthat results ═══════════════════════════════════════════════════════════
     OK: 27 SKIPPED: 7 FAILED: 1
     1. Failure: Result with default parameters is tbl_df with required columns (@test_coef_by_group.R#26)
    
     Error: testthat unit tests failed
     Execution halted
Flavor: r-oldrel-osx-x86_64