CRAN Package Check Results for Package brglm2

Last updated on 2022-10-07 17:51:56 CEST.

Flavor Version Tinstall Tcheck Ttotal Status Flags
r-devel-linux-x86_64-debian-clang 0.8.2 13.48 112.47 125.95 OK
r-devel-linux-x86_64-debian-gcc 0.8.2 10.30 84.55 94.85 NOTE
r-devel-linux-x86_64-fedora-clang 0.8.2 167.80 OK
r-devel-linux-x86_64-fedora-gcc 0.8.2 156.95 OK
r-devel-windows-x86_64 0.8.2 31.00 162.00 193.00 OK
r-patched-linux-x86_64 0.8.2 13.08 106.38 119.46 OK
r-release-linux-x86_64 0.8.2 13.25 104.52 117.77 OK
r-release-macos-arm64 0.8.2 47.00 OK
r-release-macos-x86_64 0.8.2 68.00 OK
r-release-windows-x86_64 0.8.2 32.00 144.00 176.00 OK
r-oldrel-macos-arm64 0.8.2 90.00 OK
r-oldrel-macos-x86_64 0.8.2 68.00 OK
r-oldrel-windows-ix86+x86_64 0.8.2 28.00 166.00 194.00 OK

Check Details

Version: 0.8.2
Check: compilation flags used
Result: NOTE
    Compilation used the following non-portable flag(s):
     ‘-Wstrict-prototypes’
Flavor: r-devel-linux-x86_64-debian-gcc