CRAN Package Check Results for Package bridger

Last updated on 2024-02-26 17:51:11 CET.

Flavor Version Tinstall Tcheck Ttotal Status Flags
r-devel-linux-x86_64-debian-clang 0.1.0 7.01 58.36 65.37 NOTE
r-devel-linux-x86_64-debian-gcc 0.1.0 6.43 42.97 49.40 NOTE
r-devel-linux-x86_64-fedora-clang 0.1.0 80.13 NOTE
r-devel-linux-x86_64-fedora-gcc 0.1.0 74.16 NOTE
r-devel-windows-x86_64 0.1.0 8.00 62.00 70.00 OK
r-patched-linux-x86_64 0.1.0 5.49 53.48 58.97 OK
r-release-linux-x86_64 0.1.0 4.87 55.00 59.87 OK
r-release-macos-arm64 0.1.0 26.00 OK
r-release-macos-x86_64 0.1.0 40.00 OK
r-release-windows-x86_64 0.1.0 11.00 70.00 81.00 OK
r-oldrel-macos-arm64 0.1.0 26.00 NOTE
r-oldrel-windows-x86_64 0.1.0 10.00 74.00 84.00 OK

Check Details

Version: 0.1.0
Check: Rd files
Result: NOTE checkRd: (-1) printHands.Rd:40: Lost braces in \itemize; meant \describe ? checkRd: (-1) printHands.Rd:41: Lost braces in \itemize; meant \describe ? checkRd: (-1) printHands.Rd:42: Lost braces in \itemize; meant \describe ? Flavors: r-devel-linux-x86_64-debian-clang, r-devel-linux-x86_64-debian-gcc

Version: 0.1.0
Check: dependencies in R code
Result: NOTE Namespace in Imports field not imported from: ‘kableExtra’ All declared Imports should be used. Flavors: r-devel-linux-x86_64-fedora-clang, r-devel-linux-x86_64-fedora-gcc, r-oldrel-macos-arm64