CRAN Package Check Results for Package bridger

Last updated on 2022-07-03 06:54:16 CEST.

Flavor Version Tinstall Tcheck Ttotal Status Flags
r-devel-linux-x86_64-debian-clang 0.1.0 8.83 60.15 68.98 OK
r-devel-linux-x86_64-debian-gcc 0.1.0 4.57 45.05 49.62 OK
r-devel-linux-x86_64-fedora-clang 0.1.0 91.41 NOTE
r-devel-linux-x86_64-fedora-gcc 0.1.0 87.97 NOTE
r-devel-windows-x86_64 0.1.0 20.00 82.00 102.00 OK
r-patched-linux-x86_64 0.1.0 4.95 56.47 61.42 OK
r-release-linux-x86_64 0.1.0 4.49 55.82 60.31 OK
r-release-macos-arm64 0.1.0 26.00 NOTE
r-release-macos-x86_64 0.1.0 37.00 NOTE
r-release-windows-x86_64 0.1.0 24.00 81.00 105.00 OK
r-oldrel-macos-arm64 0.1.0 37.00 NOTE
r-oldrel-macos-x86_64 0.1.0 37.00 NOTE
r-oldrel-windows-ix86+x86_64 0.1.0 19.00 79.00 98.00 OK

Check Details

Version: 0.1.0
Check: dependencies in R code
Result: NOTE
    Namespace in Imports field not imported from: ‘kableExtra’
     All declared Imports should be used.
Flavors: r-devel-linux-x86_64-fedora-clang, r-devel-linux-x86_64-fedora-gcc, r-release-macos-arm64, r-release-macos-x86_64, r-oldrel-macos-arm64, r-oldrel-macos-x86_64