CRAN Package Check Results for Package bridger2

Last updated on 2020-02-19 18:47:21 CET.

Flavor Version Tinstall Tcheck Ttotal Status Flags
r-devel-linux-x86_64-debian-clang 0.1.0 9.18 94.22 103.40 OK
r-devel-linux-x86_64-debian-gcc 0.1.0 7.32 68.43 75.75 OK
r-devel-linux-x86_64-fedora-clang 0.1.0 119.08 OK
r-devel-linux-x86_64-fedora-gcc 0.1.0 114.83 OK
r-devel-windows-ix86+x86_64 0.1.0 20.00 110.00 130.00 OK
r-devel-windows-ix86+x86_64-gcc8 0.1.0 32.00 149.00 181.00 OK
r-patched-linux-x86_64 0.1.0 7.03 81.25 88.28 OK
r-patched-solaris-x86 0.1.0 148.00 OK
r-release-linux-x86_64 0.1.0 6.07 83.31 89.38 OK
r-release-windows-ix86+x86_64 0.1.0 18.00 102.00 120.00 OK
r-release-osx-x86_64 0.1.0 OK
r-oldrel-windows-ix86+x86_64 0.1.0 4.00 5.00 9.00 ERROR
r-oldrel-osx-x86_64 0.1.0 OK

Check Details

Version: 0.1.0
Check: whether package can be installed
Result: ERROR
    Installation failed.
Flavor: r-oldrel-windows-ix86+x86_64