CRAN Package Check Results for Package briqr

Last updated on 2019-09-18 14:47:43 CEST.

Flavor Version Tinstall Tcheck Ttotal Status Flags
r-devel-linux-x86_64-debian-clang 0.1.0 1.71 18.27 19.98 OK
r-devel-linux-x86_64-debian-gcc 0.1.0 1.58 14.94 16.52 OK
r-devel-linux-x86_64-fedora-clang 0.1.0 25.50 OK
r-devel-linux-x86_64-fedora-gcc 0.1.0 24.61 OK
r-devel-windows-ix86+x86_64 0.1.0 13.00 32.00 45.00 OK
r-patched-linux-x86_64 0.1.0 1.49 18.13 19.62 OK
r-patched-solaris-x86 0.1.0 40.90 OK
r-release-linux-x86_64 0.1.0 1.41 18.25 19.66 OK
r-release-windows-ix86+x86_64 0.1.0 5.00 33.00 38.00 OK
r-release-osx-x86_64 0.1.0 OK
r-oldrel-osx-x86_64 0.1.0 ERROR

Check Details

Version: 0.1.0
Check: whether package can be installed
Result: ERROR
    Installation failed.
Flavor: r-oldrel-osx-x86_64