CRAN Package Check Results for Package briqr

Last updated on 2020-02-20 21:47:23 CET.

Flavor Version Tinstall Tcheck Ttotal Status Flags
r-devel-linux-x86_64-debian-clang 0.1.0 2.11 21.40 23.51 OK
r-devel-linux-x86_64-debian-gcc 0.1.0 1.66 17.54 19.20 OK
r-devel-linux-x86_64-fedora-clang 0.1.0 29.14 OK
r-devel-linux-x86_64-fedora-gcc 0.1.0 28.21 OK
r-devel-windows-ix86+x86_64 0.1.0 6.00 34.00 40.00 OK
r-devel-windows-ix86+x86_64-gcc8 0.1.0 6.00 54.00 60.00 OK
r-patched-linux-x86_64 0.1.0 1.60 19.19 20.79 OK
r-patched-solaris-x86 0.1.0 41.60 OK
r-release-linux-x86_64 0.1.0 1.63 19.40 21.03 OK
r-release-windows-ix86+x86_64 0.1.0 5.00 34.00 39.00 OK
r-release-osx-x86_64 0.1.0 OK
r-oldrel-osx-x86_64 0.1.0 ERROR

Check Details

Version: 0.1.0
Check: whether package can be installed
Result: ERROR
    Installation failed.
Flavor: r-oldrel-osx-x86_64