CRAN Package Check Results for Package brlrmr

Last updated on 2022-05-27 06:51:18 CEST.

Flavor Version Tinstall Tcheck Ttotal Status Flags
r-devel-linux-x86_64-debian-clang 0.1.7 3.58 36.62 40.20 OK
r-devel-linux-x86_64-debian-gcc 0.1.7 2.43 28.72 31.15 OK
r-devel-linux-x86_64-fedora-clang 0.1.7 48.22 NOTE
r-devel-linux-x86_64-fedora-gcc 0.1.7 47.63 NOTE
r-devel-windows-x86_64 0.1.7 12.00 50.00 62.00 OK
r-patched-linux-x86_64 0.1.7 3.01 35.88 38.89 OK
r-release-linux-x86_64 0.1.7 2.77 35.02 37.79 OK
r-release-macos-arm64 0.1.7 16.00 NOTE
r-release-macos-x86_64 0.1.7 23.00 NOTE
r-release-windows-x86_64 0.1.7 10.00 55.00 65.00 OK
r-oldrel-macos-arm64 0.1.7 20.00 NOTE
r-oldrel-macos-x86_64 0.1.7 32.00 NOTE
r-oldrel-windows-ix86+x86_64 0.1.7 7.00 46.00 53.00 OK

Check Details

Version: 0.1.7
Check: dependencies in R code
Result: NOTE
    Namespaces in Imports field not imported from:
     ‘Rcpp’ ‘profileModel’
     All declared Imports should be used.
Flavors: r-devel-linux-x86_64-fedora-clang, r-devel-linux-x86_64-fedora-gcc, r-release-macos-arm64, r-release-macos-x86_64, r-oldrel-macos-arm64, r-oldrel-macos-x86_64