CRAN Package Check Results for Package brlrmr

Last updated on 2019-08-25 10:46:15 CEST.

Flavor Version Tinstall Tcheck Ttotal Status Flags
r-devel-linux-x86_64-debian-clang 0.1.5 2.42 23.01 25.43 OK
r-devel-linux-x86_64-debian-gcc 0.1.5 2.40 18.57 20.97 OK
r-devel-linux-x86_64-fedora-clang 0.1.5 32.36 NOTE
r-devel-linux-x86_64-fedora-gcc 0.1.5 30.34 NOTE
r-devel-windows-ix86+x86_64 0.1.5 5.00 81.00 86.00 OK
r-patched-linux-x86_64 0.1.5 2.77 22.87 25.64 OK
r-patched-solaris-x86 0.1.5 45.20 NOTE
r-release-linux-x86_64 0.1.5 1.78 23.33 25.11 OK
r-release-windows-ix86+x86_64 0.1.5 8.00 51.00 59.00 OK
r-release-osx-x86_64 0.1.5 NOTE
r-oldrel-windows-ix86+x86_64 0.1.5 4.00 55.00 59.00 OK
r-oldrel-osx-x86_64 0.1.5 NOTE

Check Details

Version: 0.1.5
Check: dependencies in R code
Result: NOTE
    Namespaces in Imports field not imported from:
     ‘Rcpp’ ‘profileModel’
     All declared Imports should be used.
Flavors: r-devel-linux-x86_64-fedora-clang, r-devel-linux-x86_64-fedora-gcc, r-patched-solaris-x86, r-release-osx-x86_64, r-oldrel-osx-x86_64