Last updated on 2018-04-26 12:46:35 CEST.
Flavor | Version | Tinstall | Tcheck | Ttotal | Status | Flags |
---|---|---|---|---|---|---|
r-devel-linux-x86_64-debian-clang | 2.2.0 | 30.51 | 500.60 | 531.11 | OK | |
r-devel-linux-x86_64-debian-gcc | 2.2.0 | 24.26 | 396.68 | 420.94 | OK | |
r-devel-linux-x86_64-fedora-clang | 2.2.0 | 692.72 | NOTE | |||
r-devel-linux-x86_64-fedora-gcc | 2.2.0 | 644.50 | NOTE | |||
r-devel-windows-ix86+x86_64 | 2.2.0 | 71.00 | 551.00 | 622.00 | NOTE | |
r-patched-linux-x86_64 | 2.2.0 | 33.36 | 545.12 | 578.48 | OK | |
r-patched-solaris-x86 | 2.2.0 | 838.00 | NOTE | |||
r-release-linux-x86_64 | 2.2.0 | 27.72 | 542.97 | 570.69 | OK | |
r-release-windows-ix86+x86_64 | 2.2.0 | 71.00 | 551.00 | 622.00 | NOTE | |
r-release-osx-x86_64 | 2.2.0 | NOTE | ||||
r-oldrel-windows-ix86+x86_64 | 2.2.0 | 27.00 | 492.00 | 519.00 | NOTE | |
r-oldrel-osx-x86_64 | 2.2.0 | NOTE |
Version: 2.2.0
Check: installed package size
Result: NOTE
installed size is 6.5Mb
sub-directories of 1Mb or more:
R 3.3Mb
doc 2.4Mb
Flavors: r-devel-linux-x86_64-fedora-clang, r-devel-linux-x86_64-fedora-gcc, r-devel-windows-ix86+x86_64, r-patched-solaris-x86, r-release-windows-ix86+x86_64, r-release-osx-x86_64, r-oldrel-windows-ix86+x86_64, r-oldrel-osx-x86_64