CRAN Package Check Results for Package brms

Last updated on 2018-10-20 03:50:10 CEST.

Flavor Version Tinstall Tcheck Ttotal Status Flags
r-devel-linux-x86_64-debian-clang 2.5.0 32.72 457.37 490.09 OK
r-devel-linux-x86_64-debian-gcc 2.5.0 32.49 357.21 389.70 OK
r-devel-linux-x86_64-fedora-clang 2.5.0 581.87 NOTE
r-devel-linux-x86_64-fedora-gcc 2.5.0 574.84 OK
r-devel-windows-ix86+x86_64 2.5.0 75.00 177.00 252.00 NOTE --no-examples --no-tests --no-vignettes
r-patched-linux-x86_64 2.5.0 33.57 451.51 485.08 OK
r-patched-solaris-x86 2.5.0 799.70 NOTE
r-release-linux-x86_64 2.5.0 27.26 446.80 474.06 OK
r-release-windows-ix86+x86_64 2.5.0 72.00 243.00 315.00 NOTE --no-examples --no-tests --no-vignettes
r-release-osx-x86_64 2.5.0 NOTE
r-oldrel-windows-ix86+x86_64 2.5.0 37.00 238.00 275.00 NOTE --no-examples --no-tests --no-vignettes
r-oldrel-osx-x86_64 2.5.0 NOTE

Check Details

Version: 2.5.0
Check: installed package size
Result: NOTE
     installed size is 6.8Mb
     sub-directories of 1Mb or more:
     R 3.5Mb
     doc 2.4Mb
Flavors: r-devel-linux-x86_64-fedora-clang, r-patched-solaris-x86, r-release-osx-x86_64, r-oldrel-osx-x86_64

Version: 2.5.0
Flags: --no-examples --no-tests --no-vignettes
Check: installed package size
Result: NOTE
     installed size is 6.8Mb
     sub-directories of 1Mb or more:
     R 3.5Mb
     doc 2.4Mb
Flavors: r-devel-windows-ix86+x86_64, r-release-windows-ix86+x86_64, r-oldrel-windows-ix86+x86_64