CRAN Package Check Results for Package brms

Last updated on 2018-01-23 15:47:57 CET.

Flavor Version Tinstall Tcheck Ttotal Status Flags
r-devel-linux-x86_64-debian-clang 2.0.1 11.82 439.41 451.23 OK
r-devel-linux-x86_64-debian-gcc 2.0.1 10.80 310.79 321.59 OK
r-devel-linux-x86_64-fedora-clang 2.0.1 501.43 NOTE
r-devel-linux-x86_64-fedora-gcc 2.0.1 495.18 NOTE
r-devel-windows-ix86+x86_64 2.0.1 36.00 544.00 580.00 NOTE
r-patched-linux-x86_64 2.0.1 12.21 413.95 426.16 OK
r-patched-solaris-x86 2.0.1 611.10 NOTE
r-release-linux-x86_64 2.0.1 13.27 417.70 430.97 OK
r-release-windows-ix86+x86_64 2.0.1 24.00 399.00 423.00 NOTE
r-release-osx-x86_64 2.0.1 NOTE
r-oldrel-windows-ix86+x86_64 2.0.1 39.00 364.00 403.00 NOTE
r-oldrel-osx-x86_64 2.0.1 NOTE

Check Details

Version: 2.0.1
Check: installed package size
Result: NOTE
     installed size is 5.4Mb
     sub-directories of 1Mb or more:
     R 2.2Mb
     doc 2.4Mb
Flavors: r-devel-linux-x86_64-fedora-clang, r-devel-linux-x86_64-fedora-gcc, r-devel-windows-ix86+x86_64, r-patched-solaris-x86, r-release-windows-ix86+x86_64, r-release-osx-x86_64, r-oldrel-windows-ix86+x86_64, r-oldrel-osx-x86_64