Last updated on 2022-06-25 17:51:23 CEST.
Flavor | Version | Tinstall | Tcheck | Ttotal | Status | Flags |
---|---|---|---|---|---|---|
r-devel-linux-x86_64-debian-clang | 0.2.0 | 78.17 | 216.92 | 295.09 | OK | |
r-devel-linux-x86_64-debian-gcc | 0.2.0 | 75.48 | 157.51 | 232.99 | OK | |
r-devel-linux-x86_64-fedora-clang | 0.2.0 | 435.31 | WARN | |||
r-devel-linux-x86_64-fedora-gcc | 0.2.0 | 387.39 | WARN | |||
r-devel-windows-x86_64 | 0.2.0 | 115.00 | 262.00 | 377.00 | OK | |
r-patched-linux-x86_64 | 0.2.0 | 91.37 | 201.83 | 293.20 | OK | |
r-release-linux-x86_64 | 0.2.0 | 64.60 | 205.59 | 270.19 | OK | |
r-release-macos-arm64 | 0.2.0 | 109.00 | NOTE | |||
r-release-macos-x86_64 | 0.2.0 | 134.00 | NOTE | |||
r-release-windows-x86_64 | 0.2.0 | 122.00 | 245.00 | 367.00 | OK | |
r-oldrel-macos-arm64 | 0.2.0 | 94.00 | NOTE | |||
r-oldrel-macos-x86_64 | 0.2.0 | 136.00 | NOTE | |||
r-oldrel-windows-ix86+x86_64 | 0.2.0 | 237.00 | 315.00 | 552.00 | NOTE |
Version: 0.2.0
Check: package dependencies
Result: WARN
Requires (indirectly) orphaned package: ‘gtools’
Flavors: r-devel-linux-x86_64-fedora-clang, r-devel-linux-x86_64-fedora-gcc
Version: 0.2.0
Check: installed package size
Result: NOTE
installed size is 5.4Mb
sub-directories of 1Mb or more:
doc 2.7Mb
libs 2.5Mb
Flavors: r-release-macos-arm64, r-release-macos-x86_64, r-oldrel-macos-arm64, r-oldrel-macos-x86_64, r-oldrel-windows-ix86+x86_64