CRAN Package Check Results for Package broom.helpers

Last updated on 2021-02-26 04:47:55 CET.

Flavor Version Tinstall Tcheck Ttotal Status Flags
r-devel-linux-x86_64-debian-clang 1.2.0 7.46 331.85 339.31 OK
r-devel-linux-x86_64-debian-gcc 1.2.0 5.09 245.92 251.01 OK
r-devel-linux-x86_64-fedora-clang 1.2.0 246.00 NOTE
r-devel-linux-x86_64-fedora-gcc 1.2.0 304.57 OK
r-devel-windows-ix86+x86_64 1.1.0 11.00 197.00 208.00 OK
r-patched-linux-x86_64 1.2.0 7.82 337.67 345.49 OK
r-patched-solaris-x86 1.2.0 509.50 OK
r-release-linux-x86_64 1.2.0 7.09 348.77 355.86 OK
r-release-macos-x86_64 1.1.0 WARN
r-release-windows-ix86+x86_64 1.1.0 16.00 299.00 315.00 OK
r-oldrel-macos-x86_64 1.2.0 OK
r-oldrel-windows-ix86+x86_64 1.1.0 8.00 218.00 226.00 OK

Check Details

Version: 1.2.0
Check: Rd cross-references
Result: NOTE
    Undeclared package ‘glue’ in Rd xrefs
Flavor: r-devel-linux-x86_64-fedora-clang

Version: 1.1.0
Check: dependencies in R code
Result: NOTE
    Namespace in Imports field not imported from: ‘broom’
     All declared Imports should be used.
Flavor: r-release-macos-x86_64

Version: 1.1.0
Check: re-building of vignette outputs
Result: WARN
    Error(s) in re-building vignettes:
    --- re-building ‘tidy.Rmd’ using rmarkdown
    Warning in engine$weave(file, quiet = quiet, encoding = enc) :
     Pandoc (>= 1.12.3) and/or pandoc-citeproc not available. Falling back to R Markdown v1.
    
    Attaching package: 'gtsummary'
    
    The following objects are masked from 'package:broom.helpers':
    
     all_categorical, all_continuous, all_dichotomous
    
    
    Attaching package: 'dplyr'
    
    The following objects are masked from 'package:stats':
    
     filter, lag
    
    The following objects are masked from 'package:base':
    
     intersect, setdiff, setequal, union
    
    Warning: Removed 2 rows containing missing values (geom_segment).
    Quitting from lines 128-131 (tidy.Rmd)
    Error: processing vignette 'tidy.Rmd' failed with diagnostics:
    unused argument (options = list(TRUE, TRUE, "markup", FALSE, NULL, TRUE, FALSE, "#>", TRUE, TRUE, "normalsize", "#F7F7F7", 0, "cache/", NULL, TRUE, NULL, FALSE, FALSE, "high", "asis", "default", "figure/", "png", NULL, 72, "png", 7, 7, "figure", NULL, NULL, "fig:", NULL, "", NULL, NULL, NULL, 1, TRUE, FALSE, 1, "controls,loop", TRUE, FALSE, TRUE, NULL, NULL, NULL, "R", FALSE, TRUE, TRUE, 25, "unnamed-chunk-7", c("model_logit %>%", " tidy_plus_plus(exponentiate = TRUE) %>%", " rmarkdown::paged_table()"),
     504, 504, ""))
    --- failed re-building ‘tidy.Rmd’
    
    SUMMARY: processing the following file failed:
     ‘tidy.Rmd’
    
    Error: Vignette re-building failed.
    Execution halted
Flavor: r-release-macos-x86_64