Last updated on 2021-04-15 12:52:22 CEST.
Flavor | Version | Tinstall | Tcheck | Ttotal | Status | Flags |
---|---|---|---|---|---|---|
r-devel-linux-x86_64-debian-clang | 0.7.6 | 15.03 | 259.75 | 274.78 | OK | |
r-devel-linux-x86_64-debian-gcc | 0.7.6 | 12.29 | 189.90 | 202.19 | OK | |
r-devel-linux-x86_64-fedora-clang | 0.7.6 | 323.22 | OK | |||
r-devel-linux-x86_64-fedora-gcc | 0.7.6 | 316.95 | OK | |||
r-devel-windows-ix86+x86_64 | 0.7.6 | 30.00 | 397.00 | 427.00 | OK | |
r-devel-windows-x86_64-gcc10-UCRT | 0.7.6 | OK | ||||
r-patched-linux-x86_64 | 0.7.6 | 15.05 | 248.51 | 263.56 | OK | |
r-patched-solaris-x86 | 0.7.6 | 413.00 | OK | |||
r-release-linux-x86_64 | 0.7.6 | 11.86 | 246.91 | 258.77 | OK | |
r-release-macos-x86_64 | 0.7.6 | OK | ||||
r-release-windows-ix86+x86_64 | 0.7.6 | 24.00 | 349.00 | 373.00 | OK | |
r-oldrel-macos-x86_64 | 0.7.6 | NOTE | ||||
r-oldrel-windows-ix86+x86_64 | 0.7.6 | 24.00 | 400.00 | 424.00 | OK |
Version: 0.7.6
Check: dependencies in R code
Result: NOTE
No protocol specified
No protocol specified
Flavor: r-oldrel-macos-x86_64