CRAN Package Check Results for Package broom

Last updated on 2018-08-16 16:52:23 CEST.

Flavor Version Tinstall Tcheck Ttotal Status Flags
r-devel-linux-x86_64-debian-clang 0.5.0 7.54 213.51 221.05 OK
r-devel-linux-x86_64-debian-gcc 0.5.0 7.63 167.68 175.31 OK
r-devel-linux-x86_64-fedora-clang 0.5.0 265.36 OK
r-devel-linux-x86_64-fedora-gcc 0.5.0 261.71 OK
r-devel-windows-ix86+x86_64 0.5.0 28.00 327.00 355.00 OK
r-patched-linux-x86_64 0.5.0 8.61 150.48 159.09 ERROR
r-patched-solaris-x86 0.5.0 358.10 OK
r-release-linux-x86_64 0.5.0 7.91 149.85 157.76 ERROR
r-release-windows-ix86+x86_64 0.5.0 21.00 302.00 323.00 OK
r-release-osx-x86_64 0.5.0 OK
r-oldrel-windows-ix86+x86_64 0.5.0 19.00 370.00 389.00 OK
r-oldrel-osx-x86_64 0.5.0 ERROR

Check Details

Version: 0.5.0
Check: examples
Result: ERROR
    Running examples in ‘broom-Ex.R’ failed
    The error most likely occurred in:
    
    > base::assign(".ptime", proc.time(), pos = "CheckExEnv")
    > ### Name: tidy.biglm
    > ### Title: Tidy a(n) biglm object
    > ### Aliases: tidy.biglm
    >
    > ### ** Examples
    >
    >
    > if (require("biglm", quietly = TRUE)) {
    + bfit <- biglm(mpg ~ wt + disp, mtcars)
    + tidy(bfit)
    + tidy(bfit, conf.int = TRUE)
    + tidy(bfit, conf.int = TRUE, conf.level = .9)
    +
    + glance(bfit)
    +
    + # bigglm: logistic regression
    + bgfit <- bigglm(am ~ mpg, mtcars, family = binomial())
    + tidy(bgfit)
    + tidy(bgfit, exponentiate = TRUE)
    + tidy(bgfit, conf.int = TRUE)
    + tidy(bgfit, conf.int = TRUE, conf.level = .9)
    + tidy(bgfit, conf.int = TRUE, conf.level = .9, exponentiate = TRUE)
    +
    + glance(bgfit)
    + }
    Error in UseMethod("bigglm", data) :
     no applicable method for 'bigglm' applied to an object of class "data.frame"
    Calls: bigglm -> bigglm
    Execution halted
Flavors: r-patched-linux-x86_64, r-release-linux-x86_64

Version: 0.5.0
Check: tests
Result: ERROR
     Running ‘test-all.R’ [30s/35s]
    Running the tests in ‘tests/test-all.R’ failed.
    Complete output:
     > library(testthat)
     > test_check("broom")
     Loading required package: broom
     ── 1. Error: (unknown) (@test-biglm.R#7) ──────────────────────────────────────
     no applicable method for 'bigglm' applied to an object of class "data.frame"
     1: bigglm(am ~ mpg, mtcars, family = binomial()) at testthat/test-biglm.R:7
     2: bigglm(am ~ mpg, mtcars, family = binomial())
    
     ══ testthat results ═══════════════════════════════════════════════════════════
     OK: 911 SKIPPED: 2 FAILED: 1
     1. Error: (unknown) (@test-biglm.R#7)
    
     Error: testthat unit tests failed
     Execution halted
Flavor: r-patched-linux-x86_64

Version: 0.5.0
Check: tests
Result: ERROR
     Running ‘test-all.R’ [29s/34s]
    Running the tests in ‘tests/test-all.R’ failed.
    Complete output:
     > library(testthat)
     > test_check("broom")
     Loading required package: broom
     ── 1. Error: (unknown) (@test-biglm.R#7) ──────────────────────────────────────
     no applicable method for 'bigglm' applied to an object of class "data.frame"
     1: bigglm(am ~ mpg, mtcars, family = binomial()) at testthat/test-biglm.R:7
     2: bigglm(am ~ mpg, mtcars, family = binomial())
    
     ══ testthat results ═══════════════════════════════════════════════════════════
     OK: 911 SKIPPED: 2 FAILED: 1
     1. Error: (unknown) (@test-biglm.R#7)
    
     Error: testthat unit tests failed
     Execution halted
Flavor: r-release-linux-x86_64

Version: 0.5.0
Check: examples
Result: ERROR
    Running examples in ‘broom-Ex.R’ failed
    The error most likely occurred in:
    
    > ### Name: tidy.gamlss
    > ### Title: Tidy a(n) gamlss object
    > ### Aliases: tidy.gamlss
    >
    > ### ** Examples
    >
    >
    > library(gamlss)
    Loading required package: splines
    Loading required package: gamlss.data
    Loading required package: gamlss.dist
    Loading required package: MASS
    Error: package or namespace load failed for ‘gamlss.dist’ in dyn.load(file, DLLpath = DLLpath, ...):
     unable to load shared object '/Volumes/SSD-Data/Builds/R-dev-web/QA/Simon/packages/el-capitan-x86_64/Rlib/3.4/gamlss.dist/libs/gamlss.dist.so':
     `maximal number of DLLs reached...
    Error: package ‘gamlss.dist’ could not be loaded
    Execution halted
Flavor: r-oldrel-osx-x86_64