CRAN Package Check Results for Package broom

Last updated on 2018-02-22 17:49:08 CET.

Flavor Version Tinstall Tcheck Ttotal Status Flags
r-devel-linux-x86_64-debian-clang 0.4.3 6.72 134.44 141.16 OK
r-devel-linux-x86_64-debian-gcc 0.4.3 4.94 114.43 119.37 OK
r-devel-linux-x86_64-fedora-clang 0.4.3 186.01 OK
r-devel-linux-x86_64-fedora-gcc 0.4.3 190.86 OK
r-devel-windows-ix86+x86_64 0.4.3 16.00 167.00 183.00 OK
r-patched-linux-x86_64 0.4.3 3.91 188.80 192.71 OK
r-patched-solaris-x86 0.4.3 267.00 NOTE
r-release-linux-x86_64 0.4.3 2.97 197.39 200.36 OK
r-release-windows-ix86+x86_64 0.4.3 21.00 266.00 287.00 OK
r-release-osx-x86_64 0.4.3 OK
r-oldrel-windows-ix86+x86_64 0.4.3 9.00 136.00 145.00 ERROR
r-oldrel-osx-x86_64 0.4.3 OK

Check Details

Version: 0.4.3
Check: package dependencies
Result: NOTE
    Packages suggested but not available for checking: ‘xergm’ ‘btergm’
Flavor: r-patched-solaris-x86

Version: 0.4.3
Check: Rd cross-references
Result: NOTE
    Package unavailable to check Rd xrefs: ‘btergm’
Flavor: r-patched-solaris-x86

Version: 0.4.3
Check: examples
Result: ERROR
    Running examples in 'broom-Ex.R' failed
    The error most likely occurred in:
    
    > ### Name: kde_tidiers
    > ### Title: Tidy a kernel density estimate object from the ks package
    > ### Aliases: kde_tidiers tidy.kde
    >
    > ### ** Examples
    >
    >
    > if (require("ks", quietly = TRUE)) {
    + dat <- replicate(2, rnorm(100))
    + k <- kde(dat)
    +
    + td <- tidy(k)
    + head(td)
    +
    + library(ggplot2)
    + ggplot(td, aes(x1, x2, fill = estimate)) +
    + geom_tile() +
    + theme_void()
    +
    + # also works with 3 dimensions
    + dat3 <- replicate(3, rnorm(100))
    + k3 <- kde(dat3)
    +
    + td3 <- tidy(k3)
    + head(td3)
    + }
    Note: method with signature 'Matrix#diagonalMatrix' chosen for function 'kronecker',
     target signature 'dgCMatrix#ddiMatrix'.
     "sparseMatrix#ANY" would also be valid
    Note: method with signature 'dsparseMatrix#dsparseMatrix' chosen for function 'kronecker',
     target signature 'dgCMatrix#dtTMatrix'.
     "sparseMatrix#TsparseMatrix" would also be valid
    Error in norm(Matrix(psi2r8.ns, nrow = 1) %*% (Matrix(vec(diag(d)), ncol = 1) %*% :
     argument type[1]='2' must be one of 'M','1','O','I','F' or 'E'
    Calls: kde -> Hpi -> gdscalar -> norm -> norm
    Execution halted
Flavor: r-oldrel-windows-ix86+x86_64