CRAN Package Check Results for Package broom

Last updated on 2018-05-27 16:49:50 CEST.

Flavor Version Tinstall Tcheck Ttotal Status Flags
r-devel-linux-x86_64-debian-clang 0.4.4 4.63 777.41 782.04 ERROR
r-devel-linux-x86_64-debian-gcc 0.4.4 5.55 594.24 599.79 WARN
r-devel-linux-x86_64-fedora-clang 0.4.4 977.01 OK
r-devel-linux-x86_64-fedora-gcc 0.4.4 983.48 OK
r-devel-windows-ix86+x86_64 0.4.4 13.00 695.00 708.00 OK
r-patched-linux-x86_64 0.4.4 6.50 678.91 685.41 ERROR
r-patched-solaris-x86 0.4.4 1446.90 OK
r-release-linux-x86_64 0.4.4 5.13 678.42 683.55 ERROR
r-release-windows-ix86+x86_64 0.4.4 19.00 920.00 939.00 OK
r-release-osx-x86_64 0.4.4 OK
r-oldrel-windows-ix86+x86_64 0.4.4 16.00 956.00 972.00 OK
r-oldrel-osx-x86_64 0.4.4 OK

Check Details

Version: 0.4.4
Check: for unstated dependencies in ‘tests’
Result: WARN
    '::' or ':::' import not declared from: ‘gamlss.dist’
    'library' or 'require' call not declared from: ‘quantreg’
    'data(package=)' call not declared from: ‘gamlss.data’
Flavors: r-devel-linux-x86_64-debian-clang, r-devel-linux-x86_64-debian-gcc

Version: 0.4.4
Check: tests
Result: ERROR
     Running ‘test-all.R’ [10m/12m]
    Running the tests in ‘tests/test-all.R’ failed.
    Complete output:
     > library(testthat)
     > test_check("broom")
     Loading required package: broom
     Killed
Flavors: r-devel-linux-x86_64-debian-clang, r-release-linux-x86_64

Version: 0.4.4
Check: examples
Result: ERROR
    Running examples in ‘broom-Ex.R’ failed
    The error most likely occurred in:
    
    > base::assign(".ptime", proc.time(), pos = "CheckExEnv")
    > ### Name: biglm_tidiers
    > ### Title: Tidiers for biglm and bigglm object
    > ### Aliases: biglm_tidiers tidy.biglm glance.biglm
    >
    > ### ** Examples
    >
    >
    > if (require("biglm", quietly = TRUE)) {
    + bfit <- biglm(mpg ~ wt + disp, mtcars)
    + tidy(bfit)
    + tidy(bfit, conf.int = TRUE)
    + tidy(bfit, conf.int = TRUE, conf.level = .9)
    +
    + glance(bfit)
    +
    + # bigglm: logistic regression
    + bgfit <- bigglm(am ~ mpg, mtcars, family = binomial())
    + tidy(bgfit)
    + tidy(bgfit, exponentiate = TRUE)
    + tidy(bgfit, conf.int = TRUE)
    + tidy(bgfit, conf.int = TRUE, conf.level = .9)
    + tidy(bgfit, conf.int = TRUE, conf.level = .9, exponentiate = TRUE)
    +
    + glance(bgfit)
    + }
    Error in UseMethod("bigglm", data) :
     no applicable method for 'bigglm' applied to an object of class "data.frame"
    Calls: bigglm -> bigglm
    Execution halted
Flavors: r-patched-linux-x86_64, r-release-linux-x86_64

Version: 0.4.4
Check: tests
Result: ERROR
     Running ‘test-all.R’ [10m/13m]
    Running the tests in ‘tests/test-all.R’ failed.
    Complete output:
     > library(testthat)
     > test_check("broom")
     Loading required package: broom
     Killed
Flavor: r-patched-linux-x86_64