Last updated on 2021-01-17 09:48:28 CET.
Flavor | Version | Tinstall | Tcheck | Ttotal | Status | Flags |
---|---|---|---|---|---|---|
r-devel-linux-x86_64-debian-clang | 0.2.6 | 11.87 | 183.36 | 195.23 | NOTE | |
r-devel-linux-x86_64-debian-gcc | 0.2.6 | 8.77 | 138.96 | 147.73 | NOTE | |
r-devel-linux-x86_64-fedora-clang | 0.2.6 | 240.05 | NOTE | |||
r-devel-linux-x86_64-fedora-gcc | 0.2.6 | 235.35 | NOTE | |||
r-devel-windows-ix86+x86_64 | 0.2.6 | 21.00 | 186.00 | 207.00 | NOTE | |
r-patched-linux-x86_64 | 0.2.6 | 10.21 | 175.78 | 185.99 | NOTE | |
r-patched-solaris-x86 | 0.2.6 | 324.10 | NOTE | |||
r-release-linux-x86_64 | 0.2.6 | 12.74 | 174.39 | 187.13 | NOTE | |
r-release-macos-x86_64 | 0.2.6 | NOTE | ||||
r-release-windows-ix86+x86_64 | 0.2.6 | 24.00 | 165.00 | 189.00 | NOTE | |
r-oldrel-macos-x86_64 | 0.2.6 | NOTE | ||||
r-oldrel-windows-ix86+x86_64 | 0.2.6 | 23.00 | 214.00 | 237.00 | NOTE |
Version: 0.2.6
Check: package dependencies
Result: NOTE
Package suggested but not available for checking: 'glmmADMB'
Flavors: r-devel-linux-x86_64-debian-clang, r-devel-linux-x86_64-debian-gcc, r-devel-linux-x86_64-fedora-clang, r-devel-linux-x86_64-fedora-gcc, r-devel-windows-ix86+x86_64, r-patched-linux-x86_64, r-patched-solaris-x86, r-release-linux-x86_64, r-release-macos-x86_64, r-release-windows-ix86+x86_64, r-oldrel-macos-x86_64, r-oldrel-windows-ix86+x86_64