CRAN Package Check Results for Package broom.mixed

Last updated on 2025-01-20 05:48:16 CET.

Flavor Version Tinstall Tcheck Ttotal Status Flags
r-devel-linux-x86_64-debian-clang 0.2.9.6 9.17 150.74 159.91 OK
r-devel-linux-x86_64-debian-gcc 0.2.9.6 5.82 101.96 107.78 OK
r-devel-linux-x86_64-fedora-clang 0.2.9.6 262.66 OK
r-devel-linux-x86_64-fedora-gcc 0.2.9.6 259.73 OK
r-devel-windows-x86_64 0.2.9.6 8.00 160.00 168.00 OK
r-patched-linux-x86_64 0.2.9.6 9.28 141.81 151.09 NOTE
r-release-linux-x86_64 0.2.9.6 8.42 143.99 152.41 NOTE
r-release-macos-arm64 0.2.9.6 71.00 NOTE
r-release-macos-x86_64 0.2.9.6 128.00 NOTE
r-release-windows-x86_64 0.2.9.6 11.00 163.00 174.00 NOTE
r-oldrel-macos-arm64 0.2.9.6 72.00 NOTE
r-oldrel-macos-x86_64 0.2.9.6 118.00 NOTE
r-oldrel-windows-x86_64 0.2.9.6 13.00 204.00 217.00 NOTE

Check Details

Version: 0.2.9.6
Check: package dependencies
Result: NOTE Package suggested but not available for checking: ‘glmmADMB’ Flavors: r-patched-linux-x86_64, r-release-linux-x86_64, r-release-macos-arm64, r-release-macos-x86_64, r-release-windows-x86_64, r-oldrel-macos-arm64, r-oldrel-macos-x86_64, r-oldrel-windows-x86_64

Version: 0.2.9.6
Check: installed package size
Result: NOTE installed size is 5.4Mb sub-directories of 1Mb or more: extdata 5.0Mb Flavors: r-release-macos-arm64, r-release-macos-x86_64, r-release-windows-x86_64, r-oldrel-macos-arm64, r-oldrel-macos-x86_64, r-oldrel-windows-x86_64