CRAN Package Check Results for Package brotli

Last updated on 2018-11-20 13:46:16 CET.

Flavor Version Tinstall Tcheck Ttotal Status Flags
r-devel-linux-x86_64-debian-clang 1.2 33.79 30.40 64.19 OK
r-devel-linux-x86_64-debian-gcc 1.2 22.48 24.55 47.03 OK
r-devel-linux-x86_64-fedora-clang 1.2 80.79 NOTE
r-devel-linux-x86_64-fedora-gcc 1.2 71.06 OK
r-devel-windows-ix86+x86_64 1.2 88.00 74.00 162.00 OK
r-patched-linux-x86_64 1.2 28.93 29.02 57.95 OK
r-patched-solaris-x86 1.2 112.30 NOTE
r-release-linux-x86_64 1.2 27.75 29.17 56.92 OK
r-release-windows-ix86+x86_64 1.2 66.00 80.00 146.00 OK
r-release-osx-x86_64 1.2 OK
r-oldrel-windows-ix86+x86_64 1.2 99.00 69.00 168.00 OK
r-oldrel-osx-x86_64 1.2 OK

Check Details

Version: 1.2
Check: installed package size
Result: NOTE
     installed size is 6.1Mb
     sub-directories of 1Mb or more:
     bin 2.5Mb
     doc 1.1Mb
     libs 2.4Mb
Flavors: r-devel-linux-x86_64-fedora-clang, r-patched-solaris-x86