CRAN Package Check Results for Package brotli

Last updated on 2018-02-18 02:46:50 CET.

Flavor Version Tinstall Tcheck Ttotal Status Flags
r-devel-linux-x86_64-debian-clang 1.1 26.45 28.93 55.38 OK
r-devel-linux-x86_64-debian-gcc 1.1 19.68 22.99 42.67 OK
r-devel-linux-x86_64-fedora-clang 1.1 69.06 NOTE
r-devel-linux-x86_64-fedora-gcc 1.1 61.12 NOTE
r-devel-windows-ix86+x86_64 1.1 58.00 49.00 107.00 OK
r-patched-linux-x86_64 1.1 26.34 38.40 64.74 OK
r-patched-solaris-x86 1.1 94.40 OK
r-release-linux-x86_64 1.1 22.39 37.54 59.93 OK
r-release-windows-ix86+x86_64 1.1 72.00 72.00 144.00 OK
r-release-osx-x86_64 1.1 OK
r-oldrel-windows-ix86+x86_64 1.1 56.00 59.00 115.00 OK
r-oldrel-osx-x86_64 1.0 OK

Check Details

Version: 1.1
Check: installed package size
Result: NOTE
     installed size is 5.7Mb
     sub-directories of 1Mb or more:
     bin 2.2Mb
     doc 1.1Mb
     libs 2.2Mb
Flavors: r-devel-linux-x86_64-fedora-clang, r-devel-linux-x86_64-fedora-gcc