CRAN Package Check Results for Package brotli

Last updated on 2018-08-22 08:48:43 CEST.

Flavor Version Tinstall Tcheck Ttotal Status Flags
r-devel-linux-x86_64-debian-clang 1.2 31.34 31.20 62.54 OK
r-devel-linux-x86_64-debian-gcc 1.2 23.18 24.98 48.16 OK
r-devel-linux-x86_64-fedora-clang 1.2 77.27 NOTE
r-devel-linux-x86_64-fedora-gcc 1.2 74.25 OK
r-devel-windows-ix86+x86_64 1.2 69.00 53.00 122.00 OK
r-patched-linux-x86_64 1.2 28.27 28.91 57.18 OK
r-patched-solaris-x86 1.2 141.70 NOTE
r-release-linux-x86_64 1.2 28.89 29.34 58.23 OK
r-release-windows-ix86+x86_64 1.2 84.00 53.00 137.00 OK
r-release-osx-x86_64 1.2 OK
r-oldrel-windows-ix86+x86_64 1.2 65.00 63.00 128.00 OK
r-oldrel-osx-x86_64 1.2 OK

Check Details

Version: 1.2
Check: installed package size
Result: NOTE
     installed size is 5.8Mb
     sub-directories of 1Mb or more:
     bin 2.3Mb
     doc 1.1Mb
     libs 2.2Mb
Flavors: r-devel-linux-x86_64-fedora-clang, r-patched-solaris-x86