CRAN Package Check Results for Package brotli

Last updated on 2018-05-23 18:52:21 CEST.

Flavor Version Tinstall Tcheck Ttotal Status Flags
r-devel-linux-x86_64-debian-clang 1.2 31.41 30.13 61.54 OK
r-devel-linux-x86_64-debian-gcc 1.2 24.62 18.26 42.88 WARN
r-devel-linux-x86_64-fedora-clang 1.2 76.31 NOTE
r-devel-linux-x86_64-fedora-gcc 1.2 55.68 NOTE
r-devel-windows-ix86+x86_64 1.2 91.00 74.00 165.00 OK
r-patched-linux-x86_64 1.2 29.52 28.87 58.39 OK
r-patched-solaris-x86 1.2 83.30 NOTE
r-release-linux-x86_64 1.2 30.06 29.03 59.09 OK
r-release-windows-ix86+x86_64 1.2 90.00 67.00 157.00 OK
r-release-osx-x86_64 1.2 OK
r-oldrel-windows-ix86+x86_64 1.2 83.00 77.00 160.00 OK
r-oldrel-osx-x86_64 1.1 OK

Check Details

Version: 1.2
Check: package dependencies
Result: NOTE
    Package suggested but not available for checking: ‘ggplot2’
Flavor: r-devel-linux-x86_64-debian-gcc

Version: 1.2
Check: re-building of vignette outputs
Result: WARN
    Error in re-building vignettes:
     ...
    Quitting from lines 24-36 (benchmarks.Rmd)
    Error: processing vignette ‘benchmarks.Rmd’ failed with diagnostics:
    there is no package called 'ggplot2'
    Execution halted
Flavor: r-devel-linux-x86_64-debian-gcc

Version: 1.2
Check: installed package size
Result: NOTE
     installed size is 5.8Mb
     sub-directories of 1Mb or more:
     bin 2.3Mb
     doc 1.1Mb
     libs 2.3Mb
Flavors: r-devel-linux-x86_64-fedora-clang, r-devel-linux-x86_64-fedora-gcc, r-patched-solaris-x86