CRAN Package Check Results for Package brotli

Last updated on 2019-02-16 18:46:11 CET.

Flavor Version Tinstall Tcheck Ttotal Status Flags
r-devel-linux-x86_64-debian-clang 1.2 30.30 31.89 62.19 OK
r-devel-linux-x86_64-debian-gcc 1.2 20.63 25.46 46.09 OK
r-devel-linux-x86_64-fedora-clang 1.2 85.08 NOTE
r-devel-linux-x86_64-fedora-gcc 1.2 76.13 OK
r-devel-windows-ix86+x86_64 1.2 123.00 83.00 206.00 OK
r-patched-linux-x86_64 1.2 24.93 28.76 53.69 OK
r-patched-solaris-x86 1.2 113.40 NOTE
r-release-linux-x86_64 1.2 OK
r-release-windows-ix86+x86_64 1.2 62.00 58.00 120.00 OK
r-release-osx-x86_64 1.2 OK
r-oldrel-windows-ix86+x86_64 1.2 101.00 108.00 209.00 OK
r-oldrel-osx-x86_64 1.2 OK

Check Details

Version: 1.2
Check: installed package size
Result: NOTE
     installed size is 6.0Mb
     sub-directories of 1Mb or more:
     bin 2.4Mb
     doc 1.1Mb
     libs 2.4Mb
Flavors: r-devel-linux-x86_64-fedora-clang, r-patched-solaris-x86