Last updated on 2021-01-25 01:46:46 CET.
Flavor | Version | Tinstall | Tcheck | Ttotal | Status | Flags |
---|---|---|---|---|---|---|
r-devel-linux-x86_64-debian-clang | 1.1.3 | 11.34 | 98.81 | 110.15 | OK | |
r-devel-linux-x86_64-debian-gcc | 1.1.3 | 9.76 | 72.78 | 82.54 | OK | |
r-devel-linux-x86_64-fedora-clang | 1.1.3 | 138.13 | NOTE | |||
r-devel-linux-x86_64-fedora-gcc | 1.1.3 | 127.52 | NOTE | |||
r-devel-windows-ix86+x86_64 | 1.1.3 | 28.00 | 113.00 | 141.00 | OK | |
r-patched-linux-x86_64 | 1.1.3 | 11.15 | 89.67 | 100.82 | OK | |
r-patched-solaris-x86 | 1.1.3 | 200.50 | NOTE | |||
r-release-linux-x86_64 | 1.1.3 | 11.30 | 88.86 | 100.16 | OK | |
r-release-macos-x86_64 | 1.1.3 | NOTE | ||||
r-release-windows-ix86+x86_64 | 1.1.3 | 39.00 | 115.00 | 154.00 | OK | |
r-oldrel-macos-x86_64 | 1.1.3 | NOTE | ||||
r-oldrel-windows-ix86+x86_64 | 1.1.3 | 20.00 | 108.00 | 128.00 | OK |
Version: 1.1.3
Check: dependencies in R code
Result: NOTE
Namespaces in Imports field not imported from:
‘rworldxtra’ ‘sp’
All declared Imports should be used.
Flavors: r-devel-linux-x86_64-fedora-clang, r-devel-linux-x86_64-fedora-gcc, r-patched-solaris-x86, r-release-macos-x86_64, r-oldrel-macos-x86_64