Last updated on 2022-07-03 03:49:51 CEST.
Flavor | Version | Tinstall | Tcheck | Ttotal | Status | Flags |
---|---|---|---|---|---|---|
r-devel-linux-x86_64-debian-clang | 1.1.3 | 14.14 | 110.28 | 124.42 | OK | |
r-devel-linux-x86_64-debian-gcc | 1.1.3 | 9.97 | 80.85 | 90.82 | OK | |
r-devel-linux-x86_64-fedora-clang | 1.1.3 | 159.41 | NOTE | |||
r-devel-linux-x86_64-fedora-gcc | 1.1.3 | 153.76 | NOTE | |||
r-devel-windows-x86_64 | 1.1.3 | 18.00 | 127.00 | 145.00 | OK | |
r-patched-linux-x86_64 | 1.1.3 | 14.19 | 103.23 | 117.42 | OK | |
r-release-linux-x86_64 | 1.1.3 | 12.22 | 103.04 | 115.26 | OK | |
r-release-macos-arm64 | 1.1.3 | 52.00 | NOTE | |||
r-release-macos-x86_64 | 1.1.3 | 63.00 | NOTE | |||
r-release-windows-x86_64 | 1.1.3 | 25.00 | 124.00 | 149.00 | OK | |
r-oldrel-macos-arm64 | 1.1.3 | 36.00 | NOTE | |||
r-oldrel-macos-x86_64 | 1.1.3 | 73.00 | NOTE | |||
r-oldrel-windows-ix86+x86_64 | 1.1.3 | 29.00 | 123.00 | 152.00 | OK |
Version: 1.1.3
Check: dependencies in R code
Result: NOTE
Namespaces in Imports field not imported from:
‘rworldxtra’ ‘sp’
All declared Imports should be used.
Flavors: r-devel-linux-x86_64-fedora-clang, r-devel-linux-x86_64-fedora-gcc, r-release-macos-arm64, r-release-macos-x86_64, r-oldrel-macos-arm64, r-oldrel-macos-x86_64