Last updated on 2023-12-08 09:52:08 CET.
Flavor | Version | Tinstall | Tcheck | Ttotal | Status | Flags |
---|---|---|---|---|---|---|
r-devel-linux-x86_64-debian-clang | 1.2.4 | 96.97 | 105.19 | 202.16 | NOTE | |
r-devel-linux-x86_64-debian-gcc | 1.2.4 | 75.38 | 75.44 | 150.82 | NOTE | |
r-devel-linux-x86_64-fedora-clang | 1.2.4 | 259.23 | OK | |||
r-devel-linux-x86_64-fedora-gcc | 1.2.4 | 260.97 | OK | |||
r-devel-windows-x86_64 | 1.2.4 | 78.00 | 100.00 | 178.00 | OK | |
r-patched-linux-x86_64 | 1.2.4 | 79.08 | 99.65 | 178.73 | OK | |
r-release-linux-x86_64 | 1.2.4 | 80.32 | 98.45 | 178.77 | OK | |
r-release-macos-arm64 | 1.2.4 | 89.00 | OK | |||
r-release-macos-x86_64 | 1.2.4 | 133.00 | OK | |||
r-release-windows-x86_64 | 1.2.4 | 98.00 | 120.00 | 218.00 | OK | |
r-oldrel-macos-arm64 | 1.2.4 | 104.00 | OK | |||
r-oldrel-macos-x86_64 | 1.2.4 | 126.00 | OK | |||
r-oldrel-windows-x86_64 | 1.2.4 | 93.00 | 118.00 | 211.00 | OK |
Version: 1.2.4
Check: Rd files
Result: NOTE
checkRd: (-1) bsaqdpm.Rd:166: Lost braces
166 | MacEachern, S. N. and M{\"u}ller, P. (1998) Estimating mixture of Dirichlet process models.
| ^
checkRd: (-1) bsardpm.Rd:165: Lost braces
165 | MacEachern, S. N. and M{\"u}ller, P. (1998) Estimating mixture of Dirichlet process models.
| ^
Flavors: r-devel-linux-x86_64-debian-clang, r-devel-linux-x86_64-debian-gcc