CRAN Package Check Results for Package bsplus

Last updated on 2018-11-17 15:47:18 CET.

Flavor Version Tinstall Tcheck Ttotal Status Flags
r-devel-linux-x86_64-debian-clang 0.1.1 2.59 33.34 35.93 OK
r-devel-linux-x86_64-debian-gcc 0.1.1 1.90 26.98 28.88 OK
r-devel-linux-x86_64-fedora-clang 0.1.1 46.33 NOTE
r-devel-linux-x86_64-fedora-gcc 0.1.1 41.11 NOTE
r-devel-windows-ix86+x86_64 0.1.1 6.00 64.00 70.00 OK
r-patched-linux-x86_64 0.1.1 2.53 31.85 34.38 OK
r-patched-solaris-x86 0.1.1 66.50 NOTE
r-release-linux-x86_64 0.1.1 2.52 31.86 34.38 OK
r-release-windows-ix86+x86_64 0.1.1 8.00 47.00 55.00 OK
r-release-osx-x86_64 0.1.1 NOTE
r-oldrel-windows-ix86+x86_64 0.1.1 8.00 63.00 71.00 OK
r-oldrel-osx-x86_64 0.1.1 NOTE

Check Details

Version: 0.1.1
Check: dependencies in R code
Result: NOTE
    Namespace in Imports field not imported from: ‘methods’
     All declared Imports should be used.
Flavors: r-devel-linux-x86_64-fedora-clang, r-devel-linux-x86_64-fedora-gcc, r-patched-solaris-x86, r-release-osx-x86_64, r-oldrel-osx-x86_64