CRAN Package Check Results for Package bsplus

Last updated on 2018-08-19 07:47:13 CEST.

Flavor Version Tinstall Tcheck Ttotal Status Flags
r-devel-linux-x86_64-debian-clang 0.1.1 2.96 36.40 39.36 OK
r-devel-linux-x86_64-debian-gcc 0.1.1 2.43 29.75 32.18 OK
r-devel-linux-x86_64-fedora-clang 0.1.1 46.64 NOTE
r-devel-linux-x86_64-fedora-gcc 0.1.1 46.51 NOTE
r-devel-windows-ix86+x86_64 0.1.1 7.00 56.00 63.00 OK
r-patched-linux-x86_64 0.1.1 2.54 31.87 34.41 OK
r-patched-solaris-x86 0.1.1 65.90 NOTE
r-release-linux-x86_64 0.1.1 1.76 31.98 33.74 OK
r-release-windows-ix86+x86_64 0.1.1 7.00 62.00 69.00 OK
r-release-osx-x86_64 0.1.1 NOTE
r-oldrel-windows-ix86+x86_64 0.1.1 5.00 46.00 51.00 OK
r-oldrel-osx-x86_64 0.1.1 NOTE

Check Details

Version: 0.1.1
Check: dependencies in R code
Result: NOTE
    Namespace in Imports field not imported from: ‘methods’
     All declared Imports should be used.
Flavors: r-devel-linux-x86_64-fedora-clang, r-devel-linux-x86_64-fedora-gcc, r-patched-solaris-x86, r-release-osx-x86_64, r-oldrel-osx-x86_64