CRAN Package Check Results for Package bsplus

Last updated on 2019-02-17 21:47:27 CET.

Flavor Version Tinstall Tcheck Ttotal Status Flags
r-devel-linux-x86_64-debian-clang 0.1.1 3.09 34.45 37.54 OK
r-devel-linux-x86_64-debian-gcc 0.1.1 2.50 26.93 29.43 OK
r-devel-linux-x86_64-fedora-clang 0.1.1 44.95 NOTE
r-devel-linux-x86_64-fedora-gcc 0.1.1 43.88 NOTE
r-devel-windows-ix86+x86_64 0.1.1 8.00 45.00 53.00 OK
r-patched-linux-x86_64 0.1.1 2.52 31.63 34.15 OK
r-patched-solaris-x86 0.1.1 68.30 NOTE
r-release-linux-x86_64 0.1.1 OK
r-release-windows-ix86+x86_64 0.1.1 5.00 47.00 52.00 OK
r-release-osx-x86_64 0.1.1 NOTE
r-oldrel-windows-ix86+x86_64 0.1.1 6.00 56.00 62.00 OK
r-oldrel-osx-x86_64 0.1.1 NOTE

Check Details

Version: 0.1.1
Check: dependencies in R code
Result: NOTE
    Namespace in Imports field not imported from: ‘methods’
     All declared Imports should be used.
Flavors: r-devel-linux-x86_64-fedora-clang, r-devel-linux-x86_64-fedora-gcc, r-patched-solaris-x86, r-release-osx-x86_64, r-oldrel-osx-x86_64