CRAN Package Check Results for Package bsplus

Last updated on 2018-05-25 22:47:29 CEST.

Flavor Version Tinstall Tcheck Ttotal Status Flags
r-devel-linux-x86_64-debian-clang 0.1.1 2.50 35.59 38.09 OK
r-devel-linux-x86_64-debian-gcc 0.1.1 2.39 28.12 30.51 OK
r-devel-linux-x86_64-fedora-clang 0.1.1 45.28 NOTE
r-devel-linux-x86_64-fedora-gcc 0.1.1 46.07 NOTE
r-devel-windows-ix86+x86_64 0.1.1 5.00 54.00 59.00 OK
r-patched-linux-x86_64 0.1.1 1.87 31.13 33.00 OK
r-patched-solaris-x86 0.1.1 64.80 NOTE
r-release-linux-x86_64 0.1.1 2.43 31.39 33.82 OK
r-release-windows-ix86+x86_64 0.1.1 7.00 61.00 68.00 OK
r-release-osx-x86_64 0.1.1 NOTE
r-oldrel-windows-ix86+x86_64 0.1.1 6.00 47.00 53.00 OK
r-oldrel-osx-x86_64 0.1.1 NOTE

Check Details

Version: 0.1.1
Check: dependencies in R code
Result: NOTE
    Namespace in Imports field not imported from: ‘methods’
     All declared Imports should be used.
Flavors: r-devel-linux-x86_64-fedora-clang, r-devel-linux-x86_64-fedora-gcc, r-patched-solaris-x86, r-release-osx-x86_64, r-oldrel-osx-x86_64