CRAN Package Check Results for Package bssm

Last updated on 2018-11-20 19:47:36 CET.

Flavor Version Tinstall Tcheck Ttotal Status Flags
r-devel-linux-x86_64-debian-clang 0.1.5 606.54 323.62 930.16 OK
r-devel-linux-x86_64-debian-gcc 0.1.5 507.70 249.04 756.74 OK
r-devel-linux-x86_64-fedora-clang 0.1.5 1338.21 NOTE
r-devel-linux-x86_64-fedora-gcc 0.1.5 1207.33 OK
r-devel-windows-ix86+x86_64 0.1.5 1515.00 550.00 2065.00 NOTE
r-patched-linux-x86_64 0.1.5 607.40 328.05 935.45 OK
r-patched-solaris-x86 0.1.5 1196.50 OK
r-release-linux-x86_64 0.1.5 614.80 332.74 947.54 OK
r-release-windows-ix86+x86_64 0.1.5 1212.00 536.00 1748.00 NOTE
r-release-osx-x86_64 0.1.5 NOTE
r-oldrel-windows-ix86+x86_64 0.1.5 1504.00 481.00 1985.00 WARN
r-oldrel-osx-x86_64 0.1.5 NOTE

Additional issues

clang-UBSAN

Check Details

Version: 0.1.5
Check: installed package size
Result: NOTE
     installed size is 34.1Mb
     sub-directories of 1Mb or more:
     libs 33.0Mb
Flavors: r-devel-linux-x86_64-fedora-clang, r-devel-windows-ix86+x86_64, r-release-windows-ix86+x86_64, r-release-osx-x86_64, r-oldrel-windows-ix86+x86_64, r-oldrel-osx-x86_64

Version: 0.1.5
Check: whether package can be installed
Result: WARN
    Found the following significant warnings:
     Warning: S3 methods '[.fun_list', '[.grouped_df', 'all.equal.tbl_df', 'anti_join.data.frame', 'anti_join.tbl_df', 'arrange.data.frame', 'arrange.default', 'arrange.grouped_df', 'arrange.tbl_df', 'arrange_.data.frame', 'arrange_.tbl_df', 'as.data.frame.grouped_df', 'as.data.frame.rowwise_df', 'as.data.frame.tbl_cube', 'as.table.tbl_cube', 'as.tbl.data.frame', 'as.tbl.tbl', 'as.tbl_cube.array', 'as.tbl_cube.data.frame', 'as.tbl_cube.matrix', 'as.tbl_cube.table', 'as_tibble.grouped_df', 'as_tibble.tbl_cube', 'auto_copy.tbl_cube', 'auto_copy.tbl_df', 'cbind.grouped_df', 'collapse.data.frame', 'collect.data.frame', 'common_by.NULL', 'common_by.character', 'common_by.default', 'common_by.list', 'compute.data.frame', 'copy_to.DBIConnection', 'copy_to.src_local', 'default_missing.data.frame', 'default_missing.default', 'dim.tbl_cube', 'distinct.data.frame', 'distinct.default', 'distinct.grouped_df', 'distinct.tbl_df', 'distinct_.data.frame', 'distinct_.grouped_df', 'distinct_.tbl_df', 'do.NULL', 'do.da [... truncated]
Flavor: r-oldrel-windows-ix86+x86_64