CRAN Package Check Results for Package bssm

Last updated on 2018-05-23 09:46:54 CEST.

Flavor Version Tinstall Tcheck Ttotal Status Flags
r-devel-linux-x86_64-debian-clang 0.1.4 573.59 329.90 903.49 WARN
r-devel-linux-x86_64-debian-gcc 0.1.4 0.47 1.51 1.98 ERROR
r-devel-linux-x86_64-fedora-clang 0.1.4 1264.55 NOTE
r-devel-linux-x86_64-fedora-gcc 0.1.4 1165.96 NOTE
r-devel-windows-ix86+x86_64 0.1.4 1110.00 532.00 1642.00 NOTE
r-patched-linux-x86_64 0.1.4 559.68 329.63 889.31 OK
r-patched-solaris-x86 0.1.4 1105.00 OK
r-release-linux-x86_64 0.1.4 530.15 325.14 855.29 OK
r-release-windows-ix86+x86_64 0.1.4 1492.00 507.00 1999.00 NOTE
r-release-osx-x86_64 0.1.4 NOTE
r-oldrel-windows-ix86+x86_64 0.1.4 1497.00 508.00 2005.00 NOTE
r-oldrel-osx-x86_64 0.1.4 NOTE

Additional issues

clang-UBSAN

Check Details

Version: 0.1.4
Check: for unstated dependencies in ‘tests’
Result: WARN
    'library' or 'require' call not declared from: ‘MASS’
Flavor: r-devel-linux-x86_64-debian-clang

Version: 0.1.4
Check: package dependencies
Result: ERROR
    Packages required but not available: ‘diagis’ ‘ggplot2’
    
    Package suggested but not available for checking: ‘bayesplot’
    
    See section ‘The DESCRIPTION file’ in the ‘Writing R Extensions’
    manual.
Flavor: r-devel-linux-x86_64-debian-gcc

Version: 0.1.4
Check: installed package size
Result: NOTE
     installed size is 32.4Mb
     sub-directories of 1Mb or more:
     libs 31.2Mb
Flavors: r-devel-linux-x86_64-fedora-clang, r-devel-linux-x86_64-fedora-gcc, r-devel-windows-ix86+x86_64, r-release-windows-ix86+x86_64, r-release-osx-x86_64, r-oldrel-windows-ix86+x86_64, r-oldrel-osx-x86_64