CRAN Package Check Results for Package bssm

Last updated on 2018-02-24 11:50:58 CET.

Flavor Version Tinstall Tcheck Ttotal Status Flags
r-devel-linux-x86_64-debian-clang 0.1.4 560.22 316.57 876.79 OK
r-devel-linux-x86_64-debian-gcc 0.1.4 469.53 223.35 692.88 OK
r-devel-linux-x86_64-fedora-clang 0.1.4 1248.55 NOTE
r-devel-linux-x86_64-fedora-gcc 0.1.4 1175.05 NOTE
r-devel-windows-ix86+x86_64 0.1.4 1417.00 501.00 1918.00 NOTE
r-patched-linux-x86_64 0.1.4 572.80 332.38 905.18 OK
r-patched-solaris-x86 0.1.4 1076.00 OK
r-release-linux-x86_64 0.1.4 563.41 335.75 899.16 OK
r-release-windows-ix86+x86_64 0.1.4 1490.00 512.00 2002.00 NOTE
r-release-osx-x86_64 0.1.4 NOTE
r-oldrel-windows-ix86+x86_64 0.1.4 1164.00 409.00 1573.00 NOTE
r-oldrel-osx-x86_64 0.1.2 ERROR

Additional issues

clang-UBSAN OpenBLAS

Check Details

Version: 0.1.4
Check: installed package size
Result: NOTE
     installed size is 31.9Mb
     sub-directories of 1Mb or more:
     libs 30.6Mb
Flavors: r-devel-linux-x86_64-fedora-clang, r-devel-linux-x86_64-fedora-gcc, r-devel-windows-ix86+x86_64, r-release-windows-ix86+x86_64, r-release-osx-x86_64, r-oldrel-windows-ix86+x86_64

Version: 0.1.2
Check: installed package size
Result: NOTE
     installed size is 26.7Mb
     sub-directories of 1Mb or more:
     libs 25.6Mb
Flavor: r-oldrel-osx-x86_64

Version: 0.1.2
Check: tests
Result: ERROR
    Running the tests in ‘tests/test_all.R’ failed.
    Last 13 lines of output:
     1. Failure: Gaussian approximation results of bssm and KFAS coincide (@test_approx.R#9)
     2. Failure: Gaussian approximation results of bssm and KFAS coincide (@test_approx.R#11)
     3. Failure: Gaussian approximation results of bssm and KFAS coincide (@test_approx.R#13)
     4. Error: Gaussian approximation results of bssm and KFAS coincide (@test_approx.R#14)
     5. Failure: results for poisson GLM are equal to glm function (@test_approx.R#37)
     6. Failure: results for poisson GLM are equal to glm function (@test_approx.R#39)
     7. Error: results for poisson GLM are equal to glm function (@test_approx.R#40)
     8. Failure: results for binomial GLM are equal to glm function (@test_approx.R#57)
     9. Failure: results for binomial GLM are equal to glm function (@test_approx.R#59)
     1. ...
    
     Error: testthat unit tests failed
     Execution halted
Flavor: r-oldrel-osx-x86_64