CRAN Package Check Results for Package bssm

Last updated on 2019-02-16 19:47:17 CET.

Flavor Version Tinstall Tcheck Ttotal Status Flags
r-devel-linux-x86_64-debian-clang 0.1.6-1 579.96 320.17 900.13 OK
r-devel-linux-x86_64-debian-gcc 0.1.6-1 469.21 223.84 693.05 OK
r-devel-linux-x86_64-fedora-clang 0.1.6-1 1363.17 NOTE
r-devel-linux-x86_64-fedora-gcc 0.1.6-1 1251.19 OK
r-devel-windows-ix86+x86_64 0.1.6-1 1520.00 582.00 2102.00 NOTE
r-patched-linux-x86_64 0.1.6-1 555.37 317.14 872.51 OK
r-patched-solaris-x86 0.1.6-1 1111.90 OK
r-release-linux-x86_64 0.1.6-1 OK
r-release-windows-ix86+x86_64 0.1.6-1 1056.00 412.00 1468.00 NOTE
r-release-osx-x86_64 0.1.6-1 NOTE
r-oldrel-windows-ix86+x86_64 0.1.6-1 1660.00 711.00 2371.00 NOTE
r-oldrel-osx-x86_64 0.1.6-1 NOTE

Additional issues

clang-UBSAN MKL

Check Details

Version: 0.1.6-1
Check: installed package size
Result: NOTE
     installed size is 32.0Mb
     sub-directories of 1Mb or more:
     libs 30.9Mb
Flavors: r-devel-linux-x86_64-fedora-clang, r-devel-windows-ix86+x86_64, r-release-windows-ix86+x86_64, r-release-osx-x86_64, r-oldrel-windows-ix86+x86_64, r-oldrel-osx-x86_64