CRAN Package Check Results for Package bssm

Last updated on 2018-08-22 06:46:39 CEST.

Flavor Version Tinstall Tcheck Ttotal Status Flags
r-devel-linux-x86_64-debian-clang 0.1.5 585.15 321.75 906.90 OK
r-devel-linux-x86_64-debian-gcc 0.1.5 501.46 248.93 750.39 OK
r-devel-linux-x86_64-fedora-clang 0.1.5 1219.64 NOTE
r-devel-linux-x86_64-fedora-gcc 0.1.5 1194.12 OK
r-devel-windows-ix86+x86_64 0.1.5 1112.00 425.00 1537.00 NOTE
r-patched-linux-x86_64 0.1.5 600.60 327.01 927.61 OK
r-patched-solaris-x86 0.1.5 1108.10 OK
r-release-linux-x86_64 0.1.5 605.53 329.64 935.17 OK
r-release-windows-ix86+x86_64 0.1.5 1500.00 513.00 2013.00 WARN
r-release-osx-x86_64 0.1.5 NOTE
r-oldrel-windows-ix86+x86_64 0.1.5 1157.00 404.00 1561.00 NOTE
r-oldrel-osx-x86_64 0.1.5 NOTE

Additional issues

clang-UBSAN

Check Details

Version: 0.1.5
Check: installed package size
Result: NOTE
     installed size is 32.9Mb
     sub-directories of 1Mb or more:
     libs 31.8Mb
Flavors: r-devel-linux-x86_64-fedora-clang, r-devel-windows-ix86+x86_64, r-release-windows-ix86+x86_64, r-release-osx-x86_64, r-oldrel-windows-ix86+x86_64, r-oldrel-osx-x86_64

Version: 0.1.5
Check: whether package can be installed
Result: WARN
    Found the following significant warnings:
     Warning: S3 methods '[.fun_list', '[.grouped_df', 'all.equal.tbl_df', 'anti_join.data.frame', 'anti_join.tbl_df', 'arrange.data.frame', 'arrange.default', 'arrange.grouped_df', 'arrange.tbl_df', 'arrange_.data.frame', 'arrange_.tbl_df', 'as.data.frame.grouped_df', 'as.data.frame.rowwise_df', 'as.data.frame.tbl_cube', 'as.data.frame.tbl_df', 'as.table.tbl_cube', 'as.tbl.data.frame', 'as.tbl.tbl', 'as.tbl_cube.array', 'as.tbl_cube.data.frame', 'as.tbl_cube.matrix', 'as.tbl_cube.table', 'as_data_frame.grouped_df', 'as_data_frame.tbl_cube', 'auto_copy.tbl_cube', 'auto_copy.tbl_df', 'cbind.grouped_df', 'collapse.data.frame', 'collect.data.frame', 'common_by.NULL', 'common_by.character', 'common_by.default', 'common_by.list', 'compute.data.frame', 'copy_to.DBIConnection', 'copy_to.src_local', 'default_missing.data.frame', 'default_missing.default', 'dim.tbl_cube', 'distinct.data.frame', 'distinct.default', 'distinct.grouped_df', 'distinct.tbl_df', 'distinct_.data.frame', 'distinct_.grouped_df', 'dist [... truncated]
Flavor: r-release-windows-ix86+x86_64