CRAN Package Check Results for Package bst

Last updated on 2019-12-06 05:46:30 CET.

Flavor Version Tinstall Tcheck Ttotal Status Flags
r-devel-linux-x86_64-debian-clang 0.3-17 11.16 138.56 149.72 OK
r-devel-linux-x86_64-debian-gcc 0.3-17 9.83 105.07 114.90 OK
r-devel-linux-x86_64-fedora-clang 0.3-17 170.12 NOTE
r-devel-linux-x86_64-fedora-gcc 0.3-17 171.41 NOTE
r-devel-windows-ix86+x86_64 0.3-17 24.00 225.00 249.00 OK
r-devel-windows-ix86+x86_64-gcc8 0.3-17 23.00 163.00 186.00 OK
r-patched-linux-x86_64 0.3-17 11.02 124.48 135.50 OK
r-patched-solaris-x86 0.3-17 236.70 OK
r-release-linux-x86_64 0.3-17 10.14 124.40 134.54 OK
r-release-windows-ix86+x86_64 0.3-17 30.00 157.00 187.00 OK
r-release-osx-x86_64 0.3-17 OK
r-oldrel-windows-ix86+x86_64 0.3-17 14.00 148.00 162.00 OK
r-oldrel-osx-x86_64 0.3-17 OK

Check Details

Version: 0.3-17
Check: top-level files
Result: NOTE
    ‘cleanup’: /bin/bash is not portable
Flavors: r-devel-linux-x86_64-fedora-clang, r-devel-linux-x86_64-fedora-gcc