CRAN Package Check Results for Package bst

Last updated on 2018-09-25 09:47:06 CEST.

Flavor Version Tinstall Tcheck Ttotal Status Flags
r-devel-linux-x86_64-debian-clang 0.3-15 6.99 120.19 127.18 OK
r-devel-linux-x86_64-debian-gcc 0.3-15 5.98 106.29 112.27 OK
r-devel-linux-x86_64-fedora-clang 0.3-15 169.72 OK
r-devel-linux-x86_64-fedora-gcc 0.3-15 167.53 OK
r-devel-windows-ix86+x86_64 0.3-15 20.00 232.00 252.00 OK
r-patched-linux-x86_64 0.3-15 8.40 70.75 79.15 OK
r-patched-solaris-x86 0.3-15 209.00 OK
r-release-linux-x86_64 0.3-15 7.90 123.74 131.64 OK
r-release-windows-ix86+x86_64 0.3-15 21.00 216.00 237.00 OK
r-release-osx-x86_64 0.3-15 OK
r-oldrel-windows-ix86+x86_64 0.3-15 4.00 7.00 11.00 ERROR
r-oldrel-osx-x86_64 0.3-15 OK

Check Details

Version: 0.3-15
Check: whether package can be installed
Result: ERROR
    Installation failed.
Flavor: r-oldrel-windows-ix86+x86_64