CRAN Package Check Results for Package btergm

Last updated on 2018-08-19 11:47:44 CEST.

Flavor Version Tinstall Tcheck Ttotal Status Flags
r-devel-linux-x86_64-debian-clang 1.9.1 13.67 122.90 136.57 WARN
r-devel-linux-x86_64-debian-gcc 1.9.1 10.90 97.30 108.20 WARN
r-devel-linux-x86_64-fedora-clang 1.9.1 161.39 WARN
r-devel-linux-x86_64-fedora-gcc 1.9.1 158.88 WARN
r-devel-windows-ix86+x86_64 1.9.1 21.00 164.00 185.00 WARN
r-patched-linux-x86_64 1.9.1 12.41 105.09 117.50 WARN
r-patched-solaris-x86 1.9.1 219.90 WARN
r-release-linux-x86_64 1.9.1 13.67 106.10 119.77 WARN
r-release-windows-ix86+x86_64 1.9.1 31.00 160.00 191.00 WARN
r-release-osx-x86_64 1.9.1 OK
r-oldrel-windows-ix86+x86_64 1.9.1 14.00 120.00 134.00 WARN
r-oldrel-osx-x86_64 1.9.1 OK

Check Details

Version: 1.9.1
Check: whether package can be installed
Result: WARN
    Found the following significant warnings:
     Warning: 'ergm.MHP.table' is deprecated.
     Warning: Function ergm.init.methods() has been deprecated in favor of specifying init_methods in InitErgmReference.*() functions, and has no effect.
     Warning: Function ergm.ConstraintImplications() has been deprecated in favor of specifying the implications in the InitErgmConstraint.*() functions, and has no effect.
     Warning: replacing previous import ‘statnet.common::sweep.mcmc.list’ by ‘ergm::sweep.mcmc.list’ when loading ‘btergm’
     Warning: replacing previous import ‘statnet.common::colMeans.mcmc.list’ by ‘ergm::colMeans.mcmc.list’ when loading ‘btergm’
Flavors: r-devel-linux-x86_64-debian-clang, r-devel-windows-ix86+x86_64, r-patched-linux-x86_64, r-patched-solaris-x86, r-release-linux-x86_64

Version: 1.9.1
Check: examples
Result: WARN
    Found the following significant warnings:
    
     Warning: 'ergm.MHP.table' is deprecated.
    Deprecated functions may be defunct as soon as of the next release of
    R.
    See ?Deprecated.
Flavors: r-devel-linux-x86_64-debian-clang, r-devel-linux-x86_64-debian-gcc, r-devel-linux-x86_64-fedora-clang, r-devel-linux-x86_64-fedora-gcc, r-devel-windows-ix86+x86_64, r-patched-linux-x86_64, r-patched-solaris-x86, r-release-linux-x86_64

Version: 1.9.1
Check: whether package can be installed
Result: WARN
    Found the following significant warnings:
     Warning: 'ergm.MHP.table' is deprecated.
     Warning: Function ergm.init.methods() has been deprecated in favor of specifying init_methods in InitErgmReference.*() functions, and has no effect.
     Warning: replacing previous import ‘statnet.common::sweep.mcmc.list’ by ‘ergm::sweep.mcmc.list’ when loading ‘btergm’
     Warning: replacing previous import ‘statnet.common::colMeans.mcmc.list’ by ‘ergm::colMeans.mcmc.list’ when loading ‘btergm’
Flavors: r-devel-linux-x86_64-debian-gcc, r-devel-linux-x86_64-fedora-clang, r-devel-linux-x86_64-fedora-gcc

Version: 1.9.1
Check: whether package can be installed
Result: WARN
    Found the following significant warnings:
     Warning: replacing previous import 'statnet.common::sweep.mcmc.list' by 'ergm::sweep.mcmc.list' when loading 'btergm'
     Warning: replacing previous import 'statnet.common::colMeans.mcmc.list' by 'ergm::colMeans.mcmc.list' when loading 'btergm'
Flavors: r-release-windows-ix86+x86_64, r-oldrel-windows-ix86+x86_64