CRAN Package Check Results for Package btergm

Last updated on 2021-01-25 00:47:53 CET.

Flavor Version Tinstall Tcheck Ttotal Status Flags
r-devel-linux-x86_64-debian-clang 1.9.13 21.55 172.27 193.82 OK
r-devel-linux-x86_64-debian-gcc 1.9.13 16.25 128.05 144.30 OK
r-devel-linux-x86_64-fedora-clang 1.9.13 237.85 OK
r-devel-linux-x86_64-fedora-gcc 1.9.13 229.23 OK
r-devel-windows-ix86+x86_64 1.9.13 39.00 181.00 220.00 OK
r-patched-linux-x86_64 1.9.13 19.59 158.63 178.22 OK
r-patched-solaris-x86 1.9.13 342.90 OK
r-release-linux-x86_64 1.9.13 19.12 158.43 177.55 OK
r-release-macos-x86_64 1.9.13 OK
r-release-windows-ix86+x86_64 1.9.13 44.00 189.00 233.00 OK
r-oldrel-macos-x86_64 1.9.13 WARN
r-oldrel-windows-ix86+x86_64 1.9.13 27.00 174.00 201.00 OK

Check Details

Version: 1.9.13
Check: dependencies in R code
Result: NOTE
    No protocol specified
    No protocol specified
Flavor: r-oldrel-macos-x86_64

Version: 1.9.13
Check: S3 generic/method consistency
Result: WARN
    No protocol specified
    No protocol specified
    See section ‘Generic functions and methods’ in the ‘Writing R
    Extensions’ manual.
Flavor: r-oldrel-macos-x86_64

Version: 1.9.13
Check: replacement functions
Result: WARN
    No protocol specified
    No protocol specified
    The argument of a replacement function which corresponds to the right
    hand side must be named ‘value’.
Flavor: r-oldrel-macos-x86_64

Version: 1.9.13
Check: foreign function calls
Result: NOTE
    No protocol specified
    No protocol specified
    See chapter ‘System and foreign language interfaces’ in the ‘Writing R
    Extensions’ manual.
Flavor: r-oldrel-macos-x86_64

Version: 1.9.13
Check: R code for possible problems
Result: NOTE
    No protocol specified
    No protocol specified
Flavor: r-oldrel-macos-x86_64

Version: 1.9.13
Check: for missing documentation entries
Result: WARN
    No protocol specified
    No protocol specified
    All user-level objects in a package should have documentation entries.
    See chapter ‘Writing R documentation files’ in the ‘Writing R
    Extensions’ manual.
Flavor: r-oldrel-macos-x86_64

Version: 1.9.13
Check: for code/documentation mismatches
Result: WARN
    No protocol specified
    No protocol specified
    No protocol specified
    No protocol specified
    No protocol specified
    No protocol specified
Flavor: r-oldrel-macos-x86_64

Version: 1.9.13
Check: Rd \usage sections
Result: NOTE
    No protocol specified
    No protocol specified
    The \usage entries for S3 methods should use the \method markup and not
    their full name.
    See chapter ‘Writing R documentation files’ in the ‘Writing R
    Extensions’ manual.
Flavor: r-oldrel-macos-x86_64