CRAN Package Check Results for Package btf

Last updated on 2018-02-23 04:48:08 CET.

Flavor Version Tinstall Tcheck Ttotal Status Flags
r-devel-linux-x86_64-debian-clang 1.2 64.14 46.60 110.74 OK
r-devel-linux-x86_64-debian-gcc 1.2 47.17 42.72 89.89 OK
r-devel-linux-x86_64-fedora-clang 1.2 156.13 NOTE
r-devel-linux-x86_64-fedora-gcc 1.2 146.40 NOTE
r-devel-windows-ix86+x86_64 1.2 160.00 94.00 254.00 OK
r-patched-linux-x86_64 1.2 57.20 54.68 111.88 OK
r-patched-solaris-x86 1.2 177.20 OK
r-release-linux-x86_64 1.2 57.28 53.90 111.18 OK
r-release-windows-ix86+x86_64 1.2 151.00 114.00 265.00 OK
r-release-osx-x86_64 1.2 NOTE
r-oldrel-windows-ix86+x86_64 1.2 120.00 82.00 202.00 OK
r-oldrel-osx-x86_64 1.2 NOTE

Check Details

Version: 1.2
Check: installed package size
Result: NOTE
     installed size is 9.3Mb
     sub-directories of 1Mb or more:
     libs 9.1Mb
Flavors: r-devel-linux-x86_64-fedora-clang, r-devel-linux-x86_64-fedora-gcc, r-release-osx-x86_64, r-oldrel-osx-x86_64