CRAN Package Check Results for Package btf

Last updated on 2018-05-25 03:46:51 CEST.

Flavor Version Tinstall Tcheck Ttotal Status Flags
r-devel-linux-x86_64-debian-clang 1.2 62.94 55.97 118.91 OK
r-devel-linux-x86_64-debian-gcc 1.2 49.28 50.42 99.70 OK
r-devel-linux-x86_64-fedora-clang 1.2 169.70 NOTE
r-devel-linux-x86_64-fedora-gcc 1.2 162.54 NOTE
r-devel-windows-ix86+x86_64 1.2 120.00 127.00 247.00 OK
r-patched-linux-x86_64 1.2 62.26 53.57 115.83 OK
r-patched-solaris-x86 1.2 180.20 OK
r-release-linux-x86_64 1.2 59.68 52.90 112.58 OK
r-release-windows-ix86+x86_64 1.2 156.00 89.00 245.00 OK
r-release-osx-x86_64 1.2 NOTE
r-oldrel-windows-ix86+x86_64 1.2 150.00 89.00 239.00 OK
r-oldrel-osx-x86_64 1.2 NOTE

Check Details

Version: 1.2
Check: installed package size
Result: NOTE
     installed size is 9.3Mb
     sub-directories of 1Mb or more:
     libs 9.1Mb
Flavors: r-devel-linux-x86_64-fedora-clang, r-devel-linux-x86_64-fedora-gcc, r-release-osx-x86_64, r-oldrel-osx-x86_64