CRAN Package Check Results for Package bubblyr

Last updated on 2022-08-09 03:51:57 CEST.

Flavor Version Tinstall Tcheck Ttotal Status Flags
r-devel-linux-x86_64-debian-clang 0.1.2 1.78 25.18 26.96 NOTE
r-devel-linux-x86_64-debian-gcc 0.1.2 1.96 19.91 21.87 NOTE
r-devel-linux-x86_64-fedora-clang 0.1.2 44.66 NOTE
r-devel-linux-x86_64-fedora-gcc 0.1.2 44.06 NOTE
r-devel-windows-x86_64 0.1.2 10.00 59.00 69.00 NOTE
r-patched-linux-x86_64 0.1.2 2.82 24.96 27.78 NOTE
r-release-linux-x86_64 0.1.2 NOTE
r-release-macos-arm64 0.1.2 18.00 NOTE
r-release-macos-x86_64 0.1.2 25.00 NOTE
r-release-windows-x86_64 0.1.2 8.00 60.00 68.00 NOTE
r-oldrel-macos-arm64 0.1.2 22.00 NOTE
r-oldrel-macos-x86_64 0.1.2 29.00 NOTE
r-oldrel-windows-ix86+x86_64 0.1.2 6.00 44.00 50.00 NOTE

Check Details

Version: 0.1.2
Check: LazyData
Result: NOTE
     'LazyData' is specified without a 'data' directory
Flavors: r-devel-linux-x86_64-debian-clang, r-devel-linux-x86_64-debian-gcc, r-devel-linux-x86_64-fedora-clang, r-devel-linux-x86_64-fedora-gcc, r-devel-windows-x86_64, r-patched-linux-x86_64, r-release-linux-x86_64, r-release-macos-arm64, r-release-macos-x86_64, r-release-windows-x86_64, r-oldrel-macos-arm64, r-oldrel-macos-x86_64, r-oldrel-windows-ix86+x86_64