CRAN Package Check Results for Package bujar

Last updated on 2022-08-12 03:53:22 CEST.

Flavor Version Tinstall Tcheck Ttotal Status Flags
r-devel-linux-x86_64-debian-clang 0.2-9 19.28 171.51 190.79 OK
r-devel-linux-x86_64-debian-gcc 0.2-9 0.55 2.54 3.09 ERROR
r-devel-linux-x86_64-fedora-clang 0.2-9 231.71 OK
r-devel-linux-x86_64-fedora-gcc 0.2-9 226.87 OK
r-devel-windows-x86_64 0.2-9 26.00 205.00 231.00 OK
r-patched-linux-x86_64 0.2-9 12.83 160.58 173.41 OK
r-release-linux-x86_64 0.2-9 11.15 162.37 173.52 OK
r-release-macos-arm64 0.2-9 72.00 OK
r-release-macos-x86_64 0.2-9 111.00 OK
r-release-windows-x86_64 0.2-9 27.00 201.00 228.00 OK
r-oldrel-macos-arm64 0.2-9 76.00 OK
r-oldrel-macos-x86_64 0.2-9 113.00 OK
r-oldrel-windows-ix86+x86_64 0.2-9 42.00 185.00 227.00 OK

Check Details

Version: 0.2-9
Check: package dependencies
Result: ERROR
    Packages required but not available: 'mpath', 'gbm', 'bst'
    
    See section ‘The DESCRIPTION file’ in the ‘Writing R Extensions’
    manual.
Flavor: r-devel-linux-x86_64-debian-gcc