CRAN Package Check Results for Package bunching

Last updated on 2024-03-04 02:59:14 CET.

Flavor Version Tinstall Tcheck Ttotal Status Flags
r-devel-linux-x86_64-debian-clang 0.8.6 8.49 220.78 229.27 OK
r-devel-linux-x86_64-debian-gcc 0.8.6 6.16 167.05 173.21 OK
r-devel-linux-x86_64-fedora-clang 0.8.6 279.08 OK
r-devel-linux-x86_64-fedora-gcc 0.8.6 282.50 OK
r-devel-windows-x86_64 0.8.6 8.00 249.00 257.00 OK
r-patched-linux-x86_64 0.8.6 6.01 218.15 224.16 OK
r-release-linux-x86_64 0.8.6 8.59 220.24 228.83 OK
r-release-macos-arm64 0.8.6 93.00 ERROR
r-release-macos-x86_64 0.8.6 136.00 OK
r-release-windows-x86_64 0.8.6 10.00 275.00 285.00 OK
r-oldrel-macos-arm64 0.8.6 84.00 OK
r-oldrel-windows-x86_64 0.8.6 10.00 274.00 284.00 OK

Check Details

Version: 0.8.6
Check: re-building of vignette outputs
Result: ERROR Error(s) in re-building vignettes: --- re-building ‘bunching_examples.Rmd’ using rmarkdown ! kpathsea: Running mktexpk --mfmode / --bdpi 600 --mag 1+0/600 --dpi 600 bbm10 ! mkdir: ././opt/tex/texmf-var/fonts/pk/ljfour/public: Permission denied ! mktexpk: /opt/tex/texmf-dist/web2c/mktexdir /opt/tex/texmf-var/fonts/pk/ljfour/public/bbm failed. ! kpathsea: Appending font creation commands to missfont.log. Error: processing vignette 'bunching_examples.Rmd' failed with diagnostics: LaTeX failed to compile /Volumes/Builds/packages/big-sur-arm64/results/4.3/bunching.Rcheck/vign_test/bunching/vignettes/bunching_examples.tex. See https://yihui.org/tinytex/r/#debugging for debugging tips. See bunching_examples.log for more info. --- failed re-building ‘bunching_examples.Rmd’ --- re-building ‘bunching_theory.Rmd’ using rmarkdown ! kpathsea: Running mktexpk --mfmode / --bdpi 600 --mag 1+0/600 --dpi 600 bbm10 ! mkdir: ././opt/tex/texmf-var/fonts/pk/ljfour/public: Permission denied ! mktexpk: /opt/tex/texmf-dist/web2c/mktexdir /opt/tex/texmf-var/fonts/pk/ljfour/public/bbm failed. ! kpathsea: Appending font creation commands to missfont.log. Error: processing vignette 'bunching_theory.Rmd' failed with diagnostics: LaTeX failed to compile /Volumes/Builds/packages/big-sur-arm64/results/4.3/bunching.Rcheck/vign_test/bunching/vignettes/bunching_theory.tex. See https://yihui.org/tinytex/r/#debugging for debugging tips. See bunching_theory.log for more info. --- failed re-building ‘bunching_theory.Rmd’ SUMMARY: processing the following files failed: ‘bunching_examples.Rmd’ ‘bunching_theory.Rmd’ Error: Vignette re-building failed. Execution halted Flavor: r-release-macos-arm64