Last updated on 2019-02-16 13:46:11 CET.
Flavor | Version | Tinstall | Tcheck | Ttotal | Status | Flags |
---|---|---|---|---|---|---|
r-devel-linux-x86_64-debian-clang | 1.2.0 | 2.29 | 539.64 | 541.93 | OK | |
r-devel-linux-x86_64-debian-gcc | 1.2.0 | 1.82 | 401.06 | 402.88 | OK | |
r-devel-linux-x86_64-fedora-clang | 1.2.0 | 625.24 | OK | |||
r-devel-linux-x86_64-fedora-gcc | 1.2.0 | 607.04 | OK | |||
r-devel-windows-ix86+x86_64 | 1.2.0 | 5.00 | 363.00 | 368.00 | OK | --no-vignettes |
r-patched-linux-x86_64 | 1.2.0 | 1.63 | 541.01 | 542.64 | NOTE | |
r-patched-solaris-x86 | 1.2.0 | 856.00 | OK | |||
r-release-linux-x86_64 | 1.2.0 | NOTE | ||||
r-release-windows-ix86+x86_64 | 1.2.0 | 3.00 | 459.00 | 462.00 | OK | --no-vignettes |
r-release-osx-x86_64 | 1.2.0 | OK | ||||
r-oldrel-windows-ix86+x86_64 | 1.2.0 | 5.00 | 536.00 | 541.00 | OK | --no-vignettes |
r-oldrel-osx-x86_64 | 1.2.0 | OK |
Version: 1.2.0
Check: DESCRIPTION meta-information
Result: NOTE
Dependence on R version ‘3.3.1’ not with patchlevel 0
Flavors: r-patched-linux-x86_64, r-release-linux-x86_64