CRAN Package Check Results for Package bunchr

Last updated on 2018-05-26 00:46:21 CEST.

Flavor Version Tinstall Tcheck Ttotal Status Flags
r-devel-linux-x86_64-debian-clang 1.2.0 1.90 563.10 565.00 OK
r-devel-linux-x86_64-debian-gcc 1.2.0 1.32 412.95 414.27 OK
r-devel-linux-x86_64-fedora-clang 1.2.0 628.59 OK
r-devel-linux-x86_64-fedora-gcc 1.2.0 647.47 OK
r-devel-windows-ix86+x86_64 1.2.0 3.00 458.00 461.00 OK --no-vignettes
r-patched-linux-x86_64 1.2.0 1.78 536.37 538.15 NOTE
r-patched-solaris-x86 1.2.0 835.10 OK
r-release-linux-x86_64 1.2.0 1.69 574.67 576.36 NOTE
r-release-windows-ix86+x86_64 1.2.0 4.00 347.00 351.00 OK --no-vignettes
r-release-osx-x86_64 1.2.0 OK
r-oldrel-windows-ix86+x86_64 1.2.0 3.00 374.00 377.00 OK --no-vignettes
r-oldrel-osx-x86_64 1.2.0 OK

Check Details

Version: 1.2.0
Check: DESCRIPTION meta-information
Result: NOTE
    Dependence on R version ‘3.3.1’ not with patchlevel 0
Flavors: r-patched-linux-x86_64, r-release-linux-x86_64