CRAN Package Check Results for Package bunchr

Last updated on 2018-11-17 06:46:35 CET.

Flavor Version Tinstall Tcheck Ttotal Status Flags
r-devel-linux-x86_64-debian-clang 1.2.0 2.03 551.71 553.74 OK
r-devel-linux-x86_64-debian-gcc 1.2.0 1.29 404.99 406.28 OK
r-devel-linux-x86_64-fedora-clang 1.2.0 629.80 OK
r-devel-linux-x86_64-fedora-gcc 1.2.0 616.76 OK
r-devel-windows-ix86+x86_64 1.2.0 5.00 494.00 499.00 OK --no-vignettes
r-patched-linux-x86_64 1.2.0 1.08 541.53 542.61 NOTE
r-patched-solaris-x86 1.2.0 889.20 OK
r-release-linux-x86_64 1.2.0 1.50 536.42 537.92 NOTE
r-release-windows-ix86+x86_64 1.2.0 6.00 486.00 492.00 OK --no-vignettes
r-release-osx-x86_64 1.2.0 OK
r-oldrel-windows-ix86+x86_64 1.2.0 4.00 497.00 501.00 OK --no-vignettes
r-oldrel-osx-x86_64 1.2.0 OK

Check Details

Version: 1.2.0
Check: DESCRIPTION meta-information
Result: NOTE
    Dependence on R version ‘3.3.1’ not with patchlevel 0
Flavors: r-patched-linux-x86_64, r-release-linux-x86_64