CRAN Package Check Results for Package bunchr

Last updated on 2018-02-21 15:48:46 CET.

Flavor Version Tinstall Tcheck Ttotal Status Flags
r-devel-linux-x86_64-debian-clang 1.2.0 1.95 577.00 578.95 NOTE
r-devel-linux-x86_64-debian-gcc 1.2.0 1.46 402.47 403.93 NOTE
r-devel-linux-x86_64-fedora-clang 1.2.0 632.66 NOTE
r-devel-linux-x86_64-fedora-gcc 1.2.0 624.39 NOTE
r-devel-windows-ix86+x86_64 1.2.0 3.00 340.00 343.00 OK --no-vignettes
r-patched-linux-x86_64 1.2.0 1.09 619.20 620.29 OK
r-patched-solaris-x86 1.2.0 799.20 OK
r-release-linux-x86_64 1.2.0 0.94 586.00 586.94 OK
r-release-windows-ix86+x86_64 1.2.0 5.00 377.00 382.00 OK --no-vignettes
r-release-osx-x86_64 1.2.0 OK
r-oldrel-windows-ix86+x86_64 1.2.0 2.00 537.00 539.00 OK --no-vignettes
r-oldrel-osx-x86_64 1.2.0 OK

Check Details

Version: 1.2.0
Check: DESCRIPTION meta-information
Result: NOTE
    Dependence on R version ‘3.3.1’ not with patchlevel 0
Flavors: r-devel-linux-x86_64-debian-clang, r-devel-linux-x86_64-debian-gcc, r-devel-linux-x86_64-fedora-clang, r-devel-linux-x86_64-fedora-gcc