CRAN Package Check Results for Package bunchr

Last updated on 2018-08-19 07:47:14 CEST.

Flavor Version Tinstall Tcheck Ttotal Status Flags
r-devel-linux-x86_64-debian-clang 1.2.0 2.07 543.34 545.41 OK
r-devel-linux-x86_64-debian-gcc 1.2.0 1.33 405.89 407.22 OK
r-devel-linux-x86_64-fedora-clang 1.2.0 631.68 OK
r-devel-linux-x86_64-fedora-gcc 1.2.0 639.80 OK
r-devel-windows-ix86+x86_64 1.2.0 5.00 459.00 464.00 OK --no-vignettes
r-patched-linux-x86_64 1.2.0 1.78 540.13 541.91 NOTE
r-patched-solaris-x86 1.2.0 859.60 OK
r-release-linux-x86_64 1.2.0 1.68 542.73 544.41 NOTE
r-release-windows-ix86+x86_64 1.2.0 5.00 357.00 362.00 OK --no-vignettes
r-release-osx-x86_64 1.2.0 OK
r-oldrel-windows-ix86+x86_64 1.2.0 3.00 478.00 481.00 OK --no-vignettes
r-oldrel-osx-x86_64 1.2.0 OK

Check Details

Version: 1.2.0
Check: DESCRIPTION meta-information
Result: NOTE
    Dependence on R version ‘3.3.1’ not with patchlevel 0
Flavors: r-patched-linux-x86_64, r-release-linux-x86_64