CRAN Package Check Results for Package butcher

Last updated on 2020-05-29 17:49:00 CEST.

Flavor Version Tinstall Tcheck Ttotal Status Flags
r-devel-linux-x86_64-debian-clang 0.1.2 5.09 88.08 93.17 WARN
r-devel-linux-x86_64-debian-gcc 0.1.2 3.68 67.60 71.28 WARN
r-devel-linux-x86_64-fedora-clang 0.1.2 121.70 NOTE
r-devel-linux-x86_64-fedora-gcc 0.1.2 111.40 NOTE
r-devel-windows-ix86+x86_64 0.1.2 13.00 148.00 161.00 WARN
r-patched-linux-x86_64 0.1.2 4.48 88.33 92.81 OK
r-patched-solaris-x86 0.1.2 216.50 NOTE
r-release-linux-x86_64 0.1.2 4.13 87.45 91.58 OK
r-release-osx-x86_64 0.1.2 NOTE
r-release-windows-ix86+x86_64 0.1.2 12.00 97.00 109.00 OK
r-oldrel-osx-x86_64 0.1.2 NOTE
r-oldrel-windows-ix86+x86_64 0.1.2 8.00 103.00 111.00 OK

Check Details

Version: 0.1.2
Check: Rd files
Result: WARN
    prepare_Rd: devtools is incompatible with the current version of R. `load_all()` may function incorrectly.
Flavors: r-devel-linux-x86_64-debian-clang, r-devel-linux-x86_64-debian-gcc, r-devel-windows-ix86+x86_64

Version: 0.1.2
Check: Rd line widths
Result: NOTE
    Warning in extract_lang(f = comp_lang, y = quote(if (.isMethodsDispatchOn() && :
     devtools is incompatible with the current version of R. `load_all()` may function incorrectly.
    These lines will be truncated in the PDF manual.
Flavors: r-devel-linux-x86_64-debian-clang, r-devel-linux-x86_64-debian-gcc

Version: 0.1.2
Check: for unstated dependencies in examples
Result: WARN
    Warning in extract_lang(f = comp_lang, y = quote(if (.isMethodsDispatchOn() && :
     devtools is incompatible with the current version of R. `load_all()` may function incorrectly.
Flavors: r-devel-linux-x86_64-debian-clang, r-devel-linux-x86_64-debian-gcc, r-devel-windows-ix86+x86_64

Version: 0.1.2
Check: dependencies in R code
Result: NOTE
    Namespace in Imports field not imported from: ‘modeldata’
     All declared Imports should be used.
Flavors: r-devel-linux-x86_64-fedora-clang, r-devel-linux-x86_64-fedora-gcc, r-patched-solaris-x86, r-release-osx-x86_64, r-oldrel-osx-x86_64