CRAN Package Check Results for Package bvarsv

Last updated on 2024-02-26 03:59:04 CET.

Flavor Version Tinstall Tcheck Ttotal Status Flags
r-devel-linux-x86_64-debian-clang 1.1 45.79 34.17 79.96 OK
r-devel-linux-x86_64-debian-gcc 1.1 36.35 26.47 62.82 OK
r-devel-linux-x86_64-fedora-clang 1.1 109.01 NOTE
r-devel-linux-x86_64-fedora-gcc 1.1 110.60 NOTE
r-devel-windows-x86_64 1.1 34.00 71.00 105.00 OK
r-patched-linux-x86_64 1.1 41.56 34.80 76.36 OK
r-release-linux-x86_64 1.1 44.49 34.63 79.12 OK
r-release-macos-arm64 1.1 35.00 OK
r-release-macos-x86_64 1.1 51.00 OK
r-release-windows-x86_64 1.1 43.00 78.00 121.00 OK
r-oldrel-macos-arm64 1.1 31.00 OK
r-oldrel-windows-x86_64 1.1 41.00 75.00 116.00 OK

Check Details

Version: 1.1
Check: compiled code
Result: NOTE File ‘bvarsv/libs/bvarsv.so’: Found no calls to: ‘R_registerRoutines’, ‘R_useDynamicSymbols’ It is good practice to register native routines and to disable symbol search. See ‘Writing portable packages’ in the ‘Writing R Extensions’ manual. Flavors: r-devel-linux-x86_64-fedora-clang, r-devel-linux-x86_64-fedora-gcc