CRAN Package Check Results for Package bws

Last updated on 2022-12-05 07:53:36 CET.

Flavor Version Tinstall Tcheck Ttotal Status Flags
r-devel-linux-x86_64-debian-clang 0.1.0 223.80 102.71 326.51 NOTE
r-devel-linux-x86_64-debian-gcc 0.1.0 213.60 87.58 301.18 NOTE
r-devel-linux-x86_64-fedora-clang 0.1.0 432.28 NOTE
r-devel-linux-x86_64-fedora-gcc 0.1.0 503.75 NOTE
r-devel-windows-x86_64 0.1.0 168.00 163.00 331.00 NOTE
r-patched-linux-x86_64 0.1.0 158.65 109.42 268.07 NOTE
r-release-linux-x86_64 0.1.0 169.44 108.91 278.35 NOTE
r-release-macos-arm64 0.1.0 118.00 NOTE
r-release-macos-x86_64 0.1.0 168.00 NOTE
r-release-windows-x86_64 0.1.0 186.00 174.00 360.00 NOTE
r-oldrel-macos-arm64 0.1.0 95.00 NOTE
r-oldrel-macos-x86_64 0.1.0 162.00 NOTE
r-oldrel-windows-ix86+x86_64 0.1.0 535.00 203.00 738.00 NOTE

Check Details

Version: 0.1.0
Check: for GNU extensions in Makefiles
Result: NOTE
    GNU make is a SystemRequirements.
Flavors: r-devel-linux-x86_64-debian-clang, r-devel-linux-x86_64-debian-gcc, r-devel-linux-x86_64-fedora-clang, r-devel-linux-x86_64-fedora-gcc, r-devel-windows-x86_64, r-patched-linux-x86_64, r-release-linux-x86_64, r-release-macos-arm64, r-release-macos-x86_64, r-release-windows-x86_64, r-oldrel-macos-arm64, r-oldrel-macos-x86_64, r-oldrel-windows-ix86+x86_64

Version: 0.1.0
Check: dependencies in R code
Result: NOTE
    Namespaces in Imports field not imported from:
     ‘RcppParallel’ ‘rstantools’
     All declared Imports should be used.
Flavors: r-devel-linux-x86_64-fedora-clang, r-devel-linux-x86_64-fedora-gcc, r-release-macos-arm64, r-release-macos-x86_64, r-oldrel-macos-arm64, r-oldrel-macos-x86_64

Version: 0.1.0
Check: installed package size
Result: NOTE
     installed size is 43.2Mb
     sub-directories of 1Mb or more:
     libs 42.9Mb
Flavors: r-release-macos-arm64, r-release-macos-x86_64, r-oldrel-macos-arm64, r-oldrel-macos-x86_64, r-oldrel-windows-ix86+x86_64