CRAN Package Check Results for Package bysykkel

Last updated on 2022-05-28 13:51:16 CEST.

Flavor Version Tinstall Tcheck Ttotal Status Flags
r-devel-linux-x86_64-debian-clang 0.3.1 6.95 58.74 65.69 NOTE
r-devel-linux-x86_64-debian-gcc 0.3.1 5.16 44.99 50.15 NOTE
r-devel-linux-x86_64-fedora-clang 0.3.1 77.57 NOTE
r-devel-linux-x86_64-fedora-gcc 0.3.1 76.22 NOTE
r-devel-windows-x86_64 0.3.1 17.00 72.00 89.00 NOTE
r-patched-linux-x86_64 0.3.1 6.76 57.08 63.84 NOTE
r-release-linux-x86_64 0.3.1 6.62 55.87 62.49 NOTE
r-release-macos-arm64 0.3.1 24.00 NOTE
r-release-macos-x86_64 0.3.1 33.00 NOTE
r-release-windows-x86_64 0.3.1 23.00 72.00 95.00 NOTE
r-oldrel-macos-arm64 0.3.1 35.00 NOTE
r-oldrel-macos-x86_64 0.3.1 39.00 NOTE
r-oldrel-windows-ix86+x86_64 0.3.1 14.00 64.00 78.00 NOTE

Check Details

Version: 0.3.1
Check: LazyData
Result: NOTE
     'LazyData' is specified without a 'data' directory
Flavors: r-devel-linux-x86_64-debian-clang, r-devel-linux-x86_64-debian-gcc, r-devel-linux-x86_64-fedora-clang, r-devel-linux-x86_64-fedora-gcc, r-devel-windows-x86_64, r-patched-linux-x86_64, r-release-linux-x86_64, r-release-macos-arm64, r-release-macos-x86_64, r-release-windows-x86_64, r-oldrel-macos-arm64, r-oldrel-macos-x86_64, r-oldrel-windows-ix86+x86_64