CRAN Package Check Results for Package bysykkel

Last updated on 2020-02-20 21:47:23 CET.

Flavor Version Tinstall Tcheck Ttotal Status Flags
r-devel-linux-x86_64-debian-clang 0.2.3 5.00 37.22 42.22 OK
r-devel-linux-x86_64-debian-gcc 0.2.3 3.67 29.07 32.74 OK
r-devel-linux-x86_64-fedora-clang 0.2.3 50.63 NOTE
r-devel-linux-x86_64-fedora-gcc 0.2.3 49.49 NOTE
r-devel-windows-ix86+x86_64 0.2.3 11.00 48.00 59.00 OK
r-devel-windows-ix86+x86_64-gcc8 0.2.3 25.00 66.00 91.00 OK
r-patched-linux-x86_64 0.2.3 3.67 32.28 35.95 OK
r-patched-solaris-x86 0.2.3 75.50 NOTE
r-release-linux-x86_64 0.2.3 3.96 32.21 36.17 OK
r-release-windows-ix86+x86_64 0.2.3 9.00 48.00 57.00 OK
r-release-osx-x86_64 0.2.3 NOTE
r-oldrel-windows-ix86+x86_64 0.2.3 5.00 48.00 53.00 OK
r-oldrel-osx-x86_64 0.2.3 NOTE

Check Details

Version: 0.2.3
Check: dependencies in R code
Result: NOTE
    Namespace in Imports field not imported from: ‘magrittr’
     All declared Imports should be used.
Flavors: r-devel-linux-x86_64-fedora-clang, r-devel-linux-x86_64-fedora-gcc, r-patched-solaris-x86, r-release-osx-x86_64, r-oldrel-osx-x86_64