CRAN Package Check Results for Package bysykkel

Last updated on 2019-09-18 14:47:43 CEST.

Flavor Version Tinstall Tcheck Ttotal Status Flags
r-devel-linux-x86_64-debian-clang 0.2.3 4.37 32.67 37.04 OK
r-devel-linux-x86_64-debian-gcc 0.2.3 3.51 25.80 29.31 OK
r-devel-linux-x86_64-fedora-clang 0.2.3 46.30 NOTE
r-devel-linux-x86_64-fedora-gcc 0.2.3 43.72 NOTE
r-devel-windows-ix86+x86_64 0.2.3 18.00 48.00 66.00 OK
r-patched-linux-x86_64 0.2.3 3.67 32.02 35.69 OK
r-patched-solaris-x86 0.2.3 75.40 NOTE
r-release-linux-x86_64 0.2.3 3.88 32.36 36.24 OK
r-release-windows-ix86+x86_64 0.2.3 9.00 47.00 56.00 OK
r-release-osx-x86_64 0.2.3 NOTE
r-oldrel-windows-ix86+x86_64 0.2.3 6.00 51.00 57.00 OK
r-oldrel-osx-x86_64 0.2.3 NOTE

Check Details

Version: 0.2.3
Check: dependencies in R code
Result: NOTE
    Namespace in Imports field not imported from: ‘magrittr’
     All declared Imports should be used.
Flavors: r-devel-linux-x86_64-fedora-clang, r-devel-linux-x86_64-fedora-gcc, r-patched-solaris-x86, r-release-osx-x86_64, r-oldrel-osx-x86_64