CRAN Package Check Results for Package bytescircle

Last updated on 2018-02-24 06:47:17 CET.

Flavor Version Tinstall Tcheck Ttotal Status Flags
r-devel-linux-x86_64-debian-clang 1.1 1.63 22.12 23.75 NOTE
r-devel-linux-x86_64-debian-gcc 1.1 1.29 17.85 19.14 NOTE
r-devel-linux-x86_64-fedora-clang 1.1 29.22 NOTE
r-devel-linux-x86_64-fedora-gcc 1.1 28.17 NOTE
r-devel-windows-ix86+x86_64 1.1 8.00 57.00 65.00 OK
r-patched-linux-x86_64 1.1 1.35 23.18 24.53 NOTE
r-patched-solaris-x86 1.1 33.30 OK
r-release-linux-x86_64 1.1 1.24 23.08 24.32 NOTE
r-release-windows-ix86+x86_64 1.1 5.00 58.00 63.00 OK
r-release-osx-x86_64 1.1 OK
r-oldrel-windows-ix86+x86_64 1.1 4.00 42.00 46.00 OK
r-oldrel-osx-x86_64 1.1 OK

Check Details

Version: 1.1
Check: DESCRIPTION meta-information
Result: NOTE
    Dependence on R version ‘3.3.1’ not with patchlevel 0
Flavors: r-devel-linux-x86_64-debian-clang, r-devel-linux-x86_64-debian-gcc, r-devel-linux-x86_64-fedora-clang, r-devel-linux-x86_64-fedora-gcc

Version: 1.1
Check: compiled code
Result: NOTE
    File ‘bytescircle/libs/bytescircle.so’:
     Found no calls to: ‘R_registerRoutines’, ‘R_useDynamicSymbols’
    
    It is good practice to register native routines and to disable symbol
    search.
    
    See ‘Writing portable packages’ in the ‘Writing R Extensions’ manual.
Flavors: r-devel-linux-x86_64-debian-clang, r-devel-linux-x86_64-debian-gcc, r-devel-linux-x86_64-fedora-clang, r-devel-linux-x86_64-fedora-gcc, r-patched-linux-x86_64, r-release-linux-x86_64