CRAN Package Check Results for Package bytescircle

Last updated on 2018-11-14 18:47:44 CET.

Flavor Version Tinstall Tcheck Ttotal Status Flags
r-devel-linux-x86_64-debian-clang 1.1 1.44 23.22 24.66 OK
r-devel-linux-x86_64-debian-gcc 1.1 1.47 19.16 20.63 OK
r-devel-linux-x86_64-fedora-clang 1.1 32.36 NOTE
r-devel-linux-x86_64-fedora-gcc 1.1 30.24 NOTE
r-devel-windows-ix86+x86_64 1.1 6.00 48.00 54.00 OK
r-patched-linux-x86_64 1.1 1.67 21.37 23.04 NOTE
r-patched-solaris-x86 1.1 40.20 OK
r-release-linux-x86_64 1.1 1.75 21.38 23.13 NOTE
r-release-windows-ix86+x86_64 1.1 11.00 46.00 57.00 OK
r-release-osx-x86_64 1.1 OK
r-oldrel-windows-ix86+x86_64 1.1 9.00 46.00 55.00 OK
r-oldrel-osx-x86_64 1.1 OK

Check Details

Version: 1.1
Check: compiled code
Result: NOTE
    File ‘bytescircle/libs/bytescircle.so’:
     Found no calls to: ‘R_registerRoutines’, ‘R_useDynamicSymbols’
    
    It is good practice to register native routines and to disable symbol
    search.
    
    See ‘Writing portable packages’ in the ‘Writing R Extensions’ manual.
Flavors: r-devel-linux-x86_64-fedora-clang, r-devel-linux-x86_64-fedora-gcc

Version: 1.1
Check: DESCRIPTION meta-information
Result: NOTE
    Dependence on R version ‘3.3.1’ not with patchlevel 0
Flavors: r-patched-linux-x86_64, r-release-linux-x86_64