CRAN Package Check Results for Package bytescircle

Last updated on 2018-05-23 12:48:03 CEST.

Flavor Version Tinstall Tcheck Ttotal Status Flags
r-devel-linux-x86_64-debian-clang 1.1 1.63 23.49 25.12 NOTE
r-devel-linux-x86_64-debian-gcc 1.1 1.33 18.85 20.18 NOTE
r-devel-linux-x86_64-fedora-clang 1.1 30.20 NOTE
r-devel-linux-x86_64-fedora-gcc 1.1 29.17 NOTE
r-devel-windows-ix86+x86_64 1.1 9.00 64.00 73.00 OK
r-patched-linux-x86_64 1.1 1.78 22.93 24.71 NOTE
r-patched-solaris-x86 1.1 43.60 OK
r-release-linux-x86_64 1.1 1.58 22.74 24.32 NOTE
r-release-windows-ix86+x86_64 1.1 9.00 60.00 69.00 OK
r-release-osx-x86_64 1.1 OK
r-oldrel-windows-ix86+x86_64 1.1 12.00 42.00 54.00 OK
r-oldrel-osx-x86_64 1.1 OK

Check Details

Version: 1.1
Check: compiled code
Result: NOTE
    File ‘bytescircle/libs/bytescircle.so’:
     Found no calls to: ‘R_registerRoutines’, ‘R_useDynamicSymbols’
    
    It is good practice to register native routines and to disable symbol
    search.
    
    See ‘Writing portable packages’ in the ‘Writing R Extensions’ manual.
Flavors: r-devel-linux-x86_64-debian-clang, r-devel-linux-x86_64-debian-gcc, r-devel-linux-x86_64-fedora-clang, r-devel-linux-x86_64-fedora-gcc, r-patched-linux-x86_64, r-release-linux-x86_64

Version: 1.1
Check: DESCRIPTION meta-information
Result: NOTE
    Dependence on R version ‘3.3.1’ not with patchlevel 0
Flavors: r-patched-linux-x86_64, r-release-linux-x86_64