CRAN Package Check Results for Package bytescircle

Last updated on 2019-02-19 22:51:22 CET.

Flavor Version Tinstall Tcheck Ttotal Status Flags
r-devel-linux-x86_64-debian-clang 1.1 2.20 22.57 24.77 OK
r-devel-linux-x86_64-debian-gcc 1.1 1.64 18.59 20.23 OK
r-devel-linux-x86_64-fedora-clang 1.1 32.01 NOTE
r-devel-linux-x86_64-fedora-gcc 1.1 30.23 NOTE
r-devel-windows-ix86+x86_64 1.1 9.00 63.00 72.00 OK
r-patched-linux-x86_64 1.1 1.50 21.74 23.24 NOTE
r-patched-solaris-x86 1.1 40.60 OK
r-release-linux-x86_64 1.1 1.70 21.51 23.21 NOTE
r-release-windows-ix86+x86_64 1.1 5.00 59.00 64.00 OK
r-release-osx-x86_64 1.1 OK
r-oldrel-windows-ix86+x86_64 1.1 5.00 49.00 54.00 OK
r-oldrel-osx-x86_64 1.1 OK

Check Details

Version: 1.1
Check: compiled code
Result: NOTE
    File ‘bytescircle/libs/bytescircle.so’:
     Found no calls to: ‘R_registerRoutines’, ‘R_useDynamicSymbols’
    
    It is good practice to register native routines and to disable symbol
    search.
    
    See ‘Writing portable packages’ in the ‘Writing R Extensions’ manual.
Flavors: r-devel-linux-x86_64-fedora-clang, r-devel-linux-x86_64-fedora-gcc

Version: 1.1
Check: DESCRIPTION meta-information
Result: NOTE
    Dependence on R version ‘3.3.1’ not with patchlevel 0
Flavors: r-patched-linux-x86_64, r-release-linux-x86_64